{"id":1054,"date":"2019-03-13T15:11:37","date_gmt":"2019-03-13T15:11:37","guid":{"rendered":"http:\/\/magyar-misszio.ch\/?page_id=1054"},"modified":"2023-07-14T10:18:10","modified_gmt":"2023-07-14T10:18:10","slug":"missz-tanacs","status":"publish","type":"page","link":"https:\/\/magyar-misszio.ch\/?page_id=1054","title":{"rendered":"Missz.Tan\u00e1cs"},"content":{"rendered":"\t\t<div data-elementor-type=\"wp-page\" data-elementor-id=\"1054\" class=\"elementor elementor-1054\" data-elementor-post-type=\"page\">\n\t\t\t\t\t\t<section class=\"elementor-section elementor-top-section elementor-element elementor-element-6ccdfed elementor-section-boxed elementor-section-height-default elementor-section-height-default\" data-id=\"6ccdfed\" data-element_type=\"section\">\n\t\t\t\t\t\t<div class=\"elementor-container elementor-column-gap-default\">\n\t\t\t\t\t<div class=\"elementor-column elementor-col-100 elementor-top-column elementor-element elementor-element-2658e217\" data-id=\"2658e217\" data-element_type=\"column\">\n\t\t\t<div class=\"elementor-widget-wrap elementor-element-populated\">\n\t\t\t\t\t\t<div class=\"elementor-element elementor-element-6207d21 elementor-widget elementor-widget-text-editor\" data-id=\"6207d21\" data-element_type=\"widget\" data-widget_type=\"text-editor.default\">\n\t\t\t\t<div class=\"elementor-widget-container\">\n\t\t\t\t\t\t\t\t\t<p><span style=\"font-family: 'arial black', sans-serif; font-size: 14pt; color: #ff0000;\"><strong><img decoding=\"async\" src=\"https:\/\/magyar-misszio.ch\/wp-content\/uploads\/2018\/08\/egyutt-300x146.jpg\" alt=\"\" width=\"300\" height=\"146\" data-id=\"519\" \/><\/strong><\/span><\/p><p><strong style=\"font-size: 1.875rem; color: var( --e-global-color-text ); font-family: var( --e-global-typography-text-font-family ), Sans-serif;\"><span style=\"color: #3366ff;\">Egyh\u00e1ztan\u00e1csunk tagjai<\/span><\/strong><\/p><p><span style=\"color: #0000ff;\">A Misszi\u00f3s Tan\u00e1cs 4 \u00e9ves megb\u00edzat\u00e1sa 2026. okt.2-ig tart vagy az \u00faj tan\u00e1cs megalakul\u00e1s\u00e1ig (ha k\u00e9s\u0151bb alalkul)<\/span><\/p><table width=\"535\"><tbody><tr><td width=\"535\"><span style=\"text-decoration: underline;\">A z\u00fcrichi egyh\u00e1zk\u00f6zs\u00e9gb\u0151l (Z\u00fcrich kanton)<\/span><\/td><\/tr><tr><td width=\"535\">Bitai Attila<\/td><\/tr><tr><td width=\"535\">Fuhrmann Hanna dr.<\/td><\/tr><tr><td width=\"535\">Gedai M\u00e1ria<\/td><\/tr><tr><td width=\"535\">Golarits Gy\u00f6ngyi<\/td><\/tr><tr><td width=\"535\">Ih\u00e1sz M\u00e1ria<\/td><\/tr><tr><td width=\"535\">Kov\u00e1cs Krisztina<\/td><\/tr><tr><td width=\"535\">Mizere \u00c9va<\/td><\/tr><tr><td width=\"535\">Pilinszky Katalin<\/td><\/tr><tr><td width=\"535\">Schmelzer Zsuzsanna &#8211; deleg\u00e1lt Winterthurb\u00f3l<\/td><\/tr><tr><td width=\"535\">Szarvas Tibor dr.<\/td><\/tr><tr><td width=\"535\">T\u00f6r\u00f6k Levente<\/td><\/tr><tr><td width=\"535\">V\u00f6r\u00f6sn\u00e9 Szigeti Andrea<\/td><\/tr><tr><td>\u00a0<\/td><\/tr><tr><td width=\"535\"><span style=\"text-decoration: underline;\">Tiszteletbeli tagok<\/span><\/td><\/tr><tr><td width=\"535\">N\u00e9meti Ferenc &#8211;\u00a0deleg\u00e1lt Schaffhausenb\u0151l<\/td><\/tr><tr><td width=\"535\">P\u00f3sa T\u00edmea &#8211;\u00a0deleg\u00e1lt Frauenfeldb\u0151l<\/td><\/tr><tr><td width=\"535\">Somogyi Magdolna &#8211;\u00a0deleg\u00e1lt Schaffhausenb\u0151l<\/td><\/tr><\/tbody><\/table><p style=\"text-align: justify;\"><span style=\"color: #0000ff;\">Misszi\u00f3s Tan\u00e1csunk a pl\u00e9b\u00e1nossal egy\u00fctt szeretn\u00e9 Isten akarat\u00e1nak megfelel\u0151en \u00e9s min\u00e9l t\u00f6bb seg\u00edts\u00e9ggel a h\u00edvek k\u00f6z\u00fcl egyh\u00e1zk\u00f6zs\u00e9g\u00fcnket vezetni.<\/span><\/p><p><span style=\"color: #3366ff;\"><strong>K\u00f6z\u00f6s c\u00e9lkit\u0171z\u00e9seinket, k\u00f6z\u00f6ss\u00e9gi gondolatainkat a <span style=\"color: #ff0000;\">k\u00e9sz\u00fcl\u0151 Lelkip\u00e1sztori Terv<\/span> tartalmazza, melynek els\u0151, gondolat\u00e9breszt\u0151 \u00e9s kindul\u00f3 gondolatait az itt let\u00f6lthet\u0151 dokumentum tartalmazza (<a href=\"https:\/\/magyar-misszio.ch\/wp-content\/uploads\/2022\/11\/Lelkipasztori-tervuenkhoez-kiindulo-gondolatok-v.20221115.pdf\">verzi\u00f3 2022. nov. 15.<\/a>) <span style=\"color: #000000;\">Szeretettel fogadjuk a kedves h\u00edvek megl\u00e1t\u00e1sait is.\u00a0<\/span><\/strong><\/span><\/p><hr \/><p><span style=\"color: #ff0000;\">2022. okt.2-\u00e1n<\/span><span style=\"color: #0000ff;\">\u00a0 kezd\u0151d\u00f6tt a Misszi\u00f3s Tan\u00e1cs 4 \u00e9ves megb\u00edzat\u00e1sa:\u00a0<\/span>V\u00e1laszt\u00e1sunkhoz inform\u00e1ci\u00f3kat\u00a0<span style=\"color: #0000ff;\"><em>\u00a0\u00a0<\/em><\/span><span style=\"color: #0000ff;\"><em><a href=\"https:\/\/magyar-misszio.ch\/?page_id=523\" target=\"_blank\" rel=\"noopener noreferrer\">ide kattintva&#8230;<\/a>..<\/em><\/span>tal\u00e1lunk.<\/p><p><span style=\"color: #0000ff; text-align: justify; font-family: var( --e-global-typography-text-font-family ), Sans-serif; font-weight: var( --e-global-typography-text-font-weight ); font-size: 1rem;\"><br \/>Hogy is mondj\u00e1k a jezsuit\u00e1k? \u201eAd maioren Dei gloriam (AMDG)= Isten nagyobb dics\u0151s\u00e9g\u00e9re!\u201d<\/span><\/p><p style=\"text-align: justify;\"><span style=\"color: #0000ff;\">Legfontosabb alapelv\u00fcnk, hogy munkacsoportokra oszlunk, \u00e9s mindegyik munkacsoportba v\u00e1rjuk a h\u00edveket. Nagyon sok feladat van, \u00e9s nagyon sok ember \u00f6sszefog\u00e1s\u00e1ra van ahhoz sz\u00fcks\u00e9g, hogy egy otthonias, szeretettelje<\/span>s <span style=\"color: #0000ff;\">l\u00e9gk\u00f6r\u0171 k\u00f6z\u00f6ss\u00e9g\u00fcnk legyen. Ha csak egy kis dologgal is seg\u00edt valaki az \u00e9v folyam\u00e1n, m\u00e1ris minannyiunknak jobb lesz. <\/span><\/p><p style=\"text-align: justify;\"><span style=\"color: #0000ff;\"><em>Milyen munkacsoportokat tudtunk megval\u00f3s\u00edtani? Karit\u00e1sz, k\u00f6z\u00f6ss\u00e9gi+misszi\u00f3s (m\u00e9g egy\u00fctt), gazdas\u00e1gi, lelkip\u00e1sztori (sz\u0171k csapat) f\u00e9lig-meddig a m\u00e9dia m.csop.<br \/>Milyen terveink voltak, vannak, az a v\u00e1laszt\u00e1si oldalon r\u00e9szletesen olvashatjuk:\u00a0 <\/em><\/span><span style=\"color: #0000ff;\"><em><a href=\"https:\/\/magyar-misszio.ch\/?page_id=523\" target=\"_blank\" rel=\"noopener noreferrer\">ide kattintva&#8230;<\/a>..<\/em><\/span><\/p><p style=\"text-align: justify;\"><span style=\"color: #0000ff;\"><img decoding=\"async\" src=\"https:\/\/magyar-misszio.ch\/wp-content\/uploads\/2019\/03\/kar.zh_-150x150.jpg\" alt=\"\" width=\"90\" height=\"90\" data-id=\"1055\" \/>\u00cdzel\u00edt\u0151 karit\u00e1sz-munkacsoportunk munk\u00e1j\u00e1b\u00f3l: <a href=\"https:\/\/magyar-misszio.ch\/?page_id=728\" target=\"_blank\" rel=\"noopener noreferrer\">vet\u00edt\u00edt\u00e9s itt&#8230;<\/a>, vagy l\u00e1sd<a href=\"https:\/\/magyar-misszio.ch\/?page_id=783\"> a karit\u00e1sz oldalt itt&#8230;<\/a><\/span><\/p><p style=\"text-align: justify;\"><span style=\"color: #0000ff;\"><img decoding=\"async\" src=\"https:\/\/magyar-misszio.ch\/wp-content\/uploads\/2019\/03\/kozi.jpg-150x150.jpg\" alt=\"\" width=\"79\" height=\"79\" data-id=\"1060\" \/>\u00cdzel\u00edt\u0151 a k\u00f6z\u00f6ss\u00e9gi+misszi\u00f3s munkacsoportunk munk\u00e1j\u00e1b\u00f3l: <a href=\"https:\/\/magyar-misszio.ch\/?page_id=1057\">vet\u00edt\u00e9s itt..<\/a><\/span><\/p>\t\t\t\t\t\t\t\t<\/div>\n\t\t\t\t<\/div>\n\t\t\t\t\t<\/div>\n\t\t<\/div>\n\t\t\t\t\t<\/div>\n\t\t<\/section>\n\t\t\t\t<\/div>\n\t\t","protected":false},"excerpt":{"rendered":"<p>Egyh\u00e1ztan\u00e1csunk tagjai A Misszi\u00f3s Tan\u00e1cs 4 \u00e9ves megb\u00edzat\u00e1sa 2026. okt.2-ig tart vagy az \u00faj tan\u00e1cs megalakul\u00e1s\u00e1ig (ha k\u00e9s\u0151bb alalkul) A z\u00fcrichi egyh\u00e1zk\u00f6zs\u00e9gb\u0151l (Z\u00fcrich kanton) Bitai Attila Fuhrmann Hanna dr. Gedai M\u00e1ria Golarits Gy\u00f6ngyi Ih\u00e1sz M\u00e1ria Kov\u00e1cs Krisztina Mizere \u00c9va Pilinszky Katalin Schmelzer Zsuzsanna &#8211; deleg\u00e1lt Winterthurb\u00f3l Szarvas Tibor dr. T\u00f6r\u00f6k Levente V\u00f6r\u00f6sn\u00e9 Szigeti Andrea \u00a0 &hellip; <\/p>\n<p class=\"link-more\"><a href=\"https:\/\/magyar-misszio.ch\/?page_id=1054\" class=\"more-link\"><span class=\"screen-reader-text\">\u201eMissz.Tan\u00e1cs\u201c<\/span> weiterlesen<\/a><\/p>\n","protected":false},"author":2,"featured_media":0,"parent":0,"menu_order":0,"comment_status":"closed","ping_status":"closed","template":"","meta":{"footnotes":""},"class_list":["post-1054","page","type-page","status-publish","hentry"],"_links":{"self":[{"href":"https:\/\/magyar-misszio.ch\/index.php?rest_route=\/wp\/v2\/pages\/1054","targetHints":{"allow":["GET"]}}],"collection":[{"href":"https:\/\/magyar-misszio.ch\/index.php?rest_route=\/wp\/v2\/pages"}],"about":[{"href":"https:\/\/magyar-misszio.ch\/index.php?rest_route=\/wp\/v2\/types\/page"}],"author":[{"embeddable":true,"href":"https:\/\/magyar-misszio.ch\/index.php?rest_route=\/wp\/v2\/users\/2"}],"replies":[{"embeddable":true,"href":"https:\/\/magyar-misszio.ch\/index.php?rest_route=%2Fwp%2Fv2%2Fcomments&post=1054"}],"version-history":[{"count":21,"href":"https:\/\/magyar-misszio.ch\/index.php?rest_route=\/wp\/v2\/pages\/1054\/revisions"}],"predecessor-version":[{"id":5275,"href":"https:\/\/magyar-misszio.ch\/index.php?rest_route=\/wp\/v2\/pages\/1054\/revisions\/5275"}],"wp:attachment":[{"href":"https:\/\/magyar-misszio.ch\/index.php?rest_route=%2Fwp%2Fv2%2Fmedia&parent=1054"}],"curies":[{"name":"wp","href":"https:\/\/api.w.org\/{rel}","templated":true}]}}