{"id":1057,"date":"2019-03-13T15:34:31","date_gmt":"2019-03-13T15:34:31","guid":{"rendered":"http:\/\/magyar-misszio.ch\/?page_id=1057"},"modified":"2019-03-13T15:37:22","modified_gmt":"2019-03-13T15:37:22","slug":"koezi-mcsp","status":"publish","type":"page","link":"https:\/\/magyar-misszio.ch\/?page_id=1057","title":{"rendered":"k\u00f6zi.mcsp"},"content":{"rendered":"<p>(A vet\u00edt\u00e9s k\u00e9peit kattint\u00e1ssal lehet l\u00e1tni, el\u0151sz\u00f6r h\u00fazd az egeret a k\u00e9pre \u00e9s a nyilakkal lehet navig\u00e1lni.)<br \/>\n\r\n    <div id=\"amazingslider-wrapper-3\" style=\"display:block;position:relative;max-width:900px;margin:0px auto 56px;\">\r\n        <div id=\"amazingslider-3\" style=\"display:block;position:relative;margin:0 auto;\">\r\n            <ul class=\"amazingslider-slides\" style=\"display:none;\">\r\n                <li><img decoding=\"async\" src=\"https:\/\/magyar-misszio.ch\/wp-content\/uploads\/amazingslider\/3\/images\/Folie1.JPG\" alt=\"Folie1\" \/>\r\n                <\/li>\r\n                <li><img decoding=\"async\" src=\"https:\/\/magyar-misszio.ch\/wp-content\/uploads\/amazingslider\/3\/images\/Folie2.JPG\" alt=\"Folie2\" \/>\r\n                <\/li>\r\n                <li><img decoding=\"async\" src=\"https:\/\/magyar-misszio.ch\/wp-content\/uploads\/amazingslider\/3\/images\/Folie3.JPG\" alt=\"Folie3\" \/>\r\n                <\/li>\r\n                <li><img decoding=\"async\" src=\"https:\/\/magyar-misszio.ch\/wp-content\/uploads\/amazingslider\/3\/images\/Folie4.JPG\" alt=\"Folie4\" \/>\r\n                <\/li>\r\n                <li><img decoding=\"async\" src=\"https:\/\/magyar-misszio.ch\/wp-content\/uploads\/amazingslider\/3\/images\/Folie5.JPG\" alt=\"Folie5\" \/>\r\n                <\/li>\r\n                <li><img decoding=\"async\" src=\"https:\/\/magyar-misszio.ch\/wp-content\/uploads\/amazingslider\/3\/images\/Folie6.JPG\" alt=\"Folie6\" \/>\r\n                <\/li>\r\n                <li><img decoding=\"async\" src=\"https:\/\/magyar-misszio.ch\/wp-content\/uploads\/amazingslider\/3\/images\/Folie7.JPG\" alt=\"Folie7\" \/>\r\n                <\/li>\r\n                <li><img decoding=\"async\" src=\"https:\/\/magyar-misszio.ch\/wp-content\/uploads\/amazingslider\/3\/images\/Folie8.JPG\" alt=\"Folie8\" \/>\r\n                <\/li>\r\n            <\/ul>\r\n            <ul class=\"amazingslider-thumbnails\" style=\"display:none;\">\r\n                <li><img decoding=\"async\" src=\"https:\/\/magyar-misszio.ch\/wp-content\/uploads\/amazingslider\/3\/images\/thumbnails\/Folie1-tn.JPG\" alt=\"Folie1\" \/><\/li>\r\n                <li><img decoding=\"async\" src=\"https:\/\/magyar-misszio.ch\/wp-content\/uploads\/amazingslider\/3\/images\/thumbnails\/Folie2-tn.JPG\" alt=\"Folie2\" \/><\/li>\r\n                <li><img decoding=\"async\" src=\"https:\/\/magyar-misszio.ch\/wp-content\/uploads\/amazingslider\/3\/images\/thumbnails\/Folie3-tn.JPG\" alt=\"Folie3\" \/><\/li>\r\n                <li><img decoding=\"async\" src=\"https:\/\/magyar-misszio.ch\/wp-content\/uploads\/amazingslider\/3\/images\/thumbnails\/Folie4-tn.JPG\" alt=\"Folie4\" \/><\/li>\r\n                <li><img decoding=\"async\" src=\"https:\/\/magyar-misszio.ch\/wp-content\/uploads\/amazingslider\/3\/images\/thumbnails\/Folie5-tn.JPG\" alt=\"Folie5\" \/><\/li>\r\n                <li><img decoding=\"async\" src=\"https:\/\/magyar-misszio.ch\/wp-content\/uploads\/amazingslider\/3\/images\/thumbnails\/Folie6-tn.JPG\" alt=\"Folie6\" \/><\/li>\r\n                <li><img decoding=\"async\" src=\"https:\/\/magyar-misszio.ch\/wp-content\/uploads\/amazingslider\/3\/images\/thumbnails\/Folie7-tn.JPG\" alt=\"Folie7\" \/><\/li>\r\n                <li><img decoding=\"async\" src=\"https:\/\/magyar-misszio.ch\/wp-content\/uploads\/amazingslider\/3\/images\/thumbnails\/Folie8-tn.JPG\" alt=\"Folie8\" \/><\/li>\r\n            <\/ul>\r\n        <\/div>\r\n    <\/div>\r\n    <link rel=\"stylesheet\" type=\"text\/css\" href=\"https:\/\/magyar-misszio.ch\/wp-content\/uploads\/amazingslider\/3\/sliderengine\/amazingslider.css\">\n<script src=\"https:\/\/magyar-misszio.ch\/wp-content\/uploads\/amazingslider\/3\/sliderengine\/initslider.js\"><\/script>\n<\/p>\n","protected":false},"excerpt":{"rendered":"<p>(A vet\u00edt\u00e9s k\u00e9peit kattint\u00e1ssal lehet l\u00e1tni, el\u0151sz\u00f6r h\u00fazd az egeret a k\u00e9pre \u00e9s a nyilakkal lehet navig\u00e1lni.)<\/p>\n","protected":false},"author":2,"featured_media":0,"parent":0,"menu_order":0,"comment_status":"closed","ping_status":"closed","template":"blank-slate-template.php","meta":{"footnotes":""},"class_list":["post-1057","page","type-page","status-publish","hentry"],"_links":{"self":[{"href":"https:\/\/magyar-misszio.ch\/index.php?rest_route=\/wp\/v2\/pages\/1057","targetHints":{"allow":["GET"]}}],"collection":[{"href":"https:\/\/magyar-misszio.ch\/index.php?rest_route=\/wp\/v2\/pages"}],"about":[{"href":"https:\/\/magyar-misszio.ch\/index.php?rest_route=\/wp\/v2\/types\/page"}],"author":[{"embeddable":true,"href":"https:\/\/magyar-misszio.ch\/index.php?rest_route=\/wp\/v2\/users\/2"}],"replies":[{"embeddable":true,"href":"https:\/\/magyar-misszio.ch\/index.php?rest_route=%2Fwp%2Fv2%2Fcomments&post=1057"}],"version-history":[{"count":1,"href":"https:\/\/magyar-misszio.ch\/index.php?rest_route=\/wp\/v2\/pages\/1057\/revisions"}],"predecessor-version":[{"id":1058,"href":"https:\/\/magyar-misszio.ch\/index.php?rest_route=\/wp\/v2\/pages\/1057\/revisions\/1058"}],"wp:attachment":[{"href":"https:\/\/magyar-misszio.ch\/index.php?rest_route=%2Fwp%2Fv2%2Fmedia&parent=1057"}],"curies":[{"name":"wp","href":"https:\/\/api.w.org\/{rel}","templated":true}]}}