{"id":1279,"date":"2019-09-19T12:30:27","date_gmt":"2019-09-19T12:30:27","guid":{"rendered":"http:\/\/magyar-misszio.ch\/?page_id=1279"},"modified":"2020-04-24T15:34:21","modified_gmt":"2020-04-24T15:34:21","slug":"nek","status":"publish","type":"page","link":"https:\/\/magyar-misszio.ch\/?page_id=1279","title":{"rendered":"nek"},"content":{"rendered":"<table style=\"border-collapse: collapse; width: 100%;\">\n<tbody>\n<tr>\n<td style=\"width: 50%;\"><img decoding=\"async\" class=\"aligncenter wp-image-1281 size-full\" src=\"https:\/\/magyar-misszio.ch\/wp-content\/uploads\/2019\/09\/nek1.jpg.jpg\" alt=\"\" width=\"392\" height=\"117\" data-id=\"1281\" srcset=\"https:\/\/magyar-misszio.ch\/wp-content\/uploads\/2019\/09\/nek1.jpg.jpg 392w, https:\/\/magyar-misszio.ch\/wp-content\/uploads\/2019\/09\/nek1.jpg-300x90.jpg 300w\" sizes=\"(max-width: 392px) 100vw, 392px\" \/><\/td>\n<td style=\"width: 50%;\"><img decoding=\"async\" class=\"aligncenter wp-image-1283\" src=\"https:\/\/magyar-misszio.ch\/wp-content\/uploads\/2019\/09\/nek3.jpg.jpg\" alt=\"\" width=\"352\" height=\"117\" data-id=\"1283\" srcset=\"https:\/\/magyar-misszio.ch\/wp-content\/uploads\/2019\/09\/nek3.jpg.jpg 795w, https:\/\/magyar-misszio.ch\/wp-content\/uploads\/2019\/09\/nek3.jpg-300x100.jpg 300w, https:\/\/magyar-misszio.ch\/wp-content\/uploads\/2019\/09\/nek3.jpg-768x255.jpg 768w\" sizes=\"(max-width: 352px) 100vw, 352px\" \/><\/td>\n<\/tr>\n<\/tbody>\n<\/table>\n<p style=\"text-align: center;\"><span style=\"color: #ff0000;\"><strong><span style=\"font-size: 18pt;\"><img decoding=\"async\" class=\"aligncenter wp-image-1605 size-thumbnail\" src=\"https:\/\/magyar-misszio.ch\/wp-content\/uploads\/2020\/04\/nek2020-elmarad.jpg-150x150.jpg\" alt=\"\" width=\"150\" height=\"150\" data-id=\"1605\" srcset=\"https:\/\/magyar-misszio.ch\/wp-content\/uploads\/2020\/04\/nek2020-elmarad.jpg-150x150.jpg 150w, https:\/\/magyar-misszio.ch\/wp-content\/uploads\/2020\/04\/nek2020-elmarad.jpg-300x300.jpg 300w, https:\/\/magyar-misszio.ch\/wp-content\/uploads\/2020\/04\/nek2020-elmarad.jpg-100x100.jpg 100w, https:\/\/magyar-misszio.ch\/wp-content\/uploads\/2020\/04\/nek2020-elmarad.jpg.jpg 572w\" sizes=\"(max-width: 150px) 100vw, 150px\" \/>Sajnos min. 1 \u00e9vvel elhalaszt\u00f3dik a Kongresszus<\/span><\/strong><\/span><\/p>\n<p>https:\/\/www.magyarkurir.hu\/hirek\/vatikan-elhalasztjak-budapesti-nemzetkozi-eucharisztikus-kongresszust<\/p>\n<p style=\"text-align: justify;\">Ferenc p\u00e1pa a Nemzetk\u00f6zi Eucharisztikus Kongresszus P\u00e1pai Bizotts\u00e1g\u00e1val, valamint a katolikus vil\u00e1gesem\u00e9ny szervez\u0151ivel egyeztetve \u2013 tekintettel az eg\u00e9szs\u00e9g\u00fcgyi kr\u00edzisre \u00e9s annak k\u00f6vetkezm\u00e9nyeire \u2013 \u00fagy d\u00f6nt\u00f6tt, hogy egy \u00e9vvel elhalasztja a 2020 szeptember\u00e9re tervezett budapesti 52. Nemzetk\u00f6zi Eucharisztikus Kongresszust (NEK).<br \/>\nA Szentsz\u00e9k az utaz\u00e1si neh\u00e9zs\u00e9gek \u00e9s a gy\u00fclekez\u00e9si korl\u00e1toz\u00e1sok miatt hasonl\u00f3 d\u00f6nt\u00e9st hozott a Csal\u00e1dok Vil\u00e1gtal\u00e1lkoz\u00f3j\u00e1val kapcsolatban is, amelyet 2021 j\u00fanius\u00e1ban tartottak volna R\u00f3m\u00e1ban. A 2022-es lisszaboni ifj\u00fas\u00e1gi vil\u00e1gtal\u00e1lkoz\u00f3t is a tervezett id\u0151ponthoz k\u00e9pest egy \u00e9vvel k\u00e9s\u0151bb, 2023 augusztus\u00e1ban tartj\u00e1k meg.<br \/>\nMagyar Kur\u00edr<\/p>\n<hr \/>\n<p style=\"text-align: center;\"><span style=\"color: #ff0000;\"><strong><span style=\"font-size: 18pt;\">Kor\u00e1bbi inform\u00e1ci\u00f3k:<br \/>\n<span style=\"color: #0000ff;\">Szeretettel h\u00edvunk, zar\u00e1ndokoljunk egy \u00e9letre sz\u00f3l\u00f3 \u00e9lm\u00e9ny\u00e9rt!<\/span><\/span><\/strong><\/span><\/p>\n<p style=\"text-align: justify;\"><em><span style=\"color: #000000; font-size: 14pt;\">A &#8222;kongresszus&#8220; sz\u00f3 helyett haszn\u00e1lhatjuk ak\u00e1r a &#8222;n\u00e9p\u00fcnnep\u00e9ly&#8220; sz\u00f3t is. Kereszt\u00e9ny n\u00e9p\u00fcnk minden tagj\u00e1nak szeretne ez az alkalom hit\u00e9t, k\u00f6z\u00f6ss\u00e9gi hovatartoz\u00e1s\u00e1t meger\u0151s\u00edteni. Mai korunkban egyre nagyobb sz\u00fcks\u00e9g\u00fcnk van legnagyobb kincs\u00fcnk, J\u00e9zus jelenl\u00e9t\u00e9nek, az Euchariszti\u00e1nak (Olt\u00e1riszents\u00e9gnek) a meg\u00fcnnepl\u00e9s\u00e9re, a r\u00f3la \u00e9s vele val\u00f3 kapcsolatunk \u00e1tgondol\u00e1s\u00e1ra.A szentmise csod\u00e1j\u00e1ra, az Euchariszti\u00e1ra fel kell h\u00edvni er\u0151sen a figyelmet, ez katolikus voltunk \u00e9s \u00f6nazonoss\u00e1gunk k\u00f6zponti t\u00e9m\u00e1ja.<\/span><\/em><\/p>\n<p style=\"text-align: justify;\"><span style=\"color: #000000; font-size: 14pt;\">A Kongresszus (tov\u00e1bbiakban: NEK &#8211; r\u00f6vid\u00edt\u00e9ssel) <span style=\"color: #0000ff;\"><strong>honlap<\/strong><\/span>ja: <a style=\"color: #000000;\" href=\"http:\/\/www.iec2020.hu\" target=\"_blank\" rel=\"noopener noreferrer\">www.iec2020.hu \u00a0<\/a>(iec = International Eucharistic Congress)<\/span><\/p>\n<p style=\"text-align: justify;\"><span style=\"color: #000000; font-size: 14pt;\">A NEK <strong><span style=\"color: #0000ff;\">program<\/span><\/strong>ja itt \u00e9rhet\u0151 el: <a style=\"color: #000000;\" href=\"https:\/\/www.iec2020.hu\/hu\/program\" target=\"_blank\" rel=\"noopener noreferrer\">www.iec2020.hu\/hu\/program<\/a>\u00a0 N\u00e9h\u00e1ny r\u00e9szlet: nyit\u00f3szentmise a stadionban t\u00f6bbezer gyermek els\u0151\u00e1ldoz\u00e1s\u00e1val, szombati szentmise a Parlament el\u0151tt (Kossuth t\u00e9r), z\u00e1r\u00f3szentmise a H\u0151s\u00f6k ter\u00e9n; eg\u00e9sz h\u00e9ten a v\u00e1rosban mindenfel\u00e9 kultur\u00e1lis \u00e9s lelki programok&#8230;<\/span><\/p>\n<p style=\"text-align: justify;\"><span style=\"color: #000000; font-size: 14pt;\"><img loading=\"lazy\" decoding=\"async\" class=\"alignleft wp-image-1605 size-thumbnail\" src=\"https:\/\/magyar-misszio.ch\/wp-content\/uploads\/2020\/04\/nek2020-elmarad.jpg-150x150.jpg\" alt=\"\" width=\"150\" height=\"150\" data-id=\"1298\" srcset=\"https:\/\/magyar-misszio.ch\/wp-content\/uploads\/2020\/04\/nek2020-elmarad.jpg-150x150.jpg 150w, https:\/\/magyar-misszio.ch\/wp-content\/uploads\/2020\/04\/nek2020-elmarad.jpg-300x300.jpg 300w, https:\/\/magyar-misszio.ch\/wp-content\/uploads\/2020\/04\/nek2020-elmarad.jpg-100x100.jpg 100w, https:\/\/magyar-misszio.ch\/wp-content\/uploads\/2020\/04\/nek2020-elmarad.jpg.jpg 572w\" sizes=\"(max-width: 150px) 100vw, 150px\" \/>Jelentkezz <span style=\"color: #0000ff;\"><strong>misszi\u00f3nkn\u00e1l<\/strong><\/span>, \u00e9s mi elint\u00e9zz\u00fck a regisztr\u00e1ci\u00f3t, egy\u00e9bk\u00e9nt egy komoly regisztr\u00e1ci\u00f3s oldalt hoztak ehhez l\u00e9tre (<a style=\"color: #000000;\" href=\"https:\/\/registration-iec2020.hu\/\" target=\"_blank\" rel=\"noopener noreferrer\">regisztr\u00e1ci\u00f3s oldal itt<\/a>, <a style=\"color: #000000;\" href=\"http:\/\/tar.eucharisztikuskongresszus.com\/Adatvedelem\/HUN_Jelentkezesi_es_Reszveteli_Tajekoztato_IEC2020.pdf\">inform\u00e1ci\u00f3k itt&#8230;<\/a>). <span style=\"color: #ff0000;\"><strong>Jelentkezz<\/strong><\/span>\u00e9l emailben, sz\u00f3ban vagy honlapunkon <span style=\"color: #800080;\"><a style=\"color: #800080;\" href=\"https:\/\/docs.google.com\/forms\/d\/e\/1FAIpQLScQ7wsgzCzjw042YyXy9oic8TcuFt3g3yTzigaMYC849B2y5A\/viewform\" target=\"_blank\" rel=\"noopener noreferrer\">ide kattintva&#8230;<\/a><\/span><\/span><\/p>\n<p style=\"text-align: justify;\"><span style=\"color: #000000; font-size: 14pt;\"><span style=\"color: #ff0000;\"><strong>K\u00e9sz\u00fclj\u00fcnk egy\u00fctt!<\/strong> <\/span>Szeretn\u00e9nk elind\u00edtani a szervez\u0151k \u00e1ltal kidolgozott <strong>imakurzus<\/strong>t (el\u0151ad\u00e1sok-vide\u00f3k, besz\u00e9lget\u00e9sek, im\u00e1ds\u00e1gok), mely kb. 12 tal\u00e1lkoz\u00e1st jelent. M\u00e1r most v\u00e1rjuk erre a jelentkez\u00e9seket, \u00e9s a jelentkez\u0151kkel alak\u00edtjuk ki az id\u0151pontot (pl. k\u00e9thetente valamelyik este): <span style=\"color: #ff0000;\"><strong>Jelentkezz<\/strong><\/span>\u00e9l emailben, sz\u00f3ban vagy honlapunkon <a href=\"https:\/\/docs.google.com\/forms\/d\/1r7hQ_SRpkXErTvYyEMaeR6zZ2GPk5Dq9v6k6PqCN-uY\/viewform?edit_requested=true\" target=\"_blank\" rel=\"noopener noreferrer\"><span style=\"color: #800080;\">ide kattintva&#8230;<\/span><\/a><\/span><\/p>\n<p style=\"text-align: justify;\"><em><span style=\"font-size: 14pt; color: #0000ff;\"><span style=\"font-size: 18pt;\"><img loading=\"lazy\" decoding=\"async\" class=\"alignleft wp-image-1237 size-thumbnail\" src=\"https:\/\/magyar-misszio.ch\/wp-content\/uploads\/2019\/09\/gondolatmorzsak-150x150.jpg\" alt=\"\" width=\"150\" height=\"150\" data-id=\"1237\" srcset=\"https:\/\/magyar-misszio.ch\/wp-content\/uploads\/2019\/09\/gondolatmorzsak-150x150.jpg 150w, https:\/\/magyar-misszio.ch\/wp-content\/uploads\/2019\/09\/gondolatmorzsak-100x100.jpg 100w\" sizes=\"(max-width: 150px) 100vw, 150px\" \/>Lelki morzs\u00e1k az Euchariszti\u00e1hoz<\/span> (elm\u00e9lked\u00e9seink, h\u00edrlevelek &#8230;) l\u00e1sd <span style=\"color: #800080;\"><a style=\"color: #800080;\" href=\"https:\/\/magyar-misszio.ch\/?page_id=1303\">honlapunkon ide kattintva&#8230;\u00a0<\/a><\/span><\/span><\/em><\/p>\n","protected":false},"excerpt":{"rendered":"<p>Sajnos min. 1 \u00e9vvel elhalaszt\u00f3dik a Kongresszus https:\/\/www.magyarkurir.hu\/hirek\/vatikan-elhalasztjak-budapesti-nemzetkozi-eucharisztikus-kongresszust Ferenc p\u00e1pa a Nemzetk\u00f6zi Eucharisztikus Kongresszus P\u00e1pai Bizotts\u00e1g\u00e1val, valamint a katolikus vil\u00e1gesem\u00e9ny szervez\u0151ivel egyeztetve \u2013 tekintettel az eg\u00e9szs\u00e9g\u00fcgyi kr\u00edzisre \u00e9s annak k\u00f6vetkezm\u00e9nyeire \u2013 \u00fagy d\u00f6nt\u00f6tt, hogy egy \u00e9vvel elhalasztja a 2020 szeptember\u00e9re tervezett budapesti 52. Nemzetk\u00f6zi Eucharisztikus Kongresszust (NEK). A Szentsz\u00e9k az utaz\u00e1si neh\u00e9zs\u00e9gek \u00e9s a gy\u00fclekez\u00e9si &hellip; <\/p>\n<p class=\"link-more\"><a href=\"https:\/\/magyar-misszio.ch\/?page_id=1279\" class=\"more-link\"><span class=\"screen-reader-text\">\u201enek\u201c<\/span> weiterlesen<\/a><\/p>\n","protected":false},"author":2,"featured_media":0,"parent":0,"menu_order":0,"comment_status":"closed","ping_status":"closed","template":"","meta":{"footnotes":""},"class_list":["post-1279","page","type-page","status-publish","hentry"],"_links":{"self":[{"href":"https:\/\/magyar-misszio.ch\/index.php?rest_route=\/wp\/v2\/pages\/1279","targetHints":{"allow":["GET"]}}],"collection":[{"href":"https:\/\/magyar-misszio.ch\/index.php?rest_route=\/wp\/v2\/pages"}],"about":[{"href":"https:\/\/magyar-misszio.ch\/index.php?rest_route=\/wp\/v2\/types\/page"}],"author":[{"embeddable":true,"href":"https:\/\/magyar-misszio.ch\/index.php?rest_route=\/wp\/v2\/users\/2"}],"replies":[{"embeddable":true,"href":"https:\/\/magyar-misszio.ch\/index.php?rest_route=%2Fwp%2Fv2%2Fcomments&post=1279"}],"version-history":[{"count":22,"href":"https:\/\/magyar-misszio.ch\/index.php?rest_route=\/wp\/v2\/pages\/1279\/revisions"}],"predecessor-version":[{"id":1608,"href":"https:\/\/magyar-misszio.ch\/index.php?rest_route=\/wp\/v2\/pages\/1279\/revisions\/1608"}],"wp:attachment":[{"href":"https:\/\/magyar-misszio.ch\/index.php?rest_route=%2Fwp%2Fv2%2Fmedia&parent=1279"}],"curies":[{"name":"wp","href":"https:\/\/api.w.org\/{rel}","templated":true}]}}