{"id":14,"date":"2017-12-01T13:36:01","date_gmt":"2017-12-01T13:36:01","guid":{"rendered":"http:\/\/magyar-misszio.ch\/?page_id=14"},"modified":"2025-11-11T18:42:55","modified_gmt":"2025-11-11T18:42:55","slug":"14-2","status":"publish","type":"page","link":"https:\/\/magyar-misszio.ch\/","title":{"rendered":"szentmis\u00e9k"},"content":{"rendered":"\t\t<div data-elementor-type=\"wp-post\" data-elementor-id=\"14\" class=\"elementor elementor-14\" data-elementor-post-type=\"page\">\n\t\t\t\t\t\t<section class=\"elementor-section elementor-top-section elementor-element elementor-element-f62c4b8 elementor-section-boxed elementor-section-height-default elementor-section-height-default\" data-id=\"f62c4b8\" data-element_type=\"section\">\n\t\t\t\t\t\t<div class=\"elementor-container elementor-column-gap-default\">\n\t\t\t\t\t<div class=\"elementor-column elementor-col-100 elementor-top-column elementor-element elementor-element-87d1606\" data-id=\"87d1606\" data-element_type=\"column\">\n\t\t\t<div class=\"elementor-widget-wrap elementor-element-populated\">\n\t\t\t\t\t\t<div class=\"elementor-element elementor-element-244fcea elementor-widget elementor-widget-text-editor\" data-id=\"244fcea\" data-element_type=\"widget\" data-widget_type=\"text-editor.default\">\n\t\t\t\t<div class=\"elementor-widget-container\">\n\t\t\t\t\t\t\t\t\t<p><span style=\"font-size: 18pt;\"><span style=\"color: #0000ff;\"><strong>Mikor lesz a k\u00f6vetkez\u0151 szentmise \u00e9s hol?<br \/>Az aktu\u00e1lis id\u0151pontokhoz kattintsunk a k\u00e9pre!:<\/strong><\/span><\/span><\/p><p><a href=\"https:\/\/www.forum-magazin.ch\/magyar-misszio\/agenda\/\" target=\"_blank\" rel=\"noopener\"><img fetchpriority=\"high\" decoding=\"async\" class=\"aligncenter wp-image-6990 size-large\" src=\"https:\/\/magyar-misszio.ch\/wp-content\/uploads\/forum.ch_.jpg-1024x654.jpg\" alt=\"\" width=\"525\" height=\"335\" data-id=\"6990\" srcset=\"https:\/\/magyar-misszio.ch\/wp-content\/uploads\/forum.ch_.jpg-1024x654.jpg 1024w, https:\/\/magyar-misszio.ch\/wp-content\/uploads\/forum.ch_.jpg-300x192.jpg 300w, https:\/\/magyar-misszio.ch\/wp-content\/uploads\/forum.ch_.jpg-768x490.jpg 768w, https:\/\/magyar-misszio.ch\/wp-content\/uploads\/forum.ch_.jpg-1536x981.jpg 1536w, https:\/\/magyar-misszio.ch\/wp-content\/uploads\/forum.ch_.jpg-2048x1307.jpg 2048w\" sizes=\"(max-width: 525px) 100vw, 525px\" \/><\/a><\/p><p><span style=\"font-size: 18pt;\">A kiv\u00e9telek megjelennek <span style=\"text-decoration: underline;\"><a href=\"https:\/\/magyar-misszio.ch\/?page_id=4532\" target=\"_blank\" rel=\"noopener\">h\u00edrleveleinkben<\/a><\/span> is, vagy iratkozzon fel a megfelel\u0151 v\u00e1ros szentmis\u00e9j\u00e9hez tartoz\u00f3 <a href=\"https:\/\/magyar-misszio.ch\/?page_id=101\" target=\"_blank\" rel=\"noopener\"><span style=\"text-decoration: underline;\">email-h\u00edrlev\u00e9lre<\/span><\/a> (ld. h\u00edrlev\u00e9l-men\u00fcpont).<\/span><\/p><p><span style=\"font-size: 18pt;\">A szentmis\u00e9k helysz\u00edneihez, <span style=\"text-decoration: underline;\"><a href=\"https:\/\/magyar-misszio.ch\/?page_id=1820\" target=\"_blank\" rel=\"noopener\">t\u00e9rk\u00e9pekhez kattints ide&#8230;<\/a><\/span><\/span><\/p><h1 style=\"text-align: center;\"><strong><span style=\"color: #ff0000;\">\u00c1LTAL\u00c1NOS ID\u0150PONTOK<\/span><\/strong><\/h1>\t\t\t\t\t\t\t\t<\/div>\n\t\t\t\t<\/div>\n\t\t\t\t<div class=\"elementor-element elementor-element-42ea08f elementor-widget elementor-widget-shortcode\" data-id=\"42ea08f\" data-element_type=\"widget\" data-widget_type=\"shortcode.default\">\n\t\t\t\t<div class=\"elementor-widget-container\">\n\t\t\t\t\t\t\t<div class=\"elementor-shortcode\"><div id=\"image-map-pro-5361\"><\/div><\/div>\n\t\t\t\t\t\t<\/div>\n\t\t\t\t<\/div>\n\t\t\t\t<div class=\"elementor-element elementor-element-3f79cf3 elementor-widget elementor-widget-shortcode\" data-id=\"3f79cf3\" data-element_type=\"widget\" data-widget_type=\"shortcode.default\">\n\t\t\t\t<div class=\"elementor-widget-container\">\n\t\t\t\t\t\t\t<div class=\"elementor-shortcode\"><div id=\"image-map-pro-5361\"><\/div><\/div>\n\t\t\t\t\t\t<\/div>\n\t\t\t\t<\/div>\n\t\t\t\t\t<\/div>\n\t\t<\/div>\n\t\t\t\t\t<\/div>\n\t\t<\/section>\n\t\t\t\t<\/div>\n\t\t","protected":false},"excerpt":{"rendered":"<p>Mikor lesz a k\u00f6vetkez\u0151 szentmise \u00e9s hol?Az aktu\u00e1lis id\u0151pontokhoz kattintsunk a k\u00e9pre!: A kiv\u00e9telek megjelennek h\u00edrleveleinkben is, vagy iratkozzon fel a megfelel\u0151 v\u00e1ros szentmis\u00e9j\u00e9hez tartoz\u00f3 email-h\u00edrlev\u00e9lre (ld. h\u00edrlev\u00e9l-men\u00fcpont). A szentmis\u00e9k helysz\u00edneihez, t\u00e9rk\u00e9pekhez kattints ide&#8230; \u00c1LTAL\u00c1NOS ID\u0150PONTOK<\/p>\n","protected":false},"author":1,"featured_media":0,"parent":0,"menu_order":0,"comment_status":"closed","ping_status":"closed","template":"","meta":{"footnotes":""},"class_list":["post-14","page","type-page","status-publish","hentry"],"_links":{"self":[{"href":"https:\/\/magyar-misszio.ch\/index.php?rest_route=\/wp\/v2\/pages\/14","targetHints":{"allow":["GET"]}}],"collection":[{"href":"https:\/\/magyar-misszio.ch\/index.php?rest_route=\/wp\/v2\/pages"}],"about":[{"href":"https:\/\/magyar-misszio.ch\/index.php?rest_route=\/wp\/v2\/types\/page"}],"author":[{"embeddable":true,"href":"https:\/\/magyar-misszio.ch\/index.php?rest_route=\/wp\/v2\/users\/1"}],"replies":[{"embeddable":true,"href":"https:\/\/magyar-misszio.ch\/index.php?rest_route=%2Fwp%2Fv2%2Fcomments&post=14"}],"version-history":[{"count":63,"href":"https:\/\/magyar-misszio.ch\/index.php?rest_route=\/wp\/v2\/pages\/14\/revisions"}],"predecessor-version":[{"id":7005,"href":"https:\/\/magyar-misszio.ch\/index.php?rest_route=\/wp\/v2\/pages\/14\/revisions\/7005"}],"wp:attachment":[{"href":"https:\/\/magyar-misszio.ch\/index.php?rest_route=%2Fwp%2Fv2%2Fmedia&parent=14"}],"curies":[{"name":"wp","href":"https:\/\/api.w.org\/{rel}","templated":true}]}}