{"id":2146,"date":"2020-09-11T16:32:53","date_gmt":"2020-09-11T16:32:53","guid":{"rendered":"http:\/\/magyar-misszio.ch\/?page_id=2146"},"modified":"2021-05-19T15:14:19","modified_gmt":"2021-05-19T15:14:19","slug":"56-os-kereszt","status":"publish","type":"page","link":"https:\/\/magyar-misszio.ch\/?page_id=2146","title":{"rendered":"56-os kereszt"},"content":{"rendered":"<p><span style=\"color: #900cf5; font-size: 14pt;\"><strong><img decoding=\"async\" class=\"wp-image-2141 alignleft\" src=\"https:\/\/magyar-misszio.ch\/wp-content\/uploads\/2020\/09\/56kereszt.jpg-278x300.jpg\" alt=\"\" width=\"178\" height=\"192\" data-id=\"2141\" srcset=\"https:\/\/magyar-misszio.ch\/wp-content\/uploads\/2020\/09\/56kereszt.jpg-278x300.jpg 278w, https:\/\/magyar-misszio.ch\/wp-content\/uploads\/2020\/09\/56kereszt.jpg-768x829.jpg 768w, https:\/\/magyar-misszio.ch\/wp-content\/uploads\/2020\/09\/56kereszt.jpg.jpg 778w\" sizes=\"(max-width: 178px) 100vw, 178px\" \/>1956-os eml\u00e9kkereszt<\/strong><\/span><\/p>\n<p style=\"text-align: right;\"><span style=\"font-size: 8pt;\">(<a href=\"https:\/\/magyar-misszio.ch\/wp-content\/uploads\/2020\/09\/2006-Artikel.pdf\" target=\"_blank\" rel=\"noopener noreferrer\">forr\u00e1scikk<\/a>: Der stille Zeuge kam zur\u00fcck, 2006. nov. 3, Neue Ob-\/Nidwalden Zeutung)<\/span><\/p>\n<p style=\"text-align: justify;\"><span style=\"font-size: 1rem;\">1956. nov. 18-\u00e1n \u00e1ll\u00edtott\u00e1k ezt az eml\u00e9kkeresztet sv\u00e1jci fiatalok (Jungwacht, hasonl\u00f3 a cserk\u00e9szethez) a magyar szabads\u00e1gharc eml\u00e9k\u00e9re. El\u0151z\u0151 napon Luzernb\u0151l indult el a kereszttel a t\u00f6bb mint 400 r\u00e9sztvev\u0151s zar\u00e1ndoklat a hideg novemberi \u00e9jszak\u00e1n a kereszt hely\u00e9re, Fl\u00fceli-Ranftba. \u00c9jszakai szentmis\u00e9vel kezd\u0151d\u00f6tt a zar\u00e1ndoklat \u00e9s hajnali istentisztelettel z\u00e1rult a kereszt\u00a0megszentel\u00e9s\u00e9vel. A kereszten l\u00e9v\u0151 felirat ford\u00edt\u00e1sa: \u201eA magyar h\u0151s\u00f6knek \u2013 A sv\u00e1jci Jungwacht \u2013 1956. november\u201d.<\/span><\/p>\n<p style=\"text-align: justify;\">Besz\u00e9des tan\u00fa ez a kereszt m\u00e9g ma is arra, hogy az elbukott magyar szabads\u00e1gharc milyen egy\u00fctt\u00e9rz\u00e9st \u00e9s seg\u00edt\u0151k\u00e9szs\u00e9get v\u00e1ltott ki a sv\u00e1jci emberekb\u0151l. A mor\u00e1lis \u00e9s vall\u00e1si \u00f6sszefog\u00e1sokon t\u00fal a kantonok, telep\u00fcl\u00e9sek, egyes\u00fcletek ahogy tudtak, seg\u00edtettek.<\/p>\n<p style=\"padding-left: 40px; text-align: justify;\">(A forr\u00e1s-cikken k\u00edv\u00fcli kieg\u00e9sz\u00edt\u00e9s:) T\u00f6bb mint 13 ezer magyar menek\u00fclt \u00e9rkezett a k\u00f6vetkez\u0151 \u00e9v nyar\u00e1ig Sv\u00e1jcba, j\u00f3llehet el\u0151sz\u00f6r 2 ezer f\u0151t akartak csak befogadni. A szabads\u00e1gharcos menek\u00fcltek jelent\u0151s r\u00e9sze Z\u00fcrich k\u00f6rny\u00e9k\u00e9re ker\u00fclt. Sok sz\u00fcl\u0151k n\u00e9lk\u00fcl \u00e9rkez\u0151 fiatalt itteni sv\u00e1jci csal\u00e1dok fogadtak be ak\u00e1r \u00e9vekre. Mindezek\u00e9rt a magyars\u00e1g mindig h\u00e1l\u00e1s kell, hogy maradjon. (ld. pl. www.academia.edu oldal\u00e1r\u00f3l let\u00f6lthet\u0151 \u201eAz 1956-os magyar menek\u00fcltek sv\u00e1jci befogad\u00e1sa c. dokumentumot).<\/p>\n<p style=\"text-align: justify;\">A k\u00fcl\u00f6nb\u00f6z\u0151 felekezetek sz\u00e1mtalan istentiszteletet aj\u00e1nlottak fel a<span style=\"font-size: 1rem;\"><img decoding=\"async\" class=\" wp-image-2144 alignright\" src=\"https:\/\/magyar-misszio.ch\/wp-content\/uploads\/2020\/09\/terkep2006zar-210x300.jpg\" alt=\"\" width=\"164\" height=\"234\" data-id=\"2144\" srcset=\"https:\/\/magyar-misszio.ch\/wp-content\/uploads\/2020\/09\/terkep2006zar-210x300.jpg 210w, https:\/\/magyar-misszio.ch\/wp-content\/uploads\/2020\/09\/terkep2006zar.jpg 403w\" sizes=\"(max-width: 164px) 100vw, 164px\" \/><\/span> bajbajutott magyarok\u00e9rt \u00e9s t\u00f6bb zar\u00e1ndoklat is volt. A fent eml\u00edtett kereszt\u00e1ll\u00edt\u00e1s el\u0151tt p\u00e9ld\u00e1ul egy h\u00e9ttel mintegy 70 csoport zar\u00e1ndokolt B\u00e1zelb\u0151l Fl\u00fceli-Ranftba, hogy a sv\u00e1jci nemzeti szent, Bruder Klaus k\u00f6zbenj\u00e1r\u00e1s\u00e1t k\u00e9rj\u00e9k \u201ea vesz\u00e9lyeztetett vil\u00e1gb\u00e9k\u00e9\u00e9rt\u201d. A f\u0151szervez\u0151 a Jungwacht vezet\u0151je, Meinrad Hengartner volt, aki k\u00e9s\u0151bb a Fastenopfer sv\u00e1jci megalap\u00edt\u00f3ja is lett, mely a mai napig a legfontosabb nagyb\u00f6jti \u00f6sszefog\u00e1sa a sv\u00e1jci kereszt\u00e9ny egyh\u00e1zaknak.<\/p>\n<p style=\"text-align: justify;\">Ez a kereszt az\u00f3ta is fontos jelk\u00e9p az itteni magyars\u00e1g sz\u00e1m\u00e1ra. Ma m\u00e1r nagyon rossz \u00e1llapotban van, \u00e9s ez\u00e9rt a megment\u00e9se \u00e9rdek\u00e9ben szeretn\u00e9nk \u00f6sszefogni a (z\u00fcrichi) magyar szervezetekkel \u00e9s a helyi pl\u00e9b\u00e1ni\u00e1val, mint tulajdonossal.<\/p>\n<p>2020. szeptember\u00e9ben<\/p>\n<p style=\"text-align: right;\"><em>Varga P\u00e9ter pl\u00e9b\u00e1nos, Z\u00fcrichi Magyar Katolikus Misszi\u00f3<\/em><br \/>\n<em>Az \u00f6sszefog\u00e1s koordin\u00e1tora: Golarits Gy\u00f6ngyi<\/em><\/p>\n<p><span style=\"color: #ff0000;\"><strong>2021. p\u00fcnk\u00f6sdh\u00e9tf\u0151j\u00e9n meg\u00e1ldjuk az \u00faj keresztet, az ehhez k\u00e9sz\u00fclt oldal (inform\u00e1ci\u00f3k, f\u00fczet, k\u00e9pek &#8230;.) <a href=\"https:\/\/magyar-misszio.ch\/?page_id=2935\" target=\"_blank\" rel=\"noopener\">ide kattintva el\u00e9rhet\u0151.<\/a><\/strong><\/span><\/p>\n<p>&nbsp;<\/p>\n<p><iframe src=\"https:\/\/www.youtube.com\/embed\/VGlKQcRVnFI\" width=\"560\" height=\"315\" frameborder=\"0\" allowfullscreen=\"allowfullscreen\"><\/iframe><\/p>\n<p style=\"text-align: center;\"><span style=\"color: #3366ff;\">A besz\u00e1mol\u00f3t, \u00f6sszefog\u00e1st folytatni k\u00edv\u00e1njuk<\/span><\/p>\n","protected":false},"excerpt":{"rendered":"<p>1956-os eml\u00e9kkereszt (forr\u00e1scikk: Der stille Zeuge kam zur\u00fcck, 2006. nov. 3, Neue Ob-\/Nidwalden Zeutung) 1956. nov. 18-\u00e1n \u00e1ll\u00edtott\u00e1k ezt az eml\u00e9kkeresztet sv\u00e1jci fiatalok (Jungwacht, hasonl\u00f3 a cserk\u00e9szethez) a magyar szabads\u00e1gharc eml\u00e9k\u00e9re. El\u0151z\u0151 napon Luzernb\u0151l indult el a kereszttel a t\u00f6bb mint 400 r\u00e9sztvev\u0151s zar\u00e1ndoklat a hideg novemberi \u00e9jszak\u00e1n a kereszt hely\u00e9re, Fl\u00fceli-Ranftba. \u00c9jszakai szentmis\u00e9vel kezd\u0151d\u00f6tt &hellip; <\/p>\n<p class=\"link-more\"><a href=\"https:\/\/magyar-misszio.ch\/?page_id=2146\" class=\"more-link\"><span class=\"screen-reader-text\">\u201e56-os kereszt\u201c<\/span> weiterlesen<\/a><\/p>\n","protected":false},"author":2,"featured_media":0,"parent":0,"menu_order":0,"comment_status":"closed","ping_status":"closed","template":"","meta":{"footnotes":""},"class_list":["post-2146","page","type-page","status-publish","hentry"],"_links":{"self":[{"href":"https:\/\/magyar-misszio.ch\/index.php?rest_route=\/wp\/v2\/pages\/2146","targetHints":{"allow":["GET"]}}],"collection":[{"href":"https:\/\/magyar-misszio.ch\/index.php?rest_route=\/wp\/v2\/pages"}],"about":[{"href":"https:\/\/magyar-misszio.ch\/index.php?rest_route=\/wp\/v2\/types\/page"}],"author":[{"embeddable":true,"href":"https:\/\/magyar-misszio.ch\/index.php?rest_route=\/wp\/v2\/users\/2"}],"replies":[{"embeddable":true,"href":"https:\/\/magyar-misszio.ch\/index.php?rest_route=%2Fwp%2Fv2%2Fcomments&post=2146"}],"version-history":[{"count":6,"href":"https:\/\/magyar-misszio.ch\/index.php?rest_route=\/wp\/v2\/pages\/2146\/revisions"}],"predecessor-version":[{"id":3052,"href":"https:\/\/magyar-misszio.ch\/index.php?rest_route=\/wp\/v2\/pages\/2146\/revisions\/3052"}],"wp:attachment":[{"href":"https:\/\/magyar-misszio.ch\/index.php?rest_route=%2Fwp%2Fv2%2Fmedia&parent=2146"}],"curies":[{"name":"wp","href":"https:\/\/api.w.org\/{rel}","templated":true}]}}