{"id":2560,"date":"2020-12-24T17:55:59","date_gmt":"2020-12-24T17:55:59","guid":{"rendered":"http:\/\/magyar-misszio.ch\/?page_id=2560"},"modified":"2020-12-24T17:59:38","modified_gmt":"2020-12-24T17:59:38","slug":"csillag","status":"publish","type":"page","link":"https:\/\/magyar-misszio.ch\/?page_id=2560","title":{"rendered":"csillag"},"content":{"rendered":"<p style=\"text-align: center;\"><span style=\"font-size: 18pt;\"><strong><span style=\"color: #0000ff;\">Te \u00e9s a betlehemi csillag<\/span><\/strong><\/span><\/p>\n<table style=\"border-collapse: collapse; width: 100%;\">\n<tbody>\n<tr>\n<td style=\"width: 33.3333%;\"><a href=\"https:\/\/magyar-misszio.ch\/wp-content\/uploads\/2020\/12\/IMG_0262.jpg\" target=\"_blank\" rel=\"noopener\"><img decoding=\"async\" class=\"aligncenter wp-image-2561 size-thumbnail\" src=\"https:\/\/magyar-misszio.ch\/wp-content\/uploads\/2020\/12\/IMG_0262-150x150.jpg\" alt=\"\" width=\"150\" height=\"150\" data-id=\"2561\" srcset=\"https:\/\/magyar-misszio.ch\/wp-content\/uploads\/2020\/12\/IMG_0262-150x150.jpg 150w, https:\/\/magyar-misszio.ch\/wp-content\/uploads\/2020\/12\/IMG_0262-100x100.jpg 100w\" sizes=\"(max-width: 150px) 100vw, 150px\" \/><\/a><\/td>\n<td style=\"width: 33.3333%; text-align: center;\"><a href=\"https:\/\/magyar-misszio.ch\/wp-content\/uploads\/2020\/12\/IMG_0263.jpg\" target=\"_blank\" rel=\"noopener\"><img decoding=\"async\" class=\"aligncenter wp-image-2562 size-thumbnail\" src=\"https:\/\/magyar-misszio.ch\/wp-content\/uploads\/2020\/12\/IMG_0263-150x150.jpg\" alt=\"\" width=\"150\" height=\"150\" data-id=\"2562\" srcset=\"https:\/\/magyar-misszio.ch\/wp-content\/uploads\/2020\/12\/IMG_0263-150x150.jpg 150w, https:\/\/magyar-misszio.ch\/wp-content\/uploads\/2020\/12\/IMG_0263-1210x1200.jpg 1210w, https:\/\/magyar-misszio.ch\/wp-content\/uploads\/2020\/12\/IMG_0263-100x100.jpg 100w\" sizes=\"(max-width: 150px) 100vw, 150px\" \/><\/a><\/td>\n<td style=\"width: 33.3333%; text-align: center;\"><a href=\"https:\/\/magyar-misszio.ch\/wp-content\/uploads\/2020\/12\/IMG_0264.jpg\" target=\"_blank\" rel=\"noopener\"><img decoding=\"async\" class=\"aligncenter wp-image-2563 size-thumbnail\" src=\"https:\/\/magyar-misszio.ch\/wp-content\/uploads\/2020\/12\/IMG_0264-150x150.jpg\" alt=\"\" width=\"150\" height=\"150\" data-id=\"2563\" srcset=\"https:\/\/magyar-misszio.ch\/wp-content\/uploads\/2020\/12\/IMG_0264-150x150.jpg 150w, https:\/\/magyar-misszio.ch\/wp-content\/uploads\/2020\/12\/IMG_0264-100x100.jpg 100w\" sizes=\"(max-width: 150px) 100vw, 150px\" \/><\/a><\/td>\n<\/tr>\n<tr>\n<td style=\"width: 99.9999%; text-align: center;\" colspan=\"3\"><em>nagy\u00edt\u00e1shoz kattints a k\u00e9pekre<\/em><\/td>\n<\/tr>\n<\/tbody>\n<\/table>\n<p style=\"text-align: justify;\">Nyitott teh\u00e1t a sz\u00edved, Istent-keres\u0151? A h\u00e1rom b\u00f6lcs (kir\u00e1ly) ilyen volt, m\u00e1sk\u00fcl\u00f6nben nem tulajdon\u00edtottak volna semmi jelent\u0151s\u00e9get a \u201ebetlehemi\u201d csillagnak. L\u00e1tod a mell\u00e9kelt f\u00e9nyk\u00e9peket? B\u00f6jte Csaba atya \u00e9s k\u00f6rnyezete sok f\u00e9nyk\u00e9pet k\u00e9sz\u00edtett a h\u00e9tf\u0151i k\u00fcl\u00f6nleges esem\u00e9nyr\u0151l (\u00e9s \u00edgy \u0151 k\u00fcldte ezeket a k\u00e9peket). Sokfel\u00e9 nem l\u00e1thatt\u00e1k ezt a jelens\u00e9get, ahol felh\u0151s volt az \u00e9g. Elm\u00falt vas\u00e1rnap \u00edgy adtam r\u00f3la emailes list\u00e1nkon h\u00edrt:<\/p>\n<p style=\"padding-left: 40px;\"><em>Most vagy 60 \u00e9v m\u00falva l\u00e1thatod a betlehemi csillagot! <strong>800 \u00e9v ut\u00e1n el\u0151sz\u00f6r l\u00e1thatjuk a betlehemi csillagot kar\u00e1csonykor<\/strong>\u00a0\u2013 c\u00edmmel n\u00e9zd meg a kis vide\u00f3filmet a l\u00e1tnival\u00f3k men\u00fcpontn\u00e1l (vagy\u00a0<a href=\"https:\/\/listamester.hu\/lmui\/faces\/mails\/Link.jsp?m=28pmzm6lu0rwglba&amp;l=szze083jnzpol7\">katt ide\u2026)<\/a><\/em><\/p>\n<p style=\"text-align: justify;\">Most arra h\u00edvlak, hogy egy kicsit gondolkozzunk el ezen a jelens\u00e9gen, ami most is (2020. dec.21-\u00e9n) t\u00f6rt\u00e9nt, \u00e9s a 2000 \u00e9vvel ezel\u0151tti jelens\u00e9gen\u2026<\/p>\n<p style=\"text-align: justify;\">Ez a jelens\u00e9g egy csillag\u00e1szati jelens\u00e9g: a Szaturnusz \u00e9s a Jupiter bolyg\u00f3k egy\u00fctt\u00e1ll\u00e1sa, egy\u00fctt l\u00e1tjuk a k\u00e9t am\u00fagy is f\u00e9nyes csillagot, amelyek egy\u00fctt m\u00e9g f\u00e9nyesebbek. De ha ez megmagyar\u00e1zhat\u00f3 term\u00e9szeti jelens\u00e9g, akkor mi\u00e9rt nevezz\u00fck betlehemi csillagnak? Mi\u00e9rt tartott\u00e1k Isten jel\u00e9nek ezt a b\u00f6lcsek (h\u00e1rom kir\u00e1lyok)?<br \/>\nIstennek nem kell felt\u00e9tlen\u00fcl a saj\u00e1t maga \u00e1ltal \u00edrt fizikai t\u00f6rv\u00e9nyeket \u00e1tl\u00e9pnie, hogy \u00fczenjen. Sokszor egyszer\u0171 jeleket haszn\u00e1l fel, hogy sz\u00f3ljon hozz\u00e1nk. Ezt ismert\u00e9k fel a b\u00f6lcsek. Mivel a Jupiter az uralkod\u00f3k csillaga, a Szaturnusz pedig a zsid\u00f3 n\u00e9p csillaga, ez\u00e9rt tudt\u00e1k: megsz\u00fcletett a zsid\u00f3k kir\u00e1lya. \u00c9s m\u00e1r nagyon v\u00e1rtak Istent\u0151l egy igazi uralkod\u00f3t, \u0151t pedig m\u00e9g a csillagok is hirdetik. A b\u00f6lcsek az\u00e9rt tudt\u00e1k felismerni a jelet, mert v\u00e1rt\u00e1k Isten jel\u00e9t. Nyitottak voltak \u00e9s keres\u0151k.<br \/>\nMa m\u00e1r persze nem kell betlehemi csillagnak nevezni, ami h\u00e9tf\u0151n t\u00f6rt\u00e9nt (2020. dec.21.), mivel ma nem \u00fczent Isten ilyesmit ezen term\u00e9szeti jelens\u00e9g \u00e1ltal.<br \/>\n\u00c9rdekess\u00e9g m\u00e9g: \u00e9ppen emiatt tudjuk (nagyon val\u00f3sz\u00edn\u0171s\u00edtj\u00fck), hogy J\u00e9zus ezen \u00e9gi jelens\u00e9g alatt, vagy i.e.7-ben sz\u00fcletett. (A k\u00f6z\u00e9pkorban nem siker\u00fclt pontosan az id\u0151sz\u00e1m\u00edt\u00e1s kezdet\u00e9t J\u00e9zus sz\u00fclet\u00e9s\u00e9re rakni\u2026)<\/p>\n<p>\u00c9s m\u00e9g egy kis lelki gondolat B\u00f6jte Csab\u00e1b\u00f3l:<\/p>\n<p style=\"text-align: justify;\"><em>\u201eSzerintem a nagy k\u00e9rd\u00e9s nem az, hogy a napkeleti b\u00f6lcsek mit l\u00e1ttak, hanem az, hogy mi adott nekik er\u0151t, hogy \u00fatra keljenek \u00e9s minden neh\u00e9zs\u00e9get v\u00e1llalva megkeress\u00e9k a gyermek J\u00e9zust azt a szem\u00e9lyt, aki \u00e9let\u00fcknek c\u00e9lt, \u00f6r\u00f6k \u00e9rtelmet adott! \u0150k l\u00e1ttak valamit, majd hoztak egy d\u00f6nt\u00e9st, fel\u00e1lltak, \u00e9s elindultak, megkerest\u00e9k, megtal\u00e1lt\u00e1k, aj\u00e1nd\u00e9kokkal kedveskedtek, szeretet\u00fcket, h\u00f3dolatukat kifejezt\u00e9k J\u00e9zus Krisztus ir\u00e1nt!\u00a0<\/em><br \/>\n<em>Sz\u00e1munkra sem az a k\u00e9rd\u00e9s, hogy mit l\u00e1tunk, hanem az, hogy mer\u00fcnk-e, tudunk-e d\u00f6nt\u00e9st hozni, talpra \u00e1llni, \u00fatra kelni, hogy megkeress\u00fck azt mi \u00e9rtelmet ad a l\u00e9t\u00fcnknek, hogy megtal\u00e1ljuk, \u00e9s szeretettel \u00e1t\u00f6lelj\u00fck a vil\u00e1g Megv\u00e1lt\u00f3j\u00e1t, J\u00e9zus Krisztust?!\u201d<\/em><\/p>\n<p>Ezt k\u00edv\u00e1nom teh\u00e1t neked szeretettel.<\/p>\n<p>P\u00e9ter atya<\/p>\n","protected":false},"excerpt":{"rendered":"<p>Te \u00e9s a betlehemi csillag nagy\u00edt\u00e1shoz kattints a k\u00e9pekre Nyitott teh\u00e1t a sz\u00edved, Istent-keres\u0151? A h\u00e1rom b\u00f6lcs (kir\u00e1ly) ilyen volt, m\u00e1sk\u00fcl\u00f6nben nem tulajdon\u00edtottak volna semmi jelent\u0151s\u00e9get a \u201ebetlehemi\u201d csillagnak. L\u00e1tod a mell\u00e9kelt f\u00e9nyk\u00e9peket? B\u00f6jte Csaba atya \u00e9s k\u00f6rnyezete sok f\u00e9nyk\u00e9pet k\u00e9sz\u00edtett a h\u00e9tf\u0151i k\u00fcl\u00f6nleges esem\u00e9nyr\u0151l (\u00e9s \u00edgy \u0151 k\u00fcldte ezeket a k\u00e9peket). Sokfel\u00e9 nem l\u00e1thatt\u00e1k &hellip; <\/p>\n<p class=\"link-more\"><a href=\"https:\/\/magyar-misszio.ch\/?page_id=2560\" class=\"more-link\"><span class=\"screen-reader-text\">\u201ecsillag\u201c<\/span> weiterlesen<\/a><\/p>\n","protected":false},"author":2,"featured_media":0,"parent":0,"menu_order":0,"comment_status":"closed","ping_status":"closed","template":"","meta":{"footnotes":""},"class_list":["post-2560","page","type-page","status-publish","hentry"],"_links":{"self":[{"href":"https:\/\/magyar-misszio.ch\/index.php?rest_route=\/wp\/v2\/pages\/2560","targetHints":{"allow":["GET"]}}],"collection":[{"href":"https:\/\/magyar-misszio.ch\/index.php?rest_route=\/wp\/v2\/pages"}],"about":[{"href":"https:\/\/magyar-misszio.ch\/index.php?rest_route=\/wp\/v2\/types\/page"}],"author":[{"embeddable":true,"href":"https:\/\/magyar-misszio.ch\/index.php?rest_route=\/wp\/v2\/users\/2"}],"replies":[{"embeddable":true,"href":"https:\/\/magyar-misszio.ch\/index.php?rest_route=%2Fwp%2Fv2%2Fcomments&post=2560"}],"version-history":[{"count":4,"href":"https:\/\/magyar-misszio.ch\/index.php?rest_route=\/wp\/v2\/pages\/2560\/revisions"}],"predecessor-version":[{"id":2626,"href":"https:\/\/magyar-misszio.ch\/index.php?rest_route=\/wp\/v2\/pages\/2560\/revisions\/2626"}],"wp:attachment":[{"href":"https:\/\/magyar-misszio.ch\/index.php?rest_route=%2Fwp%2Fv2%2Fmedia&parent=2560"}],"curies":[{"name":"wp","href":"https:\/\/api.w.org\/{rel}","templated":true}]}}