{"id":2890,"date":"2021-03-18T16:47:45","date_gmt":"2021-03-18T16:47:45","guid":{"rendered":"http:\/\/magyar-misszio.ch\/?page_id=2890"},"modified":"2021-12-04T17:50:53","modified_gmt":"2021-12-04T17:50:53","slug":"szentjozsefeve","status":"publish","type":"page","link":"https:\/\/magyar-misszio.ch\/?page_id=2890","title":{"rendered":"szentjozsefeve"},"content":{"rendered":"<p><img fetchpriority=\"high\" decoding=\"async\" class=\"size-medium wp-image-2887 alignright\" src=\"https:\/\/magyar-misszio.ch\/wp-content\/uploads\/2021\/03\/stjoseph2-220x300.jpg\" alt=\"\" width=\"220\" height=\"300\" data-id=\"2887\" srcset=\"https:\/\/magyar-misszio.ch\/wp-content\/uploads\/2021\/03\/stjoseph2-220x300.jpg 220w, https:\/\/magyar-misszio.ch\/wp-content\/uploads\/2021\/03\/stjoseph2.jpg 418w\" sizes=\"(max-width: 220px) 100vw, 220px\" \/><strong><span style=\"font-size: 18pt; color: #800080;\">Szent J\u00f3zsef \u00e9ve<\/span><\/strong><\/p>\n<p style=\"text-align: justify;\">M\u00e1rc. 19.: Szent J\u00f3zsef \u00fcnnepe, \u00e9s id\u00e9n k\u00fcl\u00f6n\u00f6sen aj\u00e1nlunk im\u00e1ds\u00e1gokat, olvasnival\u00f3kat hozz\u00e1, hiszen Szent J\u00f3zsef \u00e9ve van, amit Ferenc p\u00e1pa tavaly hirdetett meg: 2020. dec. 8. \u00e9s 2021. dec. 8. k\u00f6z\u00f6tt. Az oka els\u0151 l\u00e1t\u00e1sra: 150 \u00e9ve, hogy Szent J\u00f3zsef az egyh\u00e1z v\u00e9d\u0151szentj\u00e9v\u00e9 lett nyilv\u00e1n\u00edtva.<br \/>\nA val\u00f3di ok: Szent J\u00f3zsef a szent csal\u00e1d \u00e9s a csal\u00e1dok v\u00e9d\u0151je. <strong>Most van igaz\u00e1n sz\u00fcks\u00e9ge<\/strong> a kereszt\u00e9ny tan\u00edt\u00e1snak \u00e9s embereknek v\u00e9delemre, mivel sz\u00e1mtalan agressz\u00edv \u00e9s ellenv\u00e9lem\u00e9nyt nem t\u0171r\u0151 t\u00e1mad\u00e1st kap a h\u00e1zass\u00e1gr\u00f3l, csal\u00e1dr\u00f3l sz\u00f3l\u00f3 kereszt\u00e9ny tan\u00edt\u00e1s! (ld. <a href=\"https:\/\/magyar-misszio.ch\/?page_id=1899#pred_jozsef\" target=\"_blank\" rel=\"noopener\">pr\u00e9dik\u00e1ci\u00f3-1.<\/a>)<\/p>\n<p><span style=\"text-decoration: underline;\"><strong>Az oldal tartalma:<\/strong><\/span><br \/>\n&#8211; olvasnival\u00f3k<br \/>\n&#8211; el\u0151ad\u00e1sunk vet\u00edt\u00e9se<br \/>\n&#8211; im\u00e1ds\u00e1gok (\u00e9nek)<br \/>\n&#8211; megv\u00e1s\u00e1rolhat\u00f3 Szent J\u00f3zsef k\u00f6nyv, r\u00f3zsaf\u00fcz\u00e9r, kis szobor&#8230;<\/p>\n<p><span style=\"color: #0000ff;\"><strong>Szeretettel aj\u00e1nljuk olvas\u00e1sra:<\/strong><\/span><\/p>\n<ul>\n<li>Ferenc p\u00e1p\u00e1nak hivatalos \u00edr\u00e1s\u00e1t, hosszabb elm\u00e9lked\u00e9s\u00e9t ehhez, amelynek c\u00edme: Patris corde (Apai sz\u00edvvel). Magyarul <a href=\"https:\/\/katolikus.hu\/dokumentumtar\/4218\">ide kattintva<\/a> olvashat\u00f3, n\u00e9met\u00fcl pedig <a href=\"http:\/\/www.vatican.va\/content\/francesco\/de\/apost_letters\/documents\/papa-francesco-lettera-ap_20201208_patris-corde.html\">ide kattintva<\/a>..<\/li>\n<li>Ferenc p\u00e1pa a hivat\u00e1sok vas\u00e1rnapj\u00e1n Szent J\u00f3zsefet \u00e1ll\u00edtja p\u00e9ld\u00e1nak: <a href=\"https:\/\/www.magyarkurir.hu\/ferenc-papa\/-hivatas-husegben-valik-erette-ferenc-papa-uzenete-hivatasok-58-vilagnapjara\" target=\"_blank\" rel=\"noopener\">kattints ide&#8230;<\/a><\/li>\n<li>A b\u00facs\u00fakr\u00f3l <a href=\"https:\/\/magyar-misszio.ch\/wp-content\/uploads\/2021\/03\/Dekretum_SzentJozsefEv_bucsuk-JAV.pdf\" target=\"_blank\" rel=\"noopener\">ide kattinva..<\/a><\/li>\n<li>Magyar nyelven javasoljuk a google keres\u0151vel \u00edr\u00e1sokat keresni Szent J\u00f3zsefr\u0151l<\/li>\n<li>Az osztr\u00e1k Szent J\u00f3zsef T\u00e1rsulat \u00f6ssze\u00e1ll\u00edtott egy 64 oldalas f\u00fczetet, <a href=\"https:\/\/www.stjosef.at\/pdf\/hefte\/heft25.pdf\">itt let\u00f6lthet\u0151\u2026<\/a><\/li>\n<li>Egy nagyszer\u0171 k\u00f6nyvet szeretn\u00e9nk aj\u00e1nlani: &#8222;\u00d6nmagunkat Szent J\u00f3zsefnek szentelni.&#8220; ld. al\u00e1bb.<\/li>\n<li>A Szent J\u00f3zsef k\u00f6nyv programja (33 nap), mely a k\u00e9zik\u00f6nyvben\u00a0 (ld. al\u00e1bb) megtal\u00e1lhat\u00f3, n\u00e9met nyelven a sv\u00e1jci M\u00e1ria R\u00e1di\u00f3 honlapj\u00e1r\u00f3l let\u00f6lthet\u0151 \u00e9s meg is hallgathat\u00f3: <a href=\"http:\/\/www.radiomaria.ch\/de\/josefsweihe\" target=\"_blank\" rel=\"noopener\">www.radiomaria.ch\/de\/josefsweihe\u00a0<\/a><\/li>\n<li>Megjelent magyarul is a k\u00f6nyv: <img decoding=\"async\" class=\" wp-image-3531 alignright\" src=\"https:\/\/magyar-misszio.ch\/wp-content\/uploads\/2021\/11\/koenyv-magyar-Szent-Jozsef-ideje-elerkezett.jpg-214x300.jpg\" alt=\"\" width=\"142\" height=\"199\" data-id=\"3531\" srcset=\"https:\/\/magyar-misszio.ch\/wp-content\/uploads\/2021\/11\/koenyv-magyar-Szent-Jozsef-ideje-elerkezett.jpg-214x300.jpg 214w, https:\/\/magyar-misszio.ch\/wp-content\/uploads\/2021\/11\/koenyv-magyar-Szent-Jozsef-ideje-elerkezett.jpg-731x1024.jpg 731w, https:\/\/magyar-misszio.ch\/wp-content\/uploads\/2021\/11\/koenyv-magyar-Szent-Jozsef-ideje-elerkezett.jpg-768x1076.jpg 768w, https:\/\/magyar-misszio.ch\/wp-content\/uploads\/2021\/11\/koenyv-magyar-Szent-Jozsef-ideje-elerkezett.jpg.jpg 1032w\" sizes=\"(max-width: 142px) 100vw, 142px\" \/>&#8222;Szent J\u00f3zsef ideje el\u00e9rkezett!&#8220; c\u00edmmel. Korl\u00e1tozott p\u00e9ld\u00e1nysz\u00e1mban misszi\u00f3nkban is kaphat\u00f3 lesz.<\/li>\n<\/ul>\n<p><span style=\"color: #0000ff;\"><strong>El\u0151ad\u00e1sunk, besz\u00e9lget\u00e9s\u00fcnk misszi\u00f3nkban<\/strong><\/span><br \/>\nBemutattunk a nagysiker\u0171 Szent J\u00f3zsef-k\u00f6nyvet, amely alapj\u00e1n pl. egy 33 napos imaprogram keret\u00e9ben Szent J\u00f3zsef p\u00e1rtfog\u00e1s\u00e1ba aj\u00e1nlhatjuk magunkat.<br \/>\nA k\u00f6nyv beszerz\u00e9s\u00e9ben (<a href=\"https:\/\/www.magyarkurir.hu\/kultura\/megjelent-szent-jozsef-ideje-elerkezett-cimu-kotet\" target=\"_blank\" rel=\"noopener\">magyar<\/a>, <a href=\"https:\/\/www.oremus-klosterladen.ch\/shop\/catalogue\/0\/Weihe-an-den-Hl-Josef-Donald-H-Calloway\">n\u00e9met,<\/a> angol) sz\u00edvesen seg\u00edt\u00fcnk.<\/p>\n<p><a href=\"https:\/\/magyar-misszio.ch\/?page_id=3250\" target=\"_blank\" rel=\"noopener\"><img decoding=\"async\" class=\"alignnone wp-image-3248\" src=\"https:\/\/magyar-misszio.ch\/wp-content\/uploads\/2021\/07\/Folie01-300x225.jpg\" alt=\"\" width=\"119\" height=\"89\" data-id=\"3248\" srcset=\"https:\/\/magyar-misszio.ch\/wp-content\/uploads\/2021\/07\/Folie01-300x225.jpg 300w, https:\/\/magyar-misszio.ch\/wp-content\/uploads\/2021\/07\/Folie01-1024x768.jpg 1024w, https:\/\/magyar-misszio.ch\/wp-content\/uploads\/2021\/07\/Folie01-768x576.jpg 768w, https:\/\/magyar-misszio.ch\/wp-content\/uploads\/2021\/07\/Folie01.jpg 1058w\" sizes=\"(max-width: 119px) 100vw, 119px\" \/><\/a> k\u00e9pre kattintva l\u00e1sd a vet\u00edt\u00e9st<\/p>\n<p><span style=\"color: #0000ff;\"><strong>Imakurzus a misszi\u00f3nkban<br \/>\n<\/strong><\/span>r\u00e9szletesebben <a href=\"https:\/\/magyar-misszio.ch\/?page_id=3445\" target=\"_blank\" rel=\"noopener\">ide kattintva&#8230;.<\/a><\/p>\n<p><span style=\"color: #0000ff;\"><strong>Pr\u00e9dik\u00e1ci\u00f3k a Szent J\u00f3zsef \u00e9vhez:<br \/>\n<\/strong><\/span><a href=\"https:\/\/magyar-misszio.ch\/?page_id=1899#pred_jozsef\" target=\"_blank\" rel=\"noopener\">kattints ide&#8230;<\/a><\/p>\n<p><span style=\"color: #0000ff;\"><strong>Im\u00e1ds\u00e1gok:<\/strong><\/span><\/p>\n<ul>\n<li>Szent J\u00f3zsef lit\u00e1nia (2021 \u00f3ta kib\u0151v\u00edtve):<a href=\"https:\/\/magyar-misszio.ch\/wp-content\/uploads\/2021\/10\/Szent-Jozsef-litania.pdf\" target=\"_blank\" rel=\"noopener\"> kattints ide&#8230;<\/a><\/li>\n<li>Kilenced let\u00f6ltheti Szent J\u00f3zsefhez <a href=\"https:\/\/magyar-misszio.ch\/wp-content\/uploads\/2021\/04\/Kilenced_szent_jozsef.pdf\">ide kattintva\u2026 k\u00f6z\u00f6ss\u00e9g\u00fcnk im\u00e1j\u00e1t<\/a><\/li>\n<li>Hosszabb kilenced Szent J\u00f3zsefhez <a href=\"https:\/\/metropolita.hu\/2011\/10\/kilenced-szent-jozsefhez\/\">ide kattintva\u2026<\/a><\/li>\n<li><a href=\"https:\/\/magyar-misszio.ch\/?page_id=3252\" target=\"_blank\" rel=\"noopener\"><img loading=\"lazy\" decoding=\"async\" class=\"alignnone wp-image-3247 \" src=\"https:\/\/magyar-misszio.ch\/wp-content\/uploads\/2021\/07\/Folie1-300x169.jpg\" alt=\"\" width=\"131\" height=\"74\" data-id=\"3247\" srcset=\"https:\/\/magyar-misszio.ch\/wp-content\/uploads\/2021\/07\/Folie1-300x169.jpg 300w, https:\/\/magyar-misszio.ch\/wp-content\/uploads\/2021\/07\/Folie1-1024x576.jpg 1024w, https:\/\/magyar-misszio.ch\/wp-content\/uploads\/2021\/07\/Folie1-768x432.jpg 768w, https:\/\/magyar-misszio.ch\/wp-content\/uploads\/2021\/07\/Folie1.jpg 1280w\" sizes=\"(max-width: 131px) 100vw, 131px\" \/><\/a> Szent J\u00f3zsef imaf\u00fcz\u00e9rrel (k\u00e9pre kattintva l\u00e1sd a vet\u00edt\u00e9st)<\/li>\n<li>im\u00e1ds\u00e1gok az imakurzus alatt <a href=\"https:\/\/magyar-misszio.ch\/?page_id=3539\" target=\"_blank\" rel=\"noopener\">ide kattintva&#8230;<\/a><\/li>\n<li>\u00e9nek:<br \/>\n<a href=\"https:\/\/nepenekgyujtemeny.keesz.hu\/aldunk-isten-jo-szolgaja\" target=\"_blank\" rel=\"noopener\"><img loading=\"lazy\" decoding=\"async\" class=\"alignnone wp-image-3254\" src=\"https:\/\/magyar-misszio.ch\/wp-content\/uploads\/2021\/07\/aldunk_Isten_jo_szolgaja.jpg-300x185.jpg\" alt=\"\" width=\"169\" height=\"104\" data-id=\"3254\" srcset=\"https:\/\/magyar-misszio.ch\/wp-content\/uploads\/2021\/07\/aldunk_Isten_jo_szolgaja.jpg-300x185.jpg 300w, https:\/\/magyar-misszio.ch\/wp-content\/uploads\/2021\/07\/aldunk_Isten_jo_szolgaja.jpg-768x473.jpg 768w, https:\/\/magyar-misszio.ch\/wp-content\/uploads\/2021\/07\/aldunk_Isten_jo_szolgaja.jpg.jpg 806w\" sizes=\"(max-width: 169px) 100vw, 169px\" \/><\/a>\u00a0 meghallgat\u00e1shoz, sz\u00f6veghez kattints a k\u00e9pre<\/li>\n<li>N\u00e9met nyelven: <a href=\"http:\/\/www.gebete.ch\/index.php\/gebete\/gebete-f-l\/gebete-von-heiligen\/hl-josef\">http:\/\/www.gebete.ch\/index.php\/gebete\/gebete-f-l\/gebete-von-heiligen\/hl-josef<\/a> 30-napos, 9-napos im\u00e1ds\u00e1gok<br \/>\n<a href=\"https:\/\/www.medjugorje.de\/kirche\/gebete\/novenen\/novene-zum-heiligen-josef\/\">https:\/\/www.medjugorje.de\/kirche\/gebete\/novenen\/novene-zum-heiligen-josef\/<\/a><\/li>\n<\/ul>\n<p>&nbsp;<\/p>\n<p><span style=\"color: #0000ff;\"><strong>Megv\u00e1s\u00e1rolhat\u00f3 Szent J\u00f3zsef k\u00f6nyv, r\u00f3zsaf\u00fcz\u00e9r, kis szobor&#8230;<\/strong><\/span><\/p>\n<p><img loading=\"lazy\" decoding=\"async\" class=\"alignleft wp-image-3319 \" src=\"https:\/\/magyar-misszio.ch\/wp-content\/uploads\/2021\/07\/SzentJoszsefkezikonyv-192x300.jpg\" alt=\"\" width=\"85\" height=\"133\" data-id=\"3319\" srcset=\"https:\/\/magyar-misszio.ch\/wp-content\/uploads\/2021\/07\/SzentJoszsefkezikonyv-192x300.jpg 192w, https:\/\/magyar-misszio.ch\/wp-content\/uploads\/2021\/07\/SzentJoszsefkezikonyv.jpg 382w\" sizes=\"(max-width: 85px) 100vw, 85px\" \/><\/p>\n<p><span style=\"text-decoration: underline;\"><strong>K\u00f6nyv<\/strong><\/span><br \/>\nSzeretettel aj\u00e1nljuk a fent eml\u00edtett k\u00e9zik\u00f6nyvet. Jelenleg kaphat\u00f3 n\u00e1lunk is (<a href=\"https:\/\/www.oremus-klosterladen.ch\/shop\/catalogue\/0\/Weihe-an-den-Hl-Josef-Donald-H-Calloway\">n\u00e9met,<\/a> angol), ha elfogy a beszerz\u00e9sben sz\u00edvesen seg\u00edt\u00fcnk.<br \/>\nN\u00e9h\u00e1ny p\u00e9ld\u00e1ny imaf\u00fczet\u00fcnk is lesz magyar nyelven.<\/p>\n<ul>\n<li>Hihetetlen sikert\u00f6rt\u00e9nete van Amerik\u00e1ban (hires emberek, b\u00edborosok stb. aj\u00e1nlj\u00e1k).\u00a0 Honlapja: <a href=\"http:\/\/www.consecrationtostjoseph.org\/\">consecrationtostjoseph.org<\/a>.<\/li>\n<\/ul>\n<p>&nbsp;<\/p>\n<p><span style=\"text-decoration: underline;\"><strong>R\u00f3zsaf\u00fcz\u00e9r, kis szobor&#8230;<\/strong><\/span><br \/>\n<a id=\"holyart\"><\/a>Beszerz\u00e9s alatt vannak a r\u00f3zsaf\u00fcz\u00e9rek stb.<br \/>\n<img loading=\"lazy\" decoding=\"async\" class=\"alignleft wp-image-3301 size-thumbnail\" src=\"https:\/\/magyar-misszio.ch\/wp-content\/uploads\/2021\/07\/holyart.jpg-150x150.jpg\" alt=\"\" width=\"150\" height=\"150\" data-id=\"3301\" srcset=\"https:\/\/magyar-misszio.ch\/wp-content\/uploads\/2021\/07\/holyart.jpg-150x150.jpg 150w, https:\/\/magyar-misszio.ch\/wp-content\/uploads\/2021\/07\/holyart.jpg-300x300.jpg 300w, https:\/\/magyar-misszio.ch\/wp-content\/uploads\/2021\/07\/holyart.jpg-100x100.jpg 100w, https:\/\/magyar-misszio.ch\/wp-content\/uploads\/2021\/07\/elementor\/thumbs\/holyart-re0pmexhuhcku41yzfelweyjx14h3kf2ry83lrfopc.jpg 200w, https:\/\/magyar-misszio.ch\/wp-content\/uploads\/2021\/07\/holyart.jpg.jpg 678w\" sizes=\"(max-width: 150px) 100vw, 150px\" \/><span style=\"color: #339966;\">HOLYART &#8211; kegyt\u00e1rgybolt<\/span><br \/>\nB\u00e1rki k\u00f6r\u00fcln\u00e9zhet a k\u00f6vetkez\u0151 online-kegyt\u00e1rgyboltban: (a megfelel\u0151 nyelv alapj\u00e1n)\u00a0 <a href=\"http:\/\/www.holyart.com\">www.holyart.com<\/a>, <a href=\"http:\/\/www.holyart.de\" target=\"_blank\" rel=\"noopener\">www.holyart.de<\/a>, <a href=\"http:\/\/www.holyart.it\" target=\"_blank\" rel=\"noopener\">www.holyart.it<\/a><br \/>\nItt pl. kisebb szobrok list\u00e1ja: <a href=\"https:\/\/www.holyart.de\/suche?query=st.+josef+statue&amp;sortPrice=asc\" target=\"_blank\" rel=\"noopener\">kattints&#8230;,<\/a>k\u00e9pek list\u00e1ja: <a href=\"https:\/\/www.holyart.de\/suche?queryFromSuggest=&amp;query=st.+joseph+bild\" target=\"_blank\" rel=\"noopener\">kattints&#8230;<\/a><\/p>\n<p>Sz\u00edvesen v\u00e1llaljuk teh\u00e1t kisebb t\u00e1rgyak beszerz\u00e9s\u00e9t.<br \/>\nAmi m\u00e1r most megv\u00e1s\u00e1rolhat\u00f3 n\u00e1lunk: <a href=\"https:\/\/magyar-misszio.ch\/?page_id=3313\" target=\"_blank\" rel=\"noopener\">lista let\u00f6lt\u00e9se itt&#8230;.<\/a> (minden szentmise ut\u00e1n, h\u00e1zunk 1. emelet\u00e9n).<br \/>\nAz \u00e1rakr\u00f3l: nyeres\u00e9g n\u00e9lk\u00fcl tov\u00e1bbadjuk, de a postai \u00e9s esetleges v\u00e1md\u00edjakat sz\u00e9t kell osztani (ez\u00e9rt egy minim\u00e1lis rendel\u00e9si ig\u00e9nyn\u00e9l rendel\u00fcnk, \u00edgy t\u00f6reksz\u00fcnk a kev\u00e9s plussz-k\u00f6lts\u00e9gre).<\/p>\n","protected":false},"excerpt":{"rendered":"<p>Szent J\u00f3zsef \u00e9ve M\u00e1rc. 19.: Szent J\u00f3zsef \u00fcnnepe, \u00e9s id\u00e9n k\u00fcl\u00f6n\u00f6sen aj\u00e1nlunk im\u00e1ds\u00e1gokat, olvasnival\u00f3kat hozz\u00e1, hiszen Szent J\u00f3zsef \u00e9ve van, amit Ferenc p\u00e1pa tavaly hirdetett meg: 2020. dec. 8. \u00e9s 2021. dec. 8. k\u00f6z\u00f6tt. Az oka els\u0151 l\u00e1t\u00e1sra: 150 \u00e9ve, hogy Szent J\u00f3zsef az egyh\u00e1z v\u00e9d\u0151szentj\u00e9v\u00e9 lett nyilv\u00e1n\u00edtva. A val\u00f3di ok: Szent J\u00f3zsef a szent &hellip; <\/p>\n<p class=\"link-more\"><a href=\"https:\/\/magyar-misszio.ch\/?page_id=2890\" class=\"more-link\"><span class=\"screen-reader-text\">\u201eszentjozsefeve\u201c<\/span> weiterlesen<\/a><\/p>\n","protected":false},"author":2,"featured_media":0,"parent":0,"menu_order":0,"comment_status":"closed","ping_status":"closed","template":"","meta":{"footnotes":""},"class_list":["post-2890","page","type-page","status-publish","hentry"],"_links":{"self":[{"href":"https:\/\/magyar-misszio.ch\/index.php?rest_route=\/wp\/v2\/pages\/2890","targetHints":{"allow":["GET"]}}],"collection":[{"href":"https:\/\/magyar-misszio.ch\/index.php?rest_route=\/wp\/v2\/pages"}],"about":[{"href":"https:\/\/magyar-misszio.ch\/index.php?rest_route=\/wp\/v2\/types\/page"}],"author":[{"embeddable":true,"href":"https:\/\/magyar-misszio.ch\/index.php?rest_route=\/wp\/v2\/users\/2"}],"replies":[{"embeddable":true,"href":"https:\/\/magyar-misszio.ch\/index.php?rest_route=%2Fwp%2Fv2%2Fcomments&post=2890"}],"version-history":[{"count":21,"href":"https:\/\/magyar-misszio.ch\/index.php?rest_route=\/wp\/v2\/pages\/2890\/revisions"}],"predecessor-version":[{"id":3608,"href":"https:\/\/magyar-misszio.ch\/index.php?rest_route=\/wp\/v2\/pages\/2890\/revisions\/3608"}],"wp:attachment":[{"href":"https:\/\/magyar-misszio.ch\/index.php?rest_route=%2Fwp%2Fv2%2Fmedia&parent=2890"}],"curies":[{"name":"wp","href":"https:\/\/api.w.org\/{rel}","templated":true}]}}