{"id":2894,"date":"2021-03-18T16:51:45","date_gmt":"2021-03-18T16:51:45","guid":{"rendered":"http:\/\/magyar-misszio.ch\/?page_id=2894"},"modified":"2022-06-04T18:11:12","modified_gmt":"2022-06-04T18:11:12","slug":"csaladeve","status":"publish","type":"page","link":"https:\/\/magyar-misszio.ch\/?page_id=2894","title":{"rendered":"csaladeve"},"content":{"rendered":"\t\t<div data-elementor-type=\"wp-page\" data-elementor-id=\"2894\" class=\"elementor elementor-2894\" data-elementor-post-type=\"page\">\n\t\t\t\t\t\t<section class=\"elementor-section elementor-top-section elementor-element elementor-element-3d66b28 elementor-section-boxed elementor-section-height-default elementor-section-height-default\" data-id=\"3d66b28\" data-element_type=\"section\">\n\t\t\t\t\t\t<div class=\"elementor-container elementor-column-gap-default\">\n\t\t\t\t\t<div class=\"elementor-column elementor-col-100 elementor-top-column elementor-element elementor-element-35e47f53\" data-id=\"35e47f53\" data-element_type=\"column\">\n\t\t\t<div class=\"elementor-widget-wrap elementor-element-populated\">\n\t\t\t\t\t\t<div class=\"elementor-element elementor-element-598821c9 elementor-widget elementor-widget-text-editor\" data-id=\"598821c9\" data-element_type=\"widget\" data-widget_type=\"text-editor.default\">\n\t\t\t\t<div class=\"elementor-widget-container\">\n\t\t\t\t\t\t\t\t\t<p><span style=\"font-size: 18pt; color: #ff00ff;\"><strong><img decoding=\"async\" class=\"size-full wp-image-2911 alignleft\" src=\"https:\/\/magyar-misszio.ch\/wp-content\/uploads\/2021\/03\/csaladi-szeretet-eve.png\" alt=\"\" width=\"227\" height=\"92\" data-id=\"2911\" \/>A csal\u00e1di szeretet \u00f6r\u00f6m\u00e9nek \u00e9ve<\/strong><\/span><\/p><p style=\"text-align: justify;\">Szent J\u00f3zsef \u00fcnnep\u00e9n, 2021. m\u00e1rc. 19-\u00e9n Ferenc p\u00e1pa megnyitja a csal\u00e1dok \u00e9v\u00e9t (hivatalosan: a csal\u00e1di szeretet \u00f6r\u00f6m\u00e9nek \u00e9v\u00e9t). Kezd\u0151dik teh\u00e1t 2021. m\u00e1rc. 19-\u00e9n, \u00e9s befejez\u0151dik 2022. j\u00fan. 26-\u00e1n, amikor R\u00f3m\u00e1ban lesz a csal\u00e1dok 10. vil\u00e1gtal\u00e1lkoz\u00f3ja. Az oka a d\u00e1tumnak: 5 \u00e9vvel ezel\u0151tt egy fontos \u00edr\u00e1sa jelent meg Ferenc p\u00e1p\u00e1nak, az Amoris Laetitia (A szeretet \u00f6r\u00f6me) c\u00edmmel, amely a csal\u00e1dban meg\u00e9lt Szeretet sz\u00e9ps\u00e9g\u00e9r\u0151l \u00e9s \u00f6r\u00f6m\u00e9r\u0151l sz\u00f3l.<\/p><p><strong><span style=\"color: #0000ff;\">Szeretettel aj\u00e1nljuk olvas\u00e1sra:<\/span><\/strong><\/p><ul><li>Ferenc p\u00e1p\u00e1nak hivatalos \u00edr\u00e1s\u00e1t, az Amoris Laetitia-t <a href=\"https:\/\/magyar-misszio.ch\/wp-content\/uploads\/2021\/10\/ferenc_papa_amoris_laetitia.pdf\">magyarul itt<\/a>, <a href=\"http:\/\/www.vatican.va\/content\/francesco\/de\/apost_exhortations\/documents\/papa-francesco_esortazione-ap_20160319_amoris-laetitia.html\">n\u00e9met\u00fcl itt\u2026<\/a><\/li><li>Ferenc papa besz\u00e9d\u00e9t a Szent Csal\u00e1d vas\u00e1rnapj\u00e1n, amikor ezt az \u00e9vet bejelentette (pl.: \u201cNe felejts\u00e9tek el ezt a h\u00e1rom sz\u00f3t: \u201eSzabad?\u201d; \u201eK\u00f6sz\u00f6n\u00f6m!\u201d; \u201eSajn\u00e1lom!\u201d\u2026\u201d <a href=\"https:\/\/www.magyarkurir.hu\/hirek\/ferenc-papa-meghirdette-csalad-evet\">Kattints ide\u2026..<\/a><\/li><li>A magyar inform\u00e1ci\u00f3s internetoldalon gazdag tartalmat tal\u00e1lunk, <a href=\"https:\/\/csaladegyhaz.hu\/aktualis\/amoris-laetitia-csaladev\/\" target=\"_blank\" rel=\"noopener\">kattints ide&#8230;<\/a><br \/><img decoding=\"async\" class=\"alignnone wp-image-4079 size-thumbnail\" src=\"https:\/\/magyar-misszio.ch\/wp-content\/uploads\/2022\/06\/csaladev_hu.jpg-150x150.jpg\" alt=\"\" width=\"150\" height=\"150\" data-id=\"4079\" srcset=\"https:\/\/magyar-misszio.ch\/wp-content\/uploads\/2022\/06\/csaladev_hu.jpg-150x150.jpg 150w, https:\/\/magyar-misszio.ch\/wp-content\/uploads\/2022\/06\/csaladev_hu.jpg-100x100.jpg 100w\" sizes=\"(max-width: 150px) 100vw, 150px\" \/><\/li><li>A Vatik\u00e1n t\u00f6bbnyelv\u0171 (pl. angol) hivatalos oldal\u00e1t ehhez az eml\u00e9k\u00e9vhez, amely rendk\u00edv\u00fcl gazdag inform\u00e1ci\u00f3kkal van tele, vide\u00f3kkal, h\u00edrekkel stb. <a href=\"http:\/\/www.laityfamilylife.va\/content\/laityfamilylife\/en\/amoris-laetitia.html\">Kattins ide\u2026<\/a>\u00a0<br \/><img decoding=\"async\" class=\"alignnone wp-image-4080 size-thumbnail\" src=\"https:\/\/magyar-misszio.ch\/wp-content\/uploads\/2022\/06\/2022-06-04.jpg-1-150x150.jpg\" alt=\"\" width=\"150\" height=\"150\" data-id=\"4080\" srcset=\"https:\/\/magyar-misszio.ch\/wp-content\/uploads\/2022\/06\/2022-06-04.jpg-1-150x150.jpg 150w, https:\/\/magyar-misszio.ch\/wp-content\/uploads\/2022\/06\/2022-06-04.jpg-1-100x100.jpg 100w\" sizes=\"(max-width: 150px) 100vw, 150px\" \/><br \/>\u00c9rdekes, hogy itt az eml\u00e9k\u00e9vet \u00edgy h\u00edvj\u00e1k: \u201cA csal\u00e1di szeretet \u00f6r\u00f6m\u00e9nek \u00e9ve\u201d. Az \u00edr\u00e1s jelent\u0151s\u00e9g\u00e9r\u0151l sok cikk jelent meg a Magyar Kurir oldalon, ahol r\u00e1 is lehet keresni, de <a href=\"https:\/\/www.magyarkurir.hu\/hirek\/bemutattak-ferenc-papa-amoris-laetitia-kezdetu-apostoli-buzditasat\"> kattints ide\u2026<\/a><\/li><\/ul><p><strong><span style=\"color: #0000ff;\">Im\u00e1ds\u00e1gok:<\/span><\/strong><\/p><ul><li><a href=\"https:\/\/magyar-misszio.ch\/wp-content\/uploads\/2021\/03\/ima_alddmeg-csaladodat.pdf\" target=\"_blank\" rel=\"noopener\">\u00c1ldd meg naponta csal\u00e1dodat!<\/a><\/li><li><a href=\"https:\/\/magyar-misszio.ch\/wp-content\/uploads\/2021\/03\/imadsag-csaladokert.pdf\" target=\"_blank\" rel=\"noopener\">Egy\u00e9b im\u00e1k<\/a><\/li><li><a href=\"http:\/\/www.keresztenyelet.hu\/ima-a-csaladokert\/\"> J\u00e1nos P\u00e1l p\u00e1p\u00e1t\u00f3l<\/a><\/li><li>\u00e9s m\u00e9g folytatjuk<\/li><\/ul>\t\t\t\t\t\t\t\t<\/div>\n\t\t\t\t<\/div>\n\t\t\t\t\t<\/div>\n\t\t<\/div>\n\t\t\t\t\t<\/div>\n\t\t<\/section>\n\t\t\t\t<\/div>\n\t\t","protected":false},"excerpt":{"rendered":"<p>A csal\u00e1di szeretet \u00f6r\u00f6m\u00e9nek \u00e9ve Szent J\u00f3zsef \u00fcnnep\u00e9n, 2021. m\u00e1rc. 19-\u00e9n Ferenc p\u00e1pa megnyitja a csal\u00e1dok \u00e9v\u00e9t (hivatalosan: a csal\u00e1di szeretet \u00f6r\u00f6m\u00e9nek \u00e9v\u00e9t). Kezd\u0151dik teh\u00e1t 2021. m\u00e1rc. 19-\u00e9n, \u00e9s befejez\u0151dik 2022. j\u00fan. 26-\u00e1n, amikor R\u00f3m\u00e1ban lesz a csal\u00e1dok 10. vil\u00e1gtal\u00e1lkoz\u00f3ja. Az oka a d\u00e1tumnak: 5 \u00e9vvel ezel\u0151tt egy fontos \u00edr\u00e1sa jelent meg Ferenc p\u00e1p\u00e1nak, az &hellip; <\/p>\n<p class=\"link-more\"><a href=\"https:\/\/magyar-misszio.ch\/?page_id=2894\" class=\"more-link\"><span class=\"screen-reader-text\">\u201ecsaladeve\u201c<\/span> weiterlesen<\/a><\/p>\n","protected":false},"author":2,"featured_media":0,"parent":0,"menu_order":0,"comment_status":"closed","ping_status":"closed","template":"","meta":{"footnotes":""},"class_list":["post-2894","page","type-page","status-publish","hentry"],"_links":{"self":[{"href":"https:\/\/magyar-misszio.ch\/index.php?rest_route=\/wp\/v2\/pages\/2894","targetHints":{"allow":["GET"]}}],"collection":[{"href":"https:\/\/magyar-misszio.ch\/index.php?rest_route=\/wp\/v2\/pages"}],"about":[{"href":"https:\/\/magyar-misszio.ch\/index.php?rest_route=\/wp\/v2\/types\/page"}],"author":[{"embeddable":true,"href":"https:\/\/magyar-misszio.ch\/index.php?rest_route=\/wp\/v2\/users\/2"}],"replies":[{"embeddable":true,"href":"https:\/\/magyar-misszio.ch\/index.php?rest_route=%2Fwp%2Fv2%2Fcomments&post=2894"}],"version-history":[{"count":7,"href":"https:\/\/magyar-misszio.ch\/index.php?rest_route=\/wp\/v2\/pages\/2894\/revisions"}],"predecessor-version":[{"id":4083,"href":"https:\/\/magyar-misszio.ch\/index.php?rest_route=\/wp\/v2\/pages\/2894\/revisions\/4083"}],"wp:attachment":[{"href":"https:\/\/magyar-misszio.ch\/index.php?rest_route=%2Fwp%2Fv2%2Fmedia&parent=2894"}],"curies":[{"name":"wp","href":"https:\/\/api.w.org\/{rel}","templated":true}]}}