{"id":2920,"date":"2021-04-03T13:38:42","date_gmt":"2021-04-03T13:38:42","guid":{"rendered":"http:\/\/magyar-misszio.ch\/?page_id=2920"},"modified":"2021-04-03T13:43:06","modified_gmt":"2021-04-03T13:43:06","slug":"euch-koronavirus-idejen","status":"publish","type":"page","link":"https:\/\/magyar-misszio.ch\/?page_id=2920","title":{"rendered":"Euch.koronavirus idej\u00e9n"},"content":{"rendered":"<p><span style=\"text-decoration: underline;\"><span style=\"color: #0000ff; font-size: 14pt;\"><strong>Szentmisek\u00f6zvet\u00edt\u00e9sek online<\/strong><\/span>:<\/span> <img decoding=\"async\" class=\" wp-image-1553 alignright\" src=\"https:\/\/magyar-misszio.ch\/wp-content\/uploads\/2020\/04\/miseonline.jpg-300x148.jpg\" alt=\"\" width=\"225\" height=\"111\" data-id=\"1553\" srcset=\"https:\/\/magyar-misszio.ch\/wp-content\/uploads\/2020\/04\/miseonline.jpg-300x148.jpg 300w, https:\/\/magyar-misszio.ch\/wp-content\/uploads\/2020\/04\/miseonline.jpg.jpg 310w\" sizes=\"(max-width: 225px) 100vw, 225px\" \/>BonumTv, ApostolTv, Katolikus R\u00e1di\u00f3, M\u00e1ria R\u00e1di\u00f3, Facebook-oldalon stb. (ld. az <a href=\"https:\/\/www.magyarkurir.hu\/hirek\/hol-es-mikor-kovetheto-elo-szentmise-kozvetites-osszegyujtjuk-lehetosegeket\" target=\"_blank\" rel=\"noopener noreferrer\">\u00f6sszefoglal\u00f3 cikket ide kattintva<\/a>)<br \/>\n<a href=\"https:\/\/www.youtube.com\/channel\/UChrkbh0y4ut-mELoCTRPR_Q\/videos\">Itt<\/a> pedig Cs\u00edksomly\u00f3r\u00f3l vas\u00e1rnaponk\u00e9nt (eddig legal\u00e1bb) \u00e9l\u0151ben k\u00f6zvet\u00edtett\u00e9k a mis\u00e9ket.<\/p>\n<p><strong><span style=\"color: #0000ff;\">Hogyan vegy\u00fcnk r\u00e9szt<\/span> <\/strong>az online szentmis\u00e9n? F\u00e1bry Korn\u00e9l atya gondolatai:<\/p>\n<p><strong><span style=\"color: #0000ff;\"><iframe title=\"YouTube video player\" src=\"https:\/\/www.youtube.com\/embed\/6cgmFF3wyXA\" width=\"560\" height=\"315\" frameborder=\"0\" allowfullscreen=\"allowfullscreen\"><\/iframe><\/span><\/strong><\/p>\n<p><strong><span style=\"color: #0000ff;\"><br \/>\n<\/span><\/strong><span style=\"color: #0000ff;\"><strong>Lelki \u00e1ldoz\u00e1s:<\/strong> <\/span>r\u00e9szletek \u00e9s im\u00e1ds\u00e1g\u00a0\u00a0<a href=\"https:\/\/www.magyarkurir.hu\/nezopont\/fohasz-jarvany-idejen-lelki-aldozasrol\" target=\"_blank\" rel=\"noopener\">kattins ide&#8230;<\/a><\/p>\n<p><span style=\"color: #0000ff;\"><strong>Kreat\u00edv \u00f6tletek<\/strong> <\/span>h\u00fasv\u00e9tra a Pannonhalmi F\u0151ap\u00e1ts\u00e1g aj\u00e1nl\u00e1s\u00e1val:\u00a0<a href=\"https:\/\/pannonhalmifoapatsag.hu\/kreativ-husvet\/?fbclid=IwAR1hGQHdBmHQY2XqzdfXgFeM4upD2n00VB8LLLuNSawqfuwueY7DtPJGznE\" target=\"_blank\" rel=\"noopener\">kattints ide&#8230;<\/a><\/p>\n<p><span style=\"color: #0000ff;\"><strong><span style=\"font-size: 14pt;\">Szents\u00e9gim\u00e1d\u00e1sok online \u00e9s egy\u00e9b gondolatok<\/span><\/strong><\/span>: <img decoding=\"async\" class=\"alignright\" src=\"https:\/\/magyar-misszio.ch\/wp-content\/uploads\/2019\/09\/felt%C3%A1madt-Olt%C3%A1risz-216x300.jpg\" width=\"115\" height=\"160\" \/>l\u00e1sd honlapunk\/lelki\u00a0sarok\/Euchariszti\u00e1hoz\/ Lelki morzs\u00e1k az Euchariszti\u00e1hoz &#8211; vagy <a href=\"https:\/\/magyar-misszio.ch\/?page_id=1303\">kattints ide&#8230;<\/a><\/p>\n","protected":false},"excerpt":{"rendered":"<p>Szentmisek\u00f6zvet\u00edt\u00e9sek online: BonumTv, ApostolTv, Katolikus R\u00e1di\u00f3, M\u00e1ria R\u00e1di\u00f3, Facebook-oldalon stb. (ld. az \u00f6sszefoglal\u00f3 cikket ide kattintva) Itt pedig Cs\u00edksomly\u00f3r\u00f3l vas\u00e1rnaponk\u00e9nt (eddig legal\u00e1bb) \u00e9l\u0151ben k\u00f6zvet\u00edtett\u00e9k a mis\u00e9ket. Hogyan vegy\u00fcnk r\u00e9szt az online szentmis\u00e9n? F\u00e1bry Korn\u00e9l atya gondolatai: Lelki \u00e1ldoz\u00e1s: r\u00e9szletek \u00e9s im\u00e1ds\u00e1g\u00a0\u00a0kattins ide&#8230; Kreat\u00edv \u00f6tletek h\u00fasv\u00e9tra a Pannonhalmi F\u0151ap\u00e1ts\u00e1g aj\u00e1nl\u00e1s\u00e1val:\u00a0kattints ide&#8230; Szents\u00e9gim\u00e1d\u00e1sok online \u00e9s egy\u00e9b gondolatok: &hellip; <\/p>\n<p class=\"link-more\"><a href=\"https:\/\/magyar-misszio.ch\/?page_id=2920\" class=\"more-link\"><span class=\"screen-reader-text\">\u201eEuch.koronavirus idej\u00e9n\u201c<\/span> weiterlesen<\/a><\/p>\n","protected":false},"author":2,"featured_media":0,"parent":0,"menu_order":0,"comment_status":"closed","ping_status":"closed","template":"","meta":{"footnotes":""},"class_list":["post-2920","page","type-page","status-publish","hentry"],"_links":{"self":[{"href":"https:\/\/magyar-misszio.ch\/index.php?rest_route=\/wp\/v2\/pages\/2920","targetHints":{"allow":["GET"]}}],"collection":[{"href":"https:\/\/magyar-misszio.ch\/index.php?rest_route=\/wp\/v2\/pages"}],"about":[{"href":"https:\/\/magyar-misszio.ch\/index.php?rest_route=\/wp\/v2\/types\/page"}],"author":[{"embeddable":true,"href":"https:\/\/magyar-misszio.ch\/index.php?rest_route=\/wp\/v2\/users\/2"}],"replies":[{"embeddable":true,"href":"https:\/\/magyar-misszio.ch\/index.php?rest_route=%2Fwp%2Fv2%2Fcomments&post=2920"}],"version-history":[{"count":3,"href":"https:\/\/magyar-misszio.ch\/index.php?rest_route=\/wp\/v2\/pages\/2920\/revisions"}],"predecessor-version":[{"id":2925,"href":"https:\/\/magyar-misszio.ch\/index.php?rest_route=\/wp\/v2\/pages\/2920\/revisions\/2925"}],"wp:attachment":[{"href":"https:\/\/magyar-misszio.ch\/index.php?rest_route=%2Fwp%2Fv2%2Fmedia&parent=2920"}],"curies":[{"name":"wp","href":"https:\/\/api.w.org\/{rel}","templated":true}]}}