{"id":3228,"date":"2021-06-26T14:45:37","date_gmt":"2021-06-26T14:45:37","guid":{"rendered":"http:\/\/magyar-misszio.ch\/?page_id=3228"},"modified":"2021-06-26T14:47:33","modified_gmt":"2021-06-26T14:47:33","slug":"jozsef-lepcso-slider","status":"publish","type":"page","link":"https:\/\/magyar-misszio.ch\/?page_id=3228","title":{"rendered":"Jozsef-lepcso-Slider"},"content":{"rendered":"<p>(A vet\u00edt\u00e9s k\u00e9peit kattint\u00e1ssal lehet l\u00e1tni, el\u0151sz\u00f6r h\u00fazd az egeret a k\u00e9pre \u00e9s a nyilakkal lehet navig\u00e1lni.)<\/p>\n\r\n    <div id=\"amazingslider-wrapper-9\" style=\"display:block;position:relative;max-width:900px;margin:0px auto 56px;\">\r\n        <div id=\"amazingslider-9\" style=\"display:block;position:relative;margin:0 auto;\">\r\n            <ul class=\"amazingslider-slides\" style=\"display:none;\">\r\n                <li><img decoding=\"async\" src=\"https:\/\/magyar-misszio.ch\/wp-content\/uploads\/amazingslider\/9\/images\/Folie01.JPG\" alt=\"Folie01\" \/>\r\n                <\/li>\r\n                <li><img decoding=\"async\" src=\"https:\/\/magyar-misszio.ch\/wp-content\/uploads\/amazingslider\/9\/images\/Folie02.JPG\" alt=\"Folie02\" \/>\r\n                <\/li>\r\n                <li><img decoding=\"async\" src=\"https:\/\/magyar-misszio.ch\/wp-content\/uploads\/amazingslider\/9\/images\/Folie03.JPG\" alt=\"Folie03\" \/>\r\n                <\/li>\r\n                <li><img decoding=\"async\" src=\"https:\/\/magyar-misszio.ch\/wp-content\/uploads\/amazingslider\/9\/images\/Folie04.JPG\" alt=\"Folie04\" \/>\r\n                <\/li>\r\n                <li><img decoding=\"async\" src=\"https:\/\/magyar-misszio.ch\/wp-content\/uploads\/amazingslider\/9\/images\/Folie05.JPG\" alt=\"Folie05\" \/>\r\n                <\/li>\r\n                <li><img decoding=\"async\" src=\"https:\/\/magyar-misszio.ch\/wp-content\/uploads\/amazingslider\/9\/images\/Folie06.JPG\" alt=\"Folie06\" \/>\r\n                <\/li>\r\n                <li><img decoding=\"async\" src=\"https:\/\/magyar-misszio.ch\/wp-content\/uploads\/amazingslider\/9\/images\/Folie07.JPG\" alt=\"Folie07\" \/>\r\n                <\/li>\r\n                <li><img decoding=\"async\" src=\"https:\/\/magyar-misszio.ch\/wp-content\/uploads\/amazingslider\/9\/images\/Folie08.JPG\" alt=\"Folie08\" \/>\r\n                <\/li>\r\n                <li><img decoding=\"async\" src=\"https:\/\/magyar-misszio.ch\/wp-content\/uploads\/amazingslider\/9\/images\/Folie09.JPG\" alt=\"Folie09\" \/>\r\n                <\/li>\r\n                <li><img decoding=\"async\" src=\"https:\/\/magyar-misszio.ch\/wp-content\/uploads\/amazingslider\/9\/images\/Folie10.JPG\" alt=\"Folie10\" \/>\r\n                <\/li>\r\n                <li><img decoding=\"async\" src=\"https:\/\/magyar-misszio.ch\/wp-content\/uploads\/amazingslider\/9\/images\/Folie11.JPG\" alt=\"Folie11\" \/>\r\n                <\/li>\r\n                <li><img decoding=\"async\" src=\"https:\/\/magyar-misszio.ch\/wp-content\/uploads\/amazingslider\/9\/images\/Folie12.JPG\" alt=\"Folie12\" \/>\r\n                <\/li>\r\n                <li><img decoding=\"async\" src=\"https:\/\/magyar-misszio.ch\/wp-content\/uploads\/amazingslider\/9\/images\/Folie13.JPG\" alt=\"Folie13\" \/>\r\n                <\/li>\r\n                <li><img decoding=\"async\" src=\"https:\/\/magyar-misszio.ch\/wp-content\/uploads\/amazingslider\/9\/images\/Folie14.JPG\" alt=\"Folie14\" \/>\r\n                <\/li>\r\n            <\/ul>\r\n            <ul class=\"amazingslider-thumbnails\" style=\"display:none;\">\r\n                <li><img decoding=\"async\" src=\"https:\/\/magyar-misszio.ch\/wp-content\/uploads\/amazingslider\/9\/images\/thumbnails\/Folie01-tn.JPG\" alt=\"Folie01\" \/><\/li>\r\n                <li><img decoding=\"async\" src=\"https:\/\/magyar-misszio.ch\/wp-content\/uploads\/amazingslider\/9\/images\/thumbnails\/Folie02-tn.JPG\" alt=\"Folie02\" \/><\/li>\r\n                <li><img decoding=\"async\" src=\"https:\/\/magyar-misszio.ch\/wp-content\/uploads\/amazingslider\/9\/images\/thumbnails\/Folie03-tn.JPG\" alt=\"Folie03\" \/><\/li>\r\n                <li><img decoding=\"async\" src=\"https:\/\/magyar-misszio.ch\/wp-content\/uploads\/amazingslider\/9\/images\/thumbnails\/Folie04-tn.JPG\" alt=\"Folie04\" \/><\/li>\r\n                <li><img decoding=\"async\" src=\"https:\/\/magyar-misszio.ch\/wp-content\/uploads\/amazingslider\/9\/images\/thumbnails\/Folie05-tn.JPG\" alt=\"Folie05\" \/><\/li>\r\n                <li><img decoding=\"async\" src=\"https:\/\/magyar-misszio.ch\/wp-content\/uploads\/amazingslider\/9\/images\/thumbnails\/Folie06-tn.JPG\" alt=\"Folie06\" \/><\/li>\r\n                <li><img decoding=\"async\" src=\"https:\/\/magyar-misszio.ch\/wp-content\/uploads\/amazingslider\/9\/images\/thumbnails\/Folie07-tn.JPG\" alt=\"Folie07\" \/><\/li>\r\n                <li><img decoding=\"async\" src=\"https:\/\/magyar-misszio.ch\/wp-content\/uploads\/amazingslider\/9\/images\/thumbnails\/Folie08-tn.JPG\" alt=\"Folie08\" \/><\/li>\r\n                <li><img decoding=\"async\" src=\"https:\/\/magyar-misszio.ch\/wp-content\/uploads\/amazingslider\/9\/images\/thumbnails\/Folie09-tn.JPG\" alt=\"Folie09\" \/><\/li>\r\n                <li><img decoding=\"async\" src=\"https:\/\/magyar-misszio.ch\/wp-content\/uploads\/amazingslider\/9\/images\/thumbnails\/Folie10-tn.JPG\" alt=\"Folie10\" \/><\/li>\r\n                <li><img decoding=\"async\" src=\"https:\/\/magyar-misszio.ch\/wp-content\/uploads\/amazingslider\/9\/images\/thumbnails\/Folie11-tn.JPG\" alt=\"Folie11\" \/><\/li>\r\n                <li><img decoding=\"async\" src=\"https:\/\/magyar-misszio.ch\/wp-content\/uploads\/amazingslider\/9\/images\/thumbnails\/Folie12-tn.JPG\" alt=\"Folie12\" \/><\/li>\r\n                <li><img decoding=\"async\" src=\"https:\/\/magyar-misszio.ch\/wp-content\/uploads\/amazingslider\/9\/images\/thumbnails\/Folie13-tn.JPG\" alt=\"Folie13\" \/><\/li>\r\n                <li><img decoding=\"async\" src=\"https:\/\/magyar-misszio.ch\/wp-content\/uploads\/amazingslider\/9\/images\/thumbnails\/Folie14-tn.JPG\" alt=\"Folie14\" \/><\/li>\r\n            <\/ul>\r\n        <\/div>\r\n    <\/div>\r\n    <link rel=\"stylesheet\" type=\"text\/css\" href=\"https:\/\/magyar-misszio.ch\/wp-content\/uploads\/amazingslider\/9\/sliderengine\/amazingslider.css\">\n<script src=\"https:\/\/magyar-misszio.ch\/wp-content\/uploads\/amazingslider\/9\/sliderengine\/initslider.js\"><\/script>\n\n","protected":false},"excerpt":{"rendered":"<p>(A vet\u00edt\u00e9s k\u00e9peit kattint\u00e1ssal lehet l\u00e1tni, el\u0151sz\u00f6r h\u00fazd az egeret a k\u00e9pre \u00e9s a nyilakkal lehet navig\u00e1lni.)<\/p>\n","protected":false},"author":2,"featured_media":0,"parent":0,"menu_order":0,"comment_status":"closed","ping_status":"closed","template":"blank-slate-template.php","meta":{"footnotes":""},"class_list":["post-3228","page","type-page","status-publish","hentry"],"_links":{"self":[{"href":"https:\/\/magyar-misszio.ch\/index.php?rest_route=\/wp\/v2\/pages\/3228","targetHints":{"allow":["GET"]}}],"collection":[{"href":"https:\/\/magyar-misszio.ch\/index.php?rest_route=\/wp\/v2\/pages"}],"about":[{"href":"https:\/\/magyar-misszio.ch\/index.php?rest_route=\/wp\/v2\/types\/page"}],"author":[{"embeddable":true,"href":"https:\/\/magyar-misszio.ch\/index.php?rest_route=\/wp\/v2\/users\/2"}],"replies":[{"embeddable":true,"href":"https:\/\/magyar-misszio.ch\/index.php?rest_route=%2Fwp%2Fv2%2Fcomments&post=3228"}],"version-history":[{"count":2,"href":"https:\/\/magyar-misszio.ch\/index.php?rest_route=\/wp\/v2\/pages\/3228\/revisions"}],"predecessor-version":[{"id":3230,"href":"https:\/\/magyar-misszio.ch\/index.php?rest_route=\/wp\/v2\/pages\/3228\/revisions\/3230"}],"wp:attachment":[{"href":"https:\/\/magyar-misszio.ch\/index.php?rest_route=%2Fwp%2Fv2%2Fmedia&parent=3228"}],"curies":[{"name":"wp","href":"https:\/\/api.w.org\/{rel}","templated":true}]}}