{"id":3539,"date":"2021-11-04T15:49:32","date_gmt":"2021-11-04T15:49:32","guid":{"rendered":"http:\/\/magyar-misszio.ch\/?page_id=3539"},"modified":"2021-12-04T17:49:02","modified_gmt":"2021-12-04T17:49:02","slug":"imak-a-szent-jozsef-kurzushoz","status":"publish","type":"page","link":"https:\/\/magyar-misszio.ch\/?page_id=3539","title":{"rendered":"im\u00e1k a Szent J\u00f3zsef kurzushoz"},"content":{"rendered":"<p><strong><span style=\"color: #0000ff;\">Im\u00e1ds\u00e1gok a Szent J\u00f3zsef &#8211; imakurzushoz<\/span><\/strong><\/p>\n<p>Szent J\u00f3zsef lit\u00e1nia <a href=\"https:\/\/magyar-misszio.ch\/wp-content\/uploads\/2021\/10\/Szent-Jozsef-litania-1.pdf\" target=\"_blank\" rel=\"noopener\">ide kattintva<\/a><br \/>\n<a href=\"https:\/\/magyar-misszio.ch\/wp-content\/uploads\/2021\/10\/imakurzushoz-egyeb-imadsagok.pdf\" target=\"_blank\" rel=\"noopener\">1.imalapunk<\/a><br \/>\n<a href=\"https:\/\/magyar-misszio.ch\/wp-content\/uploads\/2021\/11\/Szt.J.imalap-2.pdf\" target=\"_blank\" rel=\"noopener\">2.imalapunk<\/a><br \/>\n<a href=\"https:\/\/magyar-misszio.ch\/?page_id=3401\" target=\"_blank\" rel=\"noopener\">3.imalapunk<\/a><br \/>\nJ\u00f6jj Szentl\u00e9lek &#8211; Babits Mih\u00e1ly ford\u00edt\u00e1sa (<a href=\"http:\/\/nepenektar.hu\/idoszak\/punkosd\/liturgia\/194\/seq\/674\/jojj-szentlelek-isten-jojj-veni-sancte-spiritus\" target=\"_blank\" rel=\"noopener\">kotta \u00e9s meghalhat\u00f3 ide kattintva&#8230;<\/a> A meghallgathat\u00f3 r\u00e9szn\u00e9l az 1.22 perct\u0151l kezdve)<br \/>\n<a href=\"https:\/\/magyar-misszio.ch\/wp-content\/uploads\/2021\/11\/imalap-otthonra-4.pdf\" target=\"_blank\" rel=\"noopener\">4.imalapunk<\/a><br \/>\n<a href=\"https:\/\/magyar-misszio.ch\/wp-content\/uploads\/2021\/11\/imalap-otthonra-5.pdf\">5.imalapunk<\/a><br \/>\n<a href=\"https:\/\/magyar-misszio.ch\/wp-content\/uploads\/2021\/12\/Uennepelyes-imadsag-Szent-Jozsefhez.pdf\">6.imalapunk \u00e9s \u00fcnnep\u00e9lyes ima a v\u00e9g\u00e9n<\/a><\/p>\n<p><strong><span style=\"color: #0000ff;\">Tal\u00e1lkoz\u00e1saink v\u00e1zlatai<\/span><\/strong><\/p>\n<p>Az els\u0151 alkalom v\u00e1zlata (<a href=\"https:\/\/magyar-misszio.ch\/wp-content\/uploads\/2021\/10\/honlapra-1.alkalom-vazlata.pdf\" target=\"_blank\" rel=\"noopener\">vet\u00edt\u00e9s pdf form\u00e1tumban ide kattintva<\/a>)<br \/>\nA <a href=\"https:\/\/magyar-misszio.ch\/wp-content\/uploads\/2021\/11\/sz_jozsef_2.pdf\" target=\"_blank\" rel=\"noopener\">2. alkalom<\/a>, <a href=\"https:\/\/magyar-misszio.ch\/wp-content\/uploads\/2021\/11\/03-szetosztasra-a-vegen.pdf\" target=\"_blank\" rel=\"noopener\">3.alkalom<\/a>, <a href=\"https:\/\/magyar-misszio.ch\/wp-content\/uploads\/2021\/11\/04-szetosztasra-a-vegen.pdf\" target=\"_blank\" rel=\"noopener\">4.alkalom<\/a>, <a href=\"https:\/\/magyar-misszio.ch\/wp-content\/uploads\/2021\/11\/05-szetosztasra-a-vegen.pdf\" target=\"_blank\" rel=\"noopener\">5.alkalom<\/a>, <a href=\"https:\/\/magyar-misszio.ch\/wp-content\/uploads\/2021\/12\/6.imakurzsura.pdf\">6.alkalom<\/a><\/p>\n<p>&nbsp;<\/p>\n","protected":false},"excerpt":{"rendered":"<p>Im\u00e1ds\u00e1gok a Szent J\u00f3zsef &#8211; imakurzushoz Szent J\u00f3zsef lit\u00e1nia ide kattintva 1.imalapunk 2.imalapunk 3.imalapunk J\u00f6jj Szentl\u00e9lek &#8211; Babits Mih\u00e1ly ford\u00edt\u00e1sa (kotta \u00e9s meghalhat\u00f3 ide kattintva&#8230; A meghallgathat\u00f3 r\u00e9szn\u00e9l az 1.22 perct\u0151l kezdve) 4.imalapunk 5.imalapunk 6.imalapunk \u00e9s \u00fcnnep\u00e9lyes ima a v\u00e9g\u00e9n Tal\u00e1lkoz\u00e1saink v\u00e1zlatai Az els\u0151 alkalom v\u00e1zlata (vet\u00edt\u00e9s pdf form\u00e1tumban ide kattintva) A 2. alkalom, 3.alkalom, &hellip; <\/p>\n<p class=\"link-more\"><a href=\"https:\/\/magyar-misszio.ch\/?page_id=3539\" class=\"more-link\"><span class=\"screen-reader-text\">\u201eim\u00e1k a Szent J\u00f3zsef kurzushoz\u201c<\/span> weiterlesen<\/a><\/p>\n","protected":false},"author":2,"featured_media":0,"parent":0,"menu_order":0,"comment_status":"closed","ping_status":"closed","template":"","meta":{"footnotes":""},"class_list":["post-3539","page","type-page","status-publish","hentry"],"_links":{"self":[{"href":"https:\/\/magyar-misszio.ch\/index.php?rest_route=\/wp\/v2\/pages\/3539","targetHints":{"allow":["GET"]}}],"collection":[{"href":"https:\/\/magyar-misszio.ch\/index.php?rest_route=\/wp\/v2\/pages"}],"about":[{"href":"https:\/\/magyar-misszio.ch\/index.php?rest_route=\/wp\/v2\/types\/page"}],"author":[{"embeddable":true,"href":"https:\/\/magyar-misszio.ch\/index.php?rest_route=\/wp\/v2\/users\/2"}],"replies":[{"embeddable":true,"href":"https:\/\/magyar-misszio.ch\/index.php?rest_route=%2Fwp%2Fv2%2Fcomments&post=3539"}],"version-history":[{"count":5,"href":"https:\/\/magyar-misszio.ch\/index.php?rest_route=\/wp\/v2\/pages\/3539\/revisions"}],"predecessor-version":[{"id":3607,"href":"https:\/\/magyar-misszio.ch\/index.php?rest_route=\/wp\/v2\/pages\/3539\/revisions\/3607"}],"wp:attachment":[{"href":"https:\/\/magyar-misszio.ch\/index.php?rest_route=%2Fwp%2Fv2%2Fmedia&parent=3539"}],"curies":[{"name":"wp","href":"https:\/\/api.w.org\/{rel}","templated":true}]}}