{"id":358,"date":"2018-04-07T12:58:54","date_gmt":"2018-04-07T12:58:54","guid":{"rendered":"http:\/\/magyar-misszio.ch\/?page_id=358"},"modified":"2024-04-20T10:59:56","modified_gmt":"2024-04-20T10:59:56","slug":"irg-uzenete","status":"publish","type":"page","link":"https:\/\/magyar-misszio.ch\/?page_id=358","title":{"rendered":"irg-uzenete"},"content":{"rendered":"<p class=\"style4\" style=\"text-align: center;\"><b><span style=\"color: #ff0000; font-size: x-large;\">Az Isteni Irgalmass\u00e1g \u00fczenete<\/span><\/b><\/p>\n<p><a href=\"https:\/\/magyar-misszio.ch\/?page_id=6435\">szem\u00e9lyes besz\u00e1mol\u00f3 az \u00fcnnepr\u0151l ide kattintva&#8230;<\/a><\/p>\n<p style=\"text-align: justify;\"><span style=\"text-align: justify; font-size: 1rem;\">Aki nem katolikus, az is tal\u00e1n l\u00e1tta m\u00e1r az eg\u00e9sz vil\u00e1gon elterjedt irgalmas J\u00e9zus k\u00e9pet:<\/span><\/p>\n<p><img fetchpriority=\"high\" decoding=\"async\" class=\"aligncenter wp-image-345 size-medium\" style=\"filter: invert(0);\" src=\"https:\/\/magyar-misszio.ch\/wp-content\/uploads\/2018\/04\/kep-204x300.jpg\" alt=\"\" width=\"204\" height=\"300\" data-id=\"345\" srcset=\"https:\/\/magyar-misszio.ch\/wp-content\/uploads\/2018\/04\/kep-204x300.jpg 204w, https:\/\/magyar-misszio.ch\/wp-content\/uploads\/2018\/04\/kep-768x1130.jpg 768w, https:\/\/magyar-misszio.ch\/wp-content\/uploads\/2018\/04\/kep-696x1024.jpg 696w, https:\/\/magyar-misszio.ch\/wp-content\/uploads\/2018\/04\/kep.jpg 1000w\" sizes=\"(max-width: 204px) 100vw, 204px\" \/><\/p>\n<p style=\"text-align: justify;\"><span lang=\"EN-GB\"><strong><span style=\"color: #0000ff;\">Mi a k\u00e9p \u00fczenete?<\/span><\/strong> El\u00e9rkezett az id\u0151, hogy a vil\u00e1g \u00fajb\u00f3l felismerje Isten irgalmass\u00e1g\u00e1nak minden embert megsz\u00f3l\u00edt\u00f3 \u00fczenet\u00e9t, azt az igazs\u00e1got, melynek terjeszt\u00e9s\u00e9re J\u00e9zus egy lengyel ap\u00e1c\u00e1t,\u00a0F<a href=\"http:\/\/vecses-irgalmas.vaciegyhazmegye.hu\/egyeb\/faustina.html\" target=\"_blank\" rel=\"noopener\">ausztina<\/a> n\u0151v\u00e9rt\u00a0b\u00edzta meg. Fausztina n\u0151v\u00e9rnek J\u00e9zus t\u00f6bbsz\u00f6r megjelent,\u00a0 \u00e9s eddig ez az utols\u00f3 J\u00e9zus-jelen\u00e9s, amit az egyh\u00e1z hivatalosan elismert.\u00a0 Faustina n\u0151v\u00e9rnek le kellett \u00edrnia l\u00e1tom\u00e1sait, \u00edgy keletkezett napl\u00f3ja (lelki \u00f6n\u00e9letrajza) \u00e9let\u00e9nek 4 utols\u00f3 \u00e9v\u00e9ben. (magyar nyelven <a href=\"http:\/\/www.ppek.hu\/k72.htm\" target=\"_blank\" rel=\"noopener\">ide kattintva<\/a> let\u00f6lthet\u0151).<\/span><\/p>\n<p style=\"font-weight: 400; text-align: justify;\">\u00a0\u00a0\u00a0<strong>Isten legf\u0151bb tulajdons\u00e1g\u00e1nak\u00a0<\/strong>Fausztina n\u0151v\u00e9r az irgalmass\u00e1got tartja (Napl\u00f3 301), amelyet m\u00e1shol a szeretet vir\u00e1g\u00e1nak (Napl\u00f3 651) nevez. Ez a csod\u00e1latos \u00fczenet, hogy <span style=\"color: #0000ff;\">az Isten, ami Urunk irgalmas \u00e9s v\u00e1r benn\u00fcnket<\/span> am\u00edg nem k\u00e9s\u0151, sz\u00e9pen terjed a vil\u00e1gon, s amelynek terjeszt\u00e9s\u00e9re mi is meg vagyunk h\u00edvva.<\/p>\n<p style=\"font-weight: 400; text-align: justify;\">\u00a0\u00a0\u00a0\u00a0\u00a0Vess\u00fcnk egy pillant\u00e1st\u00a0<strong>R\u00f3m\u00e1<\/strong>ra, ahova nap mint nap sz\u00e1zak \u00e9s ezrek zar\u00e1ndokolnak az irgalmass\u00e1g tisztelet\u00e9nek r\u00f3mai k\u00f6zpontj\u00e1ba, a Szentl\u00e9lek templomba, mely a Szent P\u00e9ter bazilika t\u0151szomsz\u00e9ds\u00e1g\u00e1ban van, s melyet sokan II. J\u00e1nos P\u00e1l p\u00e1pa kedvenc templom\u00e1nak neveznek. \u00c9vr\u0151l \u00e9vre a<span style=\"font-size: 1rem;\">\u00a0t\u00f6bb ezer h\u00edv\u0151 be sem f\u00e9rt a templomba az Isteni Irgalmass\u00e1g \u00fcnnep\u00e9n, hanem a k\u00f6rnyez\u0151 utc\u00e1kon nagy kivet\u00edt\u0151k seg\u00edts\u00e9g\u00e9vel kapcsol\u00f3dtak be az im\u00e1ds\u00e1gba. <\/span><\/p>\n<p style=\"text-align: justify;\"><strong>Krakk\u00f3ban<\/strong> m\u00e9g \u00faj, igaz\u00e1n gy\u00f6ny\u00f6r\u0171\u00a0bazilika\u00a0is \u00e9p\u00fclt ebb\u0151l a c\u00e9lb\u00f3l, melyet II. J\u00e1nos P\u00e1l p\u00e1pa szentelt fel 1997-ben \u00e9s melynek alagsor\u00e1ban egy sz\u00e9p magyar k\u00e1polna is tal\u00e1lhat\u00f3 eml\u00e9k\u00e9re annak, hogy milyen \u00e9l\u00e9nk bar\u00e1ts\u00e1g f\u0171zte \u00f6ssze a lengyeleket \u00e9s a magyarokat!<\/p>\n<p style=\"font-weight: 400; text-align: justify;\"><span style=\"font-size: 1rem;\">Ha\u00a0<\/span><strong style=\"font-size: 1rem;\">Magyarorsz\u00e1g<\/strong><span style=\"font-size: 1rem;\">ra tekint\u00fcnk, akkor sem kell sz\u00e9gyenkezn\u00fcnk, hiszen n\u00f6vekszik azoknak a h\u00edv\u0151knek sz\u00e1ma, akik komolyan veszik J\u00e9zus k\u00e9r\u00e9s\u00e9t; ezt mutatja az egyre t\u00f6bb templom, ahol az Irgalmass\u00e1g tisztelete eleven:<\/span><\/p>\n<p style=\"text-align: left;\">Vecs\u00e9s (<a href=\"http:\/\/vecses-irgalmas.vaciegyhazmegye.hu\/?page_id=39\">http:\/\/vecses-irgalmas.vaciegyhazmegye.hu\/?page_id=39<\/a>), ahol\u00a0 az olt\u00e1rk\u00e9pet\u00a0sokan az eredeti krakk\u00f3i festm\u00e9ny legszebb magyar m\u00e1solat\u00e1nak tartj\u00e1k.<br \/>\nDe ezenk\u00edv\u00fcl pl.\u00a0V\u00e1rpalota (<a href=\"http:\/\/www.katolikus.hu\/ujember\/Archivum\/000402\/0905.html\">http:\/\/www.katolikus.hu\/ujember\/Archivum\/000402\/0905.html<\/a>),<br \/>\nBalatonkereszt\u00far (<a href=\"http:\/\/www.balatonihirek.hu\/index.php?id=1622\">http:\/\/www.balatonihirek.hu\/index.php?id=1622<\/a>) ,<br \/>\nMiskolc (<a href=\"http:\/\/uj.katolikus.hu\/esnap.php?esem=623\">http:\/\/uj.katolikus.hu\/esnap.php?esem=623<\/a>).<\/p>\n<p style=\"font-weight: 400; text-align: justify;\">\u00a0\u00a0\u00a0\u00a0\u00a0Ismerkedj\u00fcnk meg teh\u00e1t egy kicsit m\u00e9g k\u00f6zelebbr\u0151l katolikus egyh\u00e1zunknak ezzel az \u00faj de m\u00e9gis \u0151si \u00fczenet\u00e9vel.<\/p>\n<p style=\"font-weight: 400; text-align: center;\"><span style=\"font-size: 14pt; color: #0000ff;\"><strong><em>Az irgalmass\u00e1g tisztelete<\/em><\/strong><\/span><\/p>\n<p style=\"font-weight: 400; text-align: justify;\">\u00a0\u00a0\u00a0\u00a0\u00a0J\u00e9zus l\u00e1tom\u00e1s\u00e1ban \u00edgy sz\u00f3lt:<em>\u00a0,<span style=\"color: #0000ff;\">,Nem b\u00fcntetni akarom a s\u00e9r\u00fclt emberis\u00e9get, ink\u00e1bb meg akarom gy\u00f3gy\u00edtani \u00e9s irgalmas Sz\u00edvemre szor\u00edtani&#8220;<\/span> (Napl\u00f3 1588). <span style=\"color: #0000ff;\">,,A b\u00fcntet\u00e9st csak akkor alkalmazom, ha \u0151k maguk k\u00e9nyszer\u00edtenek erre. Nem sz\u00edvesen ny\u00falok az igazs\u00e1gszolg\u00e1ltat\u00e1s kardj\u00e1hoz. Az igazs\u00e1g napja el\u0151tt az irgalmass\u00e1g napj\u00e1t k\u00fcld\u00f6m&#8220;<\/span> (Napl\u00f3 1588).<\/em><\/p>\n<p style=\"font-weight: 400; text-align: justify;\">\u00a0\u00a0\u00a0\u00a0 Az Isteni Irgalmass\u00e1g \u00fczenete\u00a0<em>utols\u00f3 es\u00e9ly (Napl\u00f3 998), a v\u00e9gs\u0151 id\u0151k jele (Napl\u00f3 848),<\/em>\u00a0biztos lehet\u0151s\u00e9g, de\u00a0<em>utols\u00f3 ment\u0151\u00f6v<\/em>\u00a0<em>(Napl\u00f3 687),<\/em>ami a vil\u00e1gnak adatik<em>. ,,Sok l\u00e9lek fog \u00e1ltala visszafordulni a pokol kapuj\u00e1t\u00f3l&#8220;<\/em>\u00a0<em>(Napl\u00f3 639).<\/em>\u00a0\u00a0A szervez\u0151d\u0151 \u00e9s elhatalmasod\u00f3 b\u0171nnel szemben \u00faj f\u00e9ny t\u0171nik fel az Egyh\u00e1z eg\u00e9n: az Isteni Irgalmass\u00e1g \u00fczenete, annak teljesebb meg\u00e9rt\u00e9se s a bel\u0151le fakad\u00f3 lelki gy\u00fcm\u00f6lcs\u00f6k.<\/p>\n<p style=\"font-weight: 400; text-align: justify;\">\u00a0\u00a0\u00a0\u00a0\u00a0<strong>B\u00e1rki r\u00e9szesedhet benne, m\u00e9g a b\u0171n feneketlen m\u00e9lys\u00e9g\u00e9be t\u00e1ntorodott l\u00e9lek is.\u00a0<em>,,Isten senkit\u0151l<\/em>\u00a0<em>sem tagadja meg irgalm\u00e1t&#8220;<\/em>\u00a0<em>(Napl\u00f3 72).<\/em>\u00a0<\/strong>J\u00e9zus \u00edgy sz\u00f3l err\u0151l a Napl\u00f3ban:\u00a0<span style=\"color: #0000ff;\"><strong><em>,,Ne f\u00e9ljen a gyenge, a b\u0171n\u00f6s l\u00e9lek k\u00f6zeledni hozz\u00e1m, m\u00e9g ha t\u00f6bb v\u00e9tke is lenne, mint amennyi homok van a f\u00f6ld\u00f6n,\u00a0<\/em><em>minden elmer\u00fcl irgalmam m\u00e9lys\u00e9g\u00e9ben&#8220;<\/em>\u00a0<\/strong><\/span><em>(Napl\u00f3 1059).<\/em>\u00a0<em>,,Ha a l\u00e9lek m\u00e1r oszl\u00f3 hulla lenne, s emberi \u00e9rtelemben k\u00e9ptelen az \u00fajj\u00e1\u00e9led\u00e9sre, s m\u00e1r\u00a0<\/em><em>minden el volna veszve, nem \u00edgy az Istenn\u00e9l! Az irgalmass\u00e1g csod\u00e1ja teljesen \u00e9letre kelti a lelket&#8220;<\/em>\u00a0<em>(Napl\u00f3 1448).<\/em>\u00a0<span style=\"color: #0000ff;\"><strong><em>,,Nem tudom megb\u00fcntetni, m\u00e9g ha a legnagyobb b\u0171n\u00f6s is lenne, azt, aki irgalmamra hivatkozik, hanem felmentem \u0151t m\u00e9rhetetlen \u00e9s kif\u00fcrk\u00e9szhetetlen irgalmamban. \u00cdrd: Miel\u0151tt elj\u00f6v\u00f6k mint igazs\u00e1gos b\u00edr\u00f3, el\u0151bb sz\u00e9lesre kit\u00e1rom irgalmam kapuj\u00e1t&#8220;<\/em>\u00a0<\/strong><\/span><strong><em>(Napl\u00f3 1146).<\/em><\/strong><\/p>\n<p style=\"font-weight: 400; text-align: justify;\">\u00a0\u00a0\u00a0\u00a0\u00a0\u00a0\u00a0A b\u0171nben \u00e9l\u0151k\u00e9rt v\u00e1llalt \u00e1ldozat \u00e9s im\u00e1ds\u00e1g hat\u00e9kony \u00e9s kedves Urunk el\u0151tt<em>: ,,Mindig megvigasztalsz, ha a b\u0171n\u00f6s\u00f6k\u00e9rt im\u00e1dkozol. Legkedvesebb dolog el\u0151ttem az ima &#8212; a b\u0171n\u00f6s\u00f6k megt\u00e9r\u00e9s\u00e9\u00e9rt mondott ima. Tudd meg, le\u00e1nyom, ezt az im\u00e1t mindig meghallgatom.&#8220; (Napl\u00f3 1397)<\/em><\/p>\n<p style=\"text-align: center;\"><span style=\"font-size: 18pt; color: #ff0000;\"><strong><em>A lelkis\u00e9g 5 m\u00f3dja<\/em><\/strong><\/span><\/p>\n<p style=\"text-align: justify;\">\u00a0\u00a0\u00a0\u00a0\u00a0\u00a0\u00a0\u00a0Fausztina n\u0151v\u00e9r J\u00e9zus k\u00e9r\u00e9s\u00e9re az Isteni Irgalmass\u00e1ggal kapcsolatban mindazon lehet\u0151s\u00e9gekr\u0151l is \u00edrt, amelyek mind az egy\u00e9ni lelkis\u00e9g form\u00e1l\u00e1s\u00e1t t\u00e1mogatj\u00e1k. Az Egyh\u00e1z enged\u00e9lyezte <strong>az Isteni Irgalmass\u00e1g kultusz\u00e1nak \u00f6t m\u00f3dj\u00e1t.<\/strong><\/p>\n<p style=\"text-align: justify;\">\u00a0\u00a0\u00a0\u00a0\u00a0\u00a0\u00a0<span style=\"color: #0000ff;\"><strong>1.)<\/strong> <strong><em>Az Irgalmas J\u00e9zus k\u00e9pe<\/em><\/strong><em>.<\/em><\/span> Rajz\u00e1t Plockban, 1931. febru\u00e1r 22-\u00e9n kapott l\u00e1tom\u00e1s alapj\u00e1n jegyezte fel a n\u0151v\u00e9r. ,,Este, amikor a cell\u00e1mban voltam, <strong>megpillantottam az \u00dar J\u00e9zust <\/strong>feh\u00e9r ruh\u00e1ban. Egyik kez\u00e9t \u00e1ld\u00e1sra emelte, a m\u00e1sikkal meg\u00e9rintette mell\u00e9n a ruh\u00e1j\u00e1t. Mell\u00e9b\u0151l a ruha ny\u00edl\u00e1s\u00e1n k\u00e9t hatalmas sug\u00e1r t\u00f6rt el\u0151, egy piros \u00e9s egy halv\u00e1ny. &#8230; Kis id\u0151 m\u00falva azt mondta J\u00e9zus:<em> &#8218;Fess egy k\u00e9pet annak alapj\u00e1n, amit l\u00e1tsz, ezzel az al\u00e1\u00edr\u00e1ssal: J\u00e9zusom, b\u00edzom Benned&#8216; (Napl\u00f3 47). <\/em><\/p>\n<p style=\"text-align: justify;\">\u00a0\u00a0\u00a0\u00a0\u00a0\u00a0\u00a0Krisztusnak ezen a k\u00e9p\u00e9n jellemz\u0151 a k\u00e9t sug\u00e1r. Jelent\u0151s\u00e9g\u00e9r\u0151l k\u00e9rdezve \u00edgy v\u00e1laszol az \u00dar: <em>&#8218;A halv\u00e1ny sug\u00e1r a vizet jelenti, ami a lelket tiszt\u00edtja meg, a piros a v\u00e9rt, amely a l\u00e9lek \u00e9lete. &#8230; Boldog, aki ezek \u00e1rny\u00e9k\u00e1ban \u00e9l&#8216; (Napl\u00f3 299).<\/em> A lelket a kereszts\u00e9g \u00e9s b\u0171nb\u00e1nat szents\u00e9ge tiszt\u00edtja meg, \u00e9s legb\u0151s\u00e9gesebben az Olt\u00e1riszents\u00e9g t\u00e1pl\u00e1lja. <strong>A k\u00e9t sug\u00e1r teh\u00e1t a szents\u00e9geket \u00e9s a Szentl\u00e9lek \u00f6sszes kegyelm\u00e9t jelenti &#8212; amelynek bibliai jelk\u00e9pe a v\u00edz &#8211;, valamint az \u00faj sz\u00f6vets\u00e9get Isten \u00e9s ember k\u00f6z\u00f6tt, amelyet J\u00e9zus az \u0150 v\u00e9re \u00e1ltal k\u00f6t\u00f6tt&#8230;<\/strong><\/p>\n<p style=\"text-align: justify;\">\u00a0\u00a0\u00a0\u00a0\u00a0\u00a0\u00a0\u00a0<strong><em>,,A k\u00e9p \u00e1ltal sok kegyelmet fogok kiosztani a lelkeknek, ez\u00e9rt hozz\u00e1f\u00e9rhet\u0151v\u00e9 kell tenni minden l\u00e9lek sz\u00e1m\u00e1ra&#8220; (Napl\u00f3 570).<\/em><\/strong><\/p>\n<p style=\"text-align: justify;\"><strong>\u00a0\u00a0\u00a0\u00a0\u00a0\u00a0\u00a0\u00a0<\/strong><span style=\"color: #0000ff;\"><strong>2.)<\/strong> <strong><em>Az Irgalmass\u00e1g \u00fcnnepe<\/em><\/strong><em>.<\/em> <\/span>Isten Irgalmass\u00e1g\u00e1nak tisztelet\u00e9ben ez \u00e1ll els\u0151 helyen. J\u00e9zus els\u0151 alkalommal 1931-ben, Plockban besz\u00e9lt Fausztina n\u0151v\u00e9rnek arr\u00f3l a k\u00edv\u00e1ns\u00e1g\u00e1r\u00f3l, hogy \u00fcnnepet szenteljenek az Isten Irgalmass\u00e1g\u00e1nak: <strong><em>&#8218;Azt k\u00edv\u00e1nom, hogy legyen az Irgalmass\u00e1gnak \u00fcnnepe. <\/em><\/strong><em>Azt\u00a0 k\u00edv\u00e1nom, hogy a k\u00e9pet, melyet ecsettel fogsz megfesteni, h\u00fasv\u00e9t ut\u00e1n az els\u0151 vas\u00e1rnapon \u00fcnnep\u00e9lyesen \u00e1ldj\u00e1k meg! Ez a vas\u00e1rnap legyen az Irgalmass\u00e1g \u00fcnnepe&#8216; (Napl\u00f3 49).<\/em><\/p>\n<p style=\"text-align: justify;\">\u00a0\u00a0\u00a0\u00a0\u00a0\u00a0\u00a0Az Irgalmass\u00e1g \u00fcnnep\u00e9nek H\u00fasv\u00e9t ut\u00e1ni els\u0151 vas\u00e1rnapra t\u00f6rt\u00e9n\u0151 helyez\u00e9se m\u00e9ly teol\u00f3giai \u00e9rtelemmel b\u00edr, amely a megv\u00e1lt\u00e1s h\u00fasv\u00e9ti titka \u00e9s az Isteni Irgalmass\u00e1g titka k\u00f6z\u00f6tt fenn\u00e1ll\u00f3 szoros \u00f6sszef\u00fcgg\u00e9sre utal. <u>Ezt az \u00f6sszef\u00fcgg\u00e9st hangs\u00falyozza az \u00fcnnepet el\u0151k\u00e9sz\u00edt\u0151 Isteni Irgalmass\u00e1ghoz v\u00e9gzett <\/u><strong><u>kilenced, amit Nagyp\u00e9nteken kell elkezdeni. &#8230;<\/u><\/strong><\/p>\n<p style=\"text-align: justify;\">\u00a0\u00a0\u00a0\u00a0\u00a0\u00a0Ennek az \u00fcnnepnek nagys\u00e1g\u00e1t a hozz\u00e1f\u0171z\u00f6tt \u00edg\u00e9retek nagys\u00e1g\u00e1val lehet lem\u00e9rni, melyeket J\u00e9zus \u00edg\u00e9rt:<em> &#8218;Aki ezen a napon az \u00c9let Forr\u00e1s\u00e1hoz j\u00e1rul, b\u0171nei \u00e9s az \u00e9rt\u00fck j\u00e1r\u00f3 b\u00fcntet\u00e9s teljes elenged\u00e9s\u00e9t nyeri el&#8216; (Napl\u00f3 300).<\/em> <em>&#8218;Ezen a napon megny\u00edlik irgalmam m\u00e9lys\u00e9ge: a kegyelmek tenger\u00e9t \u00e1rasztom minden l\u00e9lekre, aki irgalmam forr\u00e1s\u00e1hoz k\u00f6zel\u00edt. Egy l\u00e9lek se f\u00e9ljen k\u00f6zeledni hozz\u00e1m, m\u00e9g ha b\u0171nei skarl\u00e1tpirosak lenn\u00e9nek is&#8216; (Napl\u00f3 699).<\/em><\/p>\n<p style=\"text-align: justify;\">\u00a0\u00a0\u00a0\u00a0\u00a0\u00a0\u00a0<span style=\"color: #0000ff;\"><strong>3.)<\/strong> <strong><em>Az Isteni Irgalmass\u00e1g r\u00f3zsaf\u00fcz\u00e9re<\/em><\/strong><\/span>. Ezt a r\u00f3zsaf\u00fcz\u00e9rt J\u00e9zus Vilniusban, 1935. szeptember 13-14-\u00e9n dikt\u00e1lta Fausztina n\u0151v\u00e9rnek <strong>bocs\u00e1nat\u00e9rt k\u00f6ny\u00f6rg\u0151, Isten haragj\u00e1t lecsillap\u00edt\u00f3 imak\u00e9nt <\/strong>(v\u00f6. <em>Napl\u00f3 474-476<\/em>).<span style=\"font-size: large;\"><span lang=\"DE-AT\"><span style=\"font-size: 12pt;\"><img decoding=\"async\" class=\"alignleft wp-image-335 size-thumbnail\" style=\"filter: invert(0);\" src=\"https:\/\/magyar-misszio.ch\/wp-content\/uploads\/2018\/04\/Barmherzigkeitrosenkranz-150x150.jpg\" alt=\"\" width=\"150\" height=\"150\" data-id=\"335\" srcset=\"https:\/\/magyar-misszio.ch\/wp-content\/uploads\/2018\/04\/Barmherzigkeitrosenkranz-150x150.jpg 150w, https:\/\/magyar-misszio.ch\/wp-content\/uploads\/2018\/04\/Barmherzigkeitrosenkranz-300x300.jpg 300w, https:\/\/magyar-misszio.ch\/wp-content\/uploads\/2018\/04\/Barmherzigkeitrosenkranz-100x100.jpg 100w, https:\/\/magyar-misszio.ch\/wp-content\/uploads\/2018\/04\/Barmherzigkeitrosenkranz.jpg 500w\" sizes=\"(max-width: 150px) 100vw, 150px\" \/><\/span><\/span><\/span><span style=\"font-size: 12pt;\"><span lang=\"DE-AT\"><br \/>\nEzt az im\u00e1ds\u00e1got az\u00f3ta a vil\u00e1g katolikus templomaiban rendszeresen im\u00e1dkozz\u00e1k, k\u00fcl\u00f6n\u00f6sen p\u00e9ntekenk\u00e9nt, \u00e9s vil\u00e1g sz\u00e1mtalan orsz\u00e1g\u00e1ban a katolikus r\u00e1di\u00f3kban (pl. M\u00e1ria r\u00e1di\u00f3k) p\u00e9ntekenk\u00e9nt vagy minden nap d\u00e9lut\u00e1n h\u00e1rom \u00f3rakor ezt az im\u00e1t im\u00e1dkozz\u00e1k.<br \/>\nMi is aj\u00e1nljuk a kedves h\u00edv\u0151knek, hogy im\u00e1dkozz\u00e1k ezt, nemcsak saj\u00e1t maguk\u00e9rt, hanem pl. betegek\u00e9rt vagy haldokl\u00f3k\u00e9rt \u00e9s halottak\u00e9rt is felaj\u00e1nlva.<\/span><\/span><\/p>\n<p style=\"text-align: justify;\"><span style=\"font-size: 12pt;\">Az isteni irgalmass\u00e1g im\u00e1ds\u00e1gai\u00a0k\u00f6z\u00f6tt kiemelkedik az irgalmass\u00e1g r\u00f3zsaf\u00fcz\u00e9re, melyet\u00a0<strong><span style=\"color: #ff0000;\"><a style=\"color: #ff0000;\" href=\"https:\/\/magyar-misszio.ch\/?page_id=342\">magyarul itt<\/a><\/span>,<\/strong>\u00a0<a href=\"https:\/\/magyar-misszio.ch\/?page_id=352\">n\u00e9met\u00fcl pedig itt<\/a>\u00a0tal\u00e1lunk.<\/span><\/p>\n<p style=\"text-align: justify;\">\u00a0\u00a0\u00a0\u00a0\u00a0\u00a0\u00a0Ebben az im\u00e1ban irgalmat k\u00e9r\u00fcnk magunknak \u00e9s az eg\u00e9sz vil\u00e1gnak. Ezzel az irgalmass\u00e1g cselekedet\u00e9t gyakoroljuk. &#8230; A h\u00edv\u0151k elnyerhetik Krisztus \u00edg\u00e9ret\u00e9t, mely f\u0151leg hal\u00e1luk \u00f3r\u00e1j\u00e1t illeti: a megt\u00e9r\u00e9s kegyelm\u00e9t \u00e9s a b\u00e9k\u00e9s hal\u00e1lt. Nemcsak azok, akik ezt a r\u00f3zsaf\u00fcz\u00e9rt im\u00e1dkozz\u00e1k, hanem a <strong>haldokl\u00f3k is, akik mellett<\/strong> ezt m\u00e1sok mondj\u00e1k. J\u00e9zus mondta: <em>&#8218;Ha ezt az im\u00e1t haldokl\u00f3 mellett mondj\u00e1k, m\u00e9rs\u00e9kl\u0151dik Isten haragja, \u00e9s m\u00e9rhetetlen irgalom veszi k\u00f6r\u00fcl a lelket&#8216; <\/em><em>(Napl\u00f3 811).<\/em> Az \u00e1ltal\u00e1nos \u00edg\u00e9ret \u00edgy hangzik: <strong><em>&#8218;\u00dagy tetszik nekem, hogy ez \u00e1ltal az ima \u00e1ltal mindent megadjak, amire engem k\u00e9rtek (Napl\u00f3 1541), &#8230; ha ez megegyezik akaratommal&#8216; (Napl\u00f3 1731).<\/em><\/strong> Mindaz, ami nem egyezik Isten akarat\u00e1val, nem j\u00f3 az embernek sem, f\u0151leg \u00f6r\u00f6k boldogs\u00e1g\u00e1ra vonatkoz\u00f3an.<\/p>\n<p style=\"text-align: justify;\">\u00a0\u00a0\u00a0\u00a0\u00a0\u00a0\u00a0\u00a0M\u00e1s helyen ezt mondta J\u00e9zus: <em><strong>,,Azokat a lelkeket, akik ezt a r\u00f3zsaf\u00fcz\u00e9rt im\u00e1dkozz\u00e1k, m\u00e1r \u00e9let\u00fckben k\u00f6r\u00fcl\u00f6leli irgalmam, k\u00fcl\u00f6n\u00f6sen pedig hal\u00e1luk \u00f3r\u00e1j\u00e1n&#8220;<\/strong> (Napl\u00f3 754).<\/em><\/p>\n<p style=\"text-align: justify;\">\u00a0\u00a0\u00a0\u00a0\u00a0\u00a0\u00a0 <span style=\"color: #0000ff;\"><strong>4.)<\/strong> <\/span><strong><em><span style=\"color: #0000ff;\">Az Irgalmass\u00e1g \u00f3r\u00e1ja<\/span>.<\/em><\/strong> 1937. okt\u00f3ber\u00e9ben Krakk\u00f3ban Fausztina n\u0151v\u00e9r figyelm\u00e9t az \u00dar J\u00e9zus hal\u00e1la \u00f3r\u00e1j\u00e1nak tisztelet\u00e9re h\u00edvta fel: <strong><em>&#8218;Valah\u00e1nyszor hallod, hogy h\u00e1rmat \u00fct az \u00f3ra, mer\u00fclj el teljesen irgalmass\u00e1gomban, dics\u0151\u00edtsd \u00e9s magasztald;<\/em><\/strong><em> h\u00edvd le az eg\u00e9sz vil\u00e1gra hatalm\u00e1t, f\u0151leg a szeg\u00e9ny b\u0171n\u00f6s\u00f6kre, mert az irgalom ebben az \u00f3r\u00e1ban ny\u00edlt meg teljesen a lelkek sz\u00e1m\u00e1ra&#8216; (Napl\u00f3 1572)<\/em><em>.<\/em> Az \u00dar J\u00e9zus el\u00e9g pontosan megadta azt az imam\u00f3dot is, ami Isten Irgalmass\u00e1g\u00e1nak kultusz\u00e1ban ennek a form\u00e1nak legjobban megfelel: <em><u>&#8218;Igyekezz ebben az \u00f3r\u00e1ban elv\u00e9gezni a keresztutat! &#8212; <\/u><\/em><u>mondta Fausztin\u00e1nak<\/u> &#8212;<em> Ha ez nem lehets\u00e9ges, kis id\u0151re t\u00e9rj be a k\u00e1poln\u00e1ba, tiszteld irgalommal teli Sz\u00edvemet a Legm\u00e9lt\u00f3s\u00e1gosabb Olt\u00e1riszents\u00e9gben. Ha ez sem lehets\u00e9ges, akkor mer\u00fclj el im\u00e1ds\u00e1gban &#8212; ha r\u00f6viden is &#8212; ott, ahol \u00e9ppen vagy&#8216; (Napl\u00f3 1572).<\/em><\/p>\n<p style=\"text-align: justify;\">\u00a0\u00a0\u00a0\u00a0\u00a0\u00a0\u00a0\u00a0\u00a0<span style=\"color: #0000ff;\"><strong>5.)<\/strong> <strong><em>Az Irgalmass\u00e1g tisztelet\u00e9nek terjeszt\u00e9se<\/em><\/strong><\/span>. Ezt az\u00e9rt emelhetj\u00fck ki, mert ehhez is \u00edg\u00e9retek f\u0171z\u0151dnek. Ennek rendk\u00edv\u00fcl l\u00e9nyeges r\u00e9sze az Isteni Irgalmass\u00e1g \u00fczenet\u00e9nek terjeszt\u00e9se, vagyis <strong><em>az apostolkod\u00e1s<\/em><\/strong>, valamint az Istent\u0151l t\u00e1vol \u00e9l\u0151 testv\u00e9reink\u00e9rt v\u00e9gzett im\u00e1ds\u00e1g. J\u00e9zus \u00edgy sz\u00f3l: <em>,,Azokat a lelkeket, <strong>akik irgalmass\u00e1gom tisztelet\u00e9t terjesztik, <\/strong>eg\u00e9sz \u00e9let\u00fckben megoltalmazom, mint gyeng\u00e9d anya \u00f3vja\u00a0 csecsem\u0151j\u00e9t. Hal\u00e1luk \u00f3r\u00e1j\u00e1n pedig nem b\u00edr\u00e1juk, hanem irgalmas Megv\u00e1lt\u00f3juk leszek&#8220; (Napl\u00f3 1075).<\/em><\/p>\n<p style=\"text-align: justify;\">\u00a0\u00a0\u00a0\u00a0\u00a0\u00a0\u00a0\u00a0\u00a0J\u00e9zus azt k\u00edv\u00e1nja tisztel\u0151it\u0151l, hogy<strong> a nap folyam\u00e1n legal\u00e1bb egy j\u00f3 cselekedetet v\u00e9gezzenek felebar\u00e1taik\u00e9rt.<\/strong><\/p>\n<p style=\"text-align: justify;\">\u00a0\u00a0\u00a0\u00a0\u00a0\u00a0\u00a0\u00a0\u00a0L\u00e9nyeges, hogy h\u00edveink jussanak hozz\u00e1 a Napl\u00f3hoz, az Irgalmas J\u00e9zus-k\u00e9phez, f\u00fcggessz\u00e9k ki h\u00e1zaikban s tisztelj\u00e9k azt. Tanulj\u00e1k meg \u00e9s min\u00e9l gyakrabban im\u00e1dkozz\u00e1k az Isteni Irgalmass\u00e1g r\u00f3zsaf\u00fcz\u00e9r\u00e9t. <em>(Napl\u00f3 754).<\/em> Ismerj\u00e9k meg az \u00edg\u00e9reteket \u00e9s apostolkodjanak. De soha ne feledj\u00fck: els\u0151 l\u00e9p\u00e9s \u00f6nmagunk \u00e1tform\u00e1l\u00f3d\u00e1sa az irgalmas szeretet jegy\u00e9ben. Az apostolnak csak \u00edgy lehet hitele. \u00d6nmagunk meg\u00fajul\u00e1s\u00e1ban nagy seg\u00edts\u00e9get jelenthet a k\u00f6vetkez\u0151 \u00edg\u00e9ret: ,,&#8230;<em>a legt\u00f6bb kegyelmet azoknak a lelkeknek juttatom, akik \u00e1h\u00edtattal gondolnak k\u00ednszenved\u00e9seimre&#8220;<\/em> <em>(Napl\u00f3 737).<\/em><\/p>\n<p style=\"text-align: justify;\"><strong><em>\u00a0\u00a0\u00a0\u00a0\u00a0\u00a0\u00a0\u00a0\u00a0<\/em><\/strong>Az irgalmas Isten tev\u00e9keny sz\u00e1nalm\u00e1ban <em>,,arra v\u00e1r, hogy irgalmazzon nektek, \u00e9s f\u00f6lkel, hogy k\u00f6ny\u00f6r\u00fclj\u00f6n rajtatok&#8220;<\/em> (Iz 30,18). Adja Isten, hogy felragyogjon ez az \u00faj f\u00e9ny nemzet\u00fcnk eg\u00e9n.<\/p>\n","protected":false},"excerpt":{"rendered":"<p>Az Isteni Irgalmass\u00e1g \u00fczenete szem\u00e9lyes besz\u00e1mol\u00f3 az \u00fcnnepr\u0151l ide kattintva&#8230; Aki nem katolikus, az is tal\u00e1n l\u00e1tta m\u00e1r az eg\u00e9sz vil\u00e1gon elterjedt irgalmas J\u00e9zus k\u00e9pet: Mi a k\u00e9p \u00fczenete? El\u00e9rkezett az id\u0151, hogy a vil\u00e1g \u00fajb\u00f3l felismerje Isten irgalmass\u00e1g\u00e1nak minden embert megsz\u00f3l\u00edt\u00f3 \u00fczenet\u00e9t, azt az igazs\u00e1got, melynek terjeszt\u00e9s\u00e9re J\u00e9zus egy lengyel ap\u00e1c\u00e1t,\u00a0Fausztina n\u0151v\u00e9rt\u00a0b\u00edzta meg. Fausztina &hellip; <\/p>\n<p class=\"link-more\"><a href=\"https:\/\/magyar-misszio.ch\/?page_id=358\" class=\"more-link\"><span class=\"screen-reader-text\">\u201eirg-uzenete\u201c<\/span> weiterlesen<\/a><\/p>\n","protected":false},"author":2,"featured_media":0,"parent":0,"menu_order":0,"comment_status":"closed","ping_status":"closed","template":"","meta":{"footnotes":""},"class_list":["post-358","page","type-page","status-publish","hentry"],"_links":{"self":[{"href":"https:\/\/magyar-misszio.ch\/index.php?rest_route=\/wp\/v2\/pages\/358","targetHints":{"allow":["GET"]}}],"collection":[{"href":"https:\/\/magyar-misszio.ch\/index.php?rest_route=\/wp\/v2\/pages"}],"about":[{"href":"https:\/\/magyar-misszio.ch\/index.php?rest_route=\/wp\/v2\/types\/page"}],"author":[{"embeddable":true,"href":"https:\/\/magyar-misszio.ch\/index.php?rest_route=\/wp\/v2\/users\/2"}],"replies":[{"embeddable":true,"href":"https:\/\/magyar-misszio.ch\/index.php?rest_route=%2Fwp%2Fv2%2Fcomments&post=358"}],"version-history":[{"count":5,"href":"https:\/\/magyar-misszio.ch\/index.php?rest_route=\/wp\/v2\/pages\/358\/revisions"}],"predecessor-version":[{"id":6458,"href":"https:\/\/magyar-misszio.ch\/index.php?rest_route=\/wp\/v2\/pages\/358\/revisions\/6458"}],"wp:attachment":[{"href":"https:\/\/magyar-misszio.ch\/index.php?rest_route=%2Fwp%2Fv2%2Fmedia&parent=358"}],"curies":[{"name":"wp","href":"https:\/\/api.w.org\/{rel}","templated":true}]}}