{"id":3756,"date":"2022-03-05T13:32:30","date_gmt":"2022-03-05T13:32:30","guid":{"rendered":"http:\/\/magyar-misszio.ch\/?page_id=3756"},"modified":"2022-03-31T12:45:04","modified_gmt":"2022-03-31T12:45:04","slug":"ukrajnai-menekueltekert","status":"publish","type":"page","link":"https:\/\/magyar-misszio.ch\/?page_id=3756","title":{"rendered":"ukrajnai menek\u00fcltek\u00e9rt"},"content":{"rendered":"<p style=\"text-align: center;\"><span style=\"font-size: 18pt; color: #0000ff;\"><b>Seg\u00edts\u00fck az ukrajnai h\u00e1bor\u00fab\u00f3l a menek\u00fclteket!<br \/>\n<\/b>(2022. nagyb\u00f6jti gy\u0171jt\u00e9s\u00fcnk)<b><br \/>\n<\/b><\/span><\/p>\n<p><span style=\"color: #0000ff;\">Gy\u0171jt\u00e9s\u00fcnket 2022.m\u00e1rc.31-\u00e9n lez\u00e1rtuk. H\u00e1l\u00e1s k\u00f6sz\u00f6net minden seg\u00edt\u0151nek. Nagyon j\u00f3 \u00e9rz\u00e9s, hogy az eddigi legnagyobb seg\u00edts\u00e9get tudjuk ny\u00fajtani.<\/span><\/p>\n<p><span style=\"color: #0000ff;\">\u00d6sszegz\u00e9s:\u00a0<\/span><\/p>\n<ul>\n<li><span style=\"color: #0000ff;\">Egy heti perselyt utaltunk a churi egyh\u00e1zmegy\u00e9nek, \u00e9s orsz\u00e1gosan \u00f6sszegy\u0171jtik az adom\u00e1nyokat. Ez 183.80 chf volt. Az \u00e1tlagpersely\u00fcnkt\u0151l kimagasl\u00f3an t\u00f6bb ez az \u00f6sszeg.<\/span><\/li>\n<li><span style=\"color: #0000ff;\">A Magyar Karit\u00e1sznak tudtuk utalni a gy\u0171jt\u00e9s t\u00f6bbi r\u00e9sz\u00e9t, \u00f6sszesen 7201,65 chf-et (kb. 2.5 milli\u00f3 forint). Ez a k\u00f6vetkez\u0151kb\u0151l tev\u0151d\u00f6tt \u00f6ssze:<\/span><br \/>\n<span style=\"color: #0000ff;\">&#8211; k\u00e9t heti perselygy\u0171jt\u00e9s, \u00f6sszesen: 219,2 chf<\/span><br \/>\n<span style=\"color: #0000ff;\">&#8211; egy\u00e9ni adom\u00e1nyok: 11 f\u0151 adom\u00e1nya 7000 chf (2 f\u0151 illetve 2 csal\u00e1dt\u00f3l 2000, 1 f\u0151 1000, 2 f\u0151 500, 1 f\u0151 250, 3 f\u0151 200, 1 f\u0151 100, 1 f\u0151 50)<\/span><br \/>\n<span style=\"color: #0000ff;\">&#8211; banki levon\u00e1s: -17,5<\/span><\/li>\n<\/ul>\n<p><span style=\"color: #0000ff;\">Ugye, milyen j\u00f3 \u00e9rz\u00e9s \u00f6sszefogva egy\u00fctt seg\u00edteni?!<\/span><br \/>\n<span style=\"color: #0000ff;\">Ism\u00e9t bebizonyosodott: a h\u00edvek (f\u0151k\u00e9nt a templombaj\u00e1r\u00f3k) sokat seg\u00edtenek \u00e9ves gy\u0171jt\u00e9sekn\u00e9l \u00e9s az \u00e9v folyam\u00e1n t\u00f6bb mint 20 persely-gy\u0171jt\u00e9si c\u00e9ln\u00e1l.\u00a0<\/span><br \/>\n<span style=\"color: #0000ff;\">Deo gratias! (Istennek legyen h\u00e1la!)<\/span><\/p>\n<p>Gy\u0171jt\u00e9s\u00fcnk a k\u00f6vetkez\u0151k\u00e9ppen lett meghirdetve:<\/p>\n<p style=\"text-align: left;\"><span style=\"font-size: 14pt;\"><strong style=\"font-size: 1rem;\"><span style=\"font-size: 14pt;\"><img decoding=\"async\" class=\"wp-image-3757 alignleft\" src=\"https:\/\/magyar-misszio.ch\/wp-content\/uploads\/2022\/03\/caritas_hungarica_ukrajnaert-300x205.png\" alt=\"\" width=\"224\" height=\"153\" data-id=\"3757\" srcset=\"https:\/\/magyar-misszio.ch\/wp-content\/uploads\/2022\/03\/caritas_hungarica_ukrajnaert-300x205.png 300w, https:\/\/magyar-misszio.ch\/wp-content\/uploads\/2022\/03\/caritas_hungarica_ukrajnaert-768x524.png 768w, https:\/\/magyar-misszio.ch\/wp-content\/uploads\/2022\/03\/caritas_hungarica_ukrajnaert.png 800w\" sizes=\"(max-width: 224px) 100vw, 224px\" \/><\/span><\/strong><span style=\"color: #ff0000;\">Seg\u00edts\u00fcnk ott<\/span>, ahov\u00e1 a legt\u00f6bb magyar menek\u00fclt is \u00e9rkezik Ukrajn\u00e1b\u00f3l Magyarorsz\u00e1g ter\u00fclet\u00e9re! A Katolikus Karit\u00e1sz m\u00e1r az els\u0151 napt\u00f3l kezdve gondoskodik a menek\u00fcltekr\u0151l \u00e9s az otthon maradottakr\u00f3l. A magyar egyh\u00e1z nev\u00e9ben a magyar karit\u00e1sz koordin\u00e1lja a feladatokat, ebbe csatlakozik misszi\u00f3nk gy\u0171jt\u00e9se is.\u00a0<\/span><\/p>\n<p style=\"text-align: left;\"><span style=\"font-size: 14pt;\"><span style=\"color: #ff0000;\">T\u00e1mogat\u00e1sunk k\u00f6zvetlen\u00fcl azokhoz ker\u00fcl<\/span> akik a legjobban r\u00e1szorulnak. (Karit\u00e1szunkn\u00e1l nincs logisztikai levon\u00e1s&#8230;)<\/span><\/p>\n<p><span style=\"color: #ff0000;\"><strong><span style=\"font-size: 18pt;\"><span style=\"color: #339966;\">Milyen m\u00f3dokon tud seg\u00edteni?<\/span><span style=\"color: #800080;\"> (m\u00e1rc. v\u00e9g\u00e9ig)<\/span><\/span><\/strong><\/span><\/p>\n<ol>\n<li>2022. m\u00e1rc. 6-\u00e1n, 13-\u00e1n, 20-\u00e1n a templomi persellyel<\/li>\n<li>\u00c1tutal\u00e1ssal a St. Stephan Verein sz\u00e1ml\u00e1j\u00e1ra, &#8222;menek\u00fcltek&#8220; vagy &#8222;ukrajnai menek\u00fcltek&#8220; megjel\u00f6l\u00e9ssel (Verein St. Stephan, Z\u00fcrich 8057, Winterthurerstrasse 135,IBAN: CH59 0070 0112 8001 3211 1).<\/li>\n<li><span style=\"font-size: 1rem;\">Forint-\u00e1tutal\u00e1ssal a Testi-Lelki Seg\u00edts\u00e9g K\u00f6zhaszn\u00fa Alap\u00edtv\u00e1ny sz\u00e1ml\u00e1j\u00e1ra (<\/span><a style=\"font-size: 1rem;\" href=\"http:\/\/www.eljvele.hu\/alapitvany\/\" target=\"_blank\" rel=\"noopener\">honlap itt&#8230;<\/a><span style=\"font-size: 1rem;\">). Ez pl\u00e9b\u00e1nosunk karitat\u00edv alap\u00edtv\u00e1nya, melyet magyarorsz\u00e1gi \u00f6nk\u00e9ntesek ellenszolg\u00e1ltat\u00e1s n\u00e9lk\u00fcl kezelnek. (Testi-Lelki Seg\u00edts\u00e9g K\u00f6zhaszn\u00fa Alap\u00edtv\u00e1ny, 2220 Vecs\u00e9s, Erzs\u00e9bet t\u00e9r 2., IBAN: <\/span>HU08107012766898257151100005,\u00a0<span style=\"font-size: 1rem;\">BIC: CIBHHUHB. \u00cdrjuk oda a c\u00e9lt: pl. menek\u00fcltek)<\/span><\/li>\n<li>Mobiltelefonja seg\u00edts\u00e9g\u00e9vel a k\u00f6vetkez\u0151 QR-k\u00f3ddal:<img decoding=\"async\" class=\"wp-image-3758 alignright\" src=\"https:\/\/magyar-misszio.ch\/wp-content\/uploads\/2022\/03\/QR-Code_Ukrajna.png\" alt=\"\" width=\"159\" height=\"159\" data-id=\"3758\" srcset=\"https:\/\/magyar-misszio.ch\/wp-content\/uploads\/2022\/03\/QR-Code_Ukrajna.png 256w, https:\/\/magyar-misszio.ch\/wp-content\/uploads\/2022\/03\/QR-Code_Ukrajna-150x150.png 150w, https:\/\/magyar-misszio.ch\/wp-content\/uploads\/2022\/03\/QR-Code_Ukrajna-100x100.png 100w\" sizes=\"(max-width: 159px) 100vw, 159px\" \/><\/li>\n<li>Bankk\u00e1rty\u00e1val az al\u00e1bbi k\u00e9pre kattintva:<br \/>\n<form action=\"https:\/\/www.paypal.com\/donate\" method=\"post\" target=\"_top\"><input name=\"hosted_button_id\" type=\"hidden\" value=\"VR7F2SWB5NSBW\" \/><br \/>\n<input title=\"PayPal - The safer, easier way to pay online!\" alt=\"Spenden mit dem PayPal-Button\" name=\"submit\" src=\"https:\/\/pics.paypal.com\/00\/s\/YmNkNWYyOWYtNzRlNS00OWRhLTgyMTktZGMxNTczMTUxZWFm\/file.PNG\" type=\"image\" \/><\/form>\n<\/li>\n<\/ol>\n<p style=\"text-align: center;\"><em><span style=\"font-size: 10pt;\">P\u00e1r m\u00e1sodpercet v\u00e1rni kell az oldal bet\u00f6lt\u00e9s\u00e9ig.<br \/>\n<\/span><\/em><em><span style=\"font-size: 10pt;\">(ez a bankk\u00e1rty\u00e1s fizet\u00e9s a vil\u00e1g egyik legismertebb fizet\u0151-rendszer\u00e9n, a Paypal-on kereszt\u00fcl t\u00f6rt\u00e9nik, teh\u00e1t banki szint\u0171 a biztons\u00e1ga)<\/span><\/em><img decoding=\"async\" src=\"https:\/\/www.paypal.com\/de_CH\/i\/scr\/pixel.gif\" alt=\"\" width=\"1\" height=\"1\" border=\"0\" \/><\/p>\n<p><span style=\"color: #ff0000;\"><strong><span style=\"font-size: 18pt;\"><span style=\"color: #339966;\">Im\u00e1ds\u00e1gok a b\u00e9k\u00e9\u00e9rt, vide\u00f3k &#8230;<\/span><\/span><\/strong><\/span><\/p>\n<p>L\u00e1sd oldalunkat <a href=\"https:\/\/magyar-misszio.ch\/?page_id=3730\" target=\"_blank\" rel=\"noopener\">ide kattintva&#8230;.<\/a><\/p>\n<p><span style=\"color: #ff0000;\"><strong><span style=\"font-size: 18pt;\"><span style=\"color: #339966;\">Egy\u00e9b inform\u00e1ci\u00f3k<\/span><\/span><\/strong><\/span><\/p>\n<ul>\n<li>A magyar egyh\u00e1z nyilatkozata:<a href=\"https:\/\/www.katolikus.hu\/cikk\/a-magyar-katolikus-puspoki-konferencia-kozlemenye-94377208\" target=\"_blank\" rel=\"noopener\"> https:\/\/www.katolikus.hu\/cikk\/a-magyar-katolikus-puspoki-konferencia-kozlemenye-94377208<\/a><\/li>\n<li>A magyar karit\u00e1sz felh\u00edv\u00e1sa: <a href=\"https:\/\/karitasz.hu\/hirek\/csatlakozzon-on-is-karitasz-segelyprogramjahoz-haborus-helyzetben\" target=\"_blank\" rel=\"noopener\">https:\/\/karitasz.hu\/hirek\/csatlakozzon-on-is-karitasz-segelyprogramjahoz-haborus-helyzetben<\/a><\/li>\n<li>Sv\u00e1jci, z\u00fcrichi katolikus felh\u00edv\u00e1sok: <a href=\"https:\/\/www.zhkath.ch\/kirche-aktuell\/kirche-im-kanton\/solidaritaetsaufruf-der-katholischen-kirche\" target=\"_blank\" rel=\"noopener\">https:\/\/www.zhkath.ch\/kirche-aktuell\/kirche-im-kanton\/solidaritaetsaufruf-der-katholischen-kirche<\/a><\/li>\n<\/ul>\n<p>&nbsp;<\/p>\n<hr \/>\n<p><img loading=\"lazy\" decoding=\"async\" class=\"size-medium wp-image-519 alignleft\" src=\"https:\/\/magyar-misszio.ch\/wp-content\/uploads\/2018\/08\/egyutt-300x146.jpg\" alt=\"\" width=\"300\" height=\"146\" data-id=\"519\" srcset=\"https:\/\/magyar-misszio.ch\/wp-content\/uploads\/2018\/08\/egyutt-300x146.jpg 300w, https:\/\/magyar-misszio.ch\/wp-content\/uploads\/2018\/08\/egyutt.jpg 576w\" sizes=\"(max-width: 300px) 100vw, 300px\" \/><span style=\"font-size: 14pt;\"><span style=\"color: #ff0000;\"><strong>K\u00f6z\u00f6ss\u00e9g\u00fcnk karit\u00e1sz-csoportj\u00e1r\u00f3l<\/strong><\/span>, c\u00e9lokr\u00f3l, \u00f6szefog\u00e1sokr\u00f3l l\u00e1sd karit\u00e1sz-oldalunkat <a href=\"https:\/\/magyar-misszio.ch\/?page_id=783\">ide kattintva&#8230;.<\/a><\/span><\/p>\n","protected":false},"excerpt":{"rendered":"<p>Seg\u00edts\u00fck az ukrajnai h\u00e1bor\u00fab\u00f3l a menek\u00fclteket! (2022. nagyb\u00f6jti gy\u0171jt\u00e9s\u00fcnk) Gy\u0171jt\u00e9s\u00fcnket 2022.m\u00e1rc.31-\u00e9n lez\u00e1rtuk. H\u00e1l\u00e1s k\u00f6sz\u00f6net minden seg\u00edt\u0151nek. Nagyon j\u00f3 \u00e9rz\u00e9s, hogy az eddigi legnagyobb seg\u00edts\u00e9get tudjuk ny\u00fajtani. \u00d6sszegz\u00e9s:\u00a0 Egy heti perselyt utaltunk a churi egyh\u00e1zmegy\u00e9nek, \u00e9s orsz\u00e1gosan \u00f6sszegy\u0171jtik az adom\u00e1nyokat. Ez 183.80 chf volt. Az \u00e1tlagpersely\u00fcnkt\u0151l kimagasl\u00f3an t\u00f6bb ez az \u00f6sszeg. A Magyar Karit\u00e1sznak tudtuk utalni &hellip; <\/p>\n<p class=\"link-more\"><a href=\"https:\/\/magyar-misszio.ch\/?page_id=3756\" class=\"more-link\"><span class=\"screen-reader-text\">\u201eukrajnai menek\u00fcltek\u00e9rt\u201c<\/span> weiterlesen<\/a><\/p>\n","protected":false},"author":2,"featured_media":0,"parent":0,"menu_order":0,"comment_status":"closed","ping_status":"closed","template":"","meta":{"footnotes":""},"class_list":["post-3756","page","type-page","status-publish","hentry"],"_links":{"self":[{"href":"https:\/\/magyar-misszio.ch\/index.php?rest_route=\/wp\/v2\/pages\/3756","targetHints":{"allow":["GET"]}}],"collection":[{"href":"https:\/\/magyar-misszio.ch\/index.php?rest_route=\/wp\/v2\/pages"}],"about":[{"href":"https:\/\/magyar-misszio.ch\/index.php?rest_route=\/wp\/v2\/types\/page"}],"author":[{"embeddable":true,"href":"https:\/\/magyar-misszio.ch\/index.php?rest_route=\/wp\/v2\/users\/2"}],"replies":[{"embeddable":true,"href":"https:\/\/magyar-misszio.ch\/index.php?rest_route=%2Fwp%2Fv2%2Fcomments&post=3756"}],"version-history":[{"count":5,"href":"https:\/\/magyar-misszio.ch\/index.php?rest_route=\/wp\/v2\/pages\/3756\/revisions"}],"predecessor-version":[{"id":3820,"href":"https:\/\/magyar-misszio.ch\/index.php?rest_route=\/wp\/v2\/pages\/3756\/revisions\/3820"}],"wp:attachment":[{"href":"https:\/\/magyar-misszio.ch\/index.php?rest_route=%2Fwp%2Fv2%2Fmedia&parent=3756"}],"curies":[{"name":"wp","href":"https:\/\/api.w.org\/{rel}","templated":true}]}}