{"id":4161,"date":"2022-07-09T14:53:40","date_gmt":"2022-07-09T14:53:40","guid":{"rendered":"https:\/\/magyar-misszio.ch\/?page_id=4161"},"modified":"2022-07-09T15:04:14","modified_gmt":"2022-07-09T15:04:14","slug":"abortusz-vita","status":"publish","type":"page","link":"https:\/\/magyar-misszio.ch\/?page_id=4161","title":{"rendered":"Abortusz-vita"},"content":{"rendered":"<div class=\"wp-block-image\">\n<figure class=\"alignright size-full is-resized\"><img decoding=\"async\" src=\"https:\/\/magyar-misszio.ch\/wp-content\/uploads\/2022\/07\/magzat.jpg\" alt=\"\" class=\"wp-image-4165\" width=\"276\" height=\"146\" srcset=\"https:\/\/magyar-misszio.ch\/wp-content\/uploads\/2022\/07\/magzat.jpg 720w, https:\/\/magyar-misszio.ch\/wp-content\/uploads\/2022\/07\/magzat-300x158.jpg 300w\" sizes=\"(max-width: 276px) 100vw, 276px\" \/><\/figure>\n<\/div>\n\n\n<p class=\"has-luminous-vivid-orange-color has-text-color\" style=\"font-size:33px\"><strong>Abortusz-vita<\/strong><\/p>\n\n\n\n<p class=\"has-vivid-cyan-blue-color has-text-color\" style=\"font-size:20px\"><strong><u>Nem alkotm\u00e1nyos jog Amerik\u00e1ban ezent\u00fal<\/u><\/strong><\/p>\n\n\n\n<p>2022. j\u00fan. 24-\u00f3ta az Egyes\u00fclt \u00c1llamok alkotm\u00e1nya nem v\u00e9di az abortuszhoz val\u00f3 \u00fagynevezett \u201ejogot\u201d. \u00d6r\u00f6mmel tett nyilatkozatot az amerikai p\u00fcsp\u00f6ki kar: \u201eK\u00f6zel \u00f6tven \u00e9ven kereszt\u00fcl Amerika egy igazs\u00e1gtalan t\u00f6rv\u00e9nyt hajtott v\u00e9gre, amely lehet\u0151v\u00e9 tette egyesek sz\u00e1m\u00e1ra, hogy eld\u00f6nts\u00e9k, m\u00e1sok \u00e9lhetnek-e vagy meg kell halniuk. Ez a politika t\u00f6bb t\u00edzmilli\u00f3 m\u00e9g meg nem sz\u00fcletett gyermek hal\u00e1l\u00e1t eredm\u00e9nyezte, \u00e9s olyan nemzed\u00e9keket, amelyekt\u0151l megfosztott\u00e1k a megsz\u00fclet\u00e9s jog\u00e1t\u201d.<\/p>\n\n\n\n<p>Az amerikai Legfels\u0151bb B\u00edr\u00f3s\u00e1g d\u00f6nt\u00e9se nem azt jelenti, hogy nem lenne lehets\u00e9ges az abortusz, hanem azt az egyes tag\u00e1llomoknak kell szab\u00e1lyozniuk a j\u00f6v\u0151ben.<\/p>\n\n\n\n<p class=\"has-vivid-cyan-blue-color has-text-color\" style=\"font-size:20px\"><strong><u>Ferenc p\u00e1pa: az abortusz b\u00e9rgyilkoss\u00e1g<\/u><\/strong><\/p>\n\n\n\n<p>J\u00falius 2-\u00e1n, a Reuters h\u00edr\u00fcgyn\u00f6ks\u00e9g hossz\u00fa interj\u00faj\u00e1ban Ferenc p\u00e1pa er\u0151teljesen el\u00edt\u00e9lte az abortuszt, ahhoz hasonl\u00edtotta \u2013 ahogyan m\u00e1r t\u00f6bbsz\u00f6r tette kor\u00e1bban is \u2013, mintha valaki \u201efelb\u00e9relne egy b\u00e9rgyilkost\u201d. \u201eEmberi \u00e9let ez, a tudom\u00e1ny szerint is\u2026 Azt k\u00e9rdezem: jogszer\u0171 \u00e9s hely\u00e9nval\u00f3 megsemmis\u00edteni egy emberi \u00e9letet ahhoz, hogy megoldjunk egy probl\u00e9m\u00e1t?\u201d<\/p>\n\n\n\n<p class=\"has-vivid-cyan-blue-color has-text-color\" style=\"font-size:20px\"><strong><u>Eur\u00f3pai Parlament<\/u><\/strong><\/p>\n\n\n\n<p>Az Eur\u00f3pai Parlament j\u00fal. 7-\u00e9n meghajolt a radik\u00e1lis abortuszp\u00e1rti lobbi el\u0151tt, \u00e9s nag t\u00f6bbs\u00e9ggel elfogadta azt a radik\u00e1lis \u00e9s brut\u00e1lis \u00e1ll\u00e1sfoglal\u00e1st, amely belefoglaln\u00e1 az abortuszhoz val\u00f3 \u201ejogot\u201d, teh\u00e1t a legkisebb, v\u00e9dtelen, \u00e1rtatlan gyermekek meg\u00f6l\u00e9s\u00e9nek az \u00fagynevezett jog\u00e1t, az Eur\u00f3pai Uni\u00f3 Alapjogi Chart\u00e1j\u00e1ba \u00e9s az Emberi Jogok Egyetemes Nyilatkozat\u00e1ba.&nbsp;<\/p>\n\n\n\n<p>Az elfogadott \u00e1ll\u00e1sfoglal\u00e1s kapcs\u00e1n a k\u00f6vetkez\u0151ket fontos tiszt\u00e1zni: Az \u00e1ll\u00e1sfoglal\u00e1s nem k\u00f6telez\u0151 \u00e9rv\u00e9ny\u0171 a tag\u00e1llamokra n\u00e9zve, \u00e9s alacsony a jogi relevanci\u00e1ja. Ennek ellen\u00e9re politikai s\u00falya van, ami id\u0151vel ak\u00e1r el is vezethez az abortusz alapvet\u0151 jogg\u00e1 val\u00f3 min\u0151s\u00edt\u00e9s\u00e9hez, ez\u00e9rt nem hagyhatjuk sz\u00f3 n\u00e9lk\u00fcl. F\u0151leg, hogy az Eur\u00f3pai Uni\u00f3nak nincsen kompetenci\u00e1ja az abortusz k\u00e9rd\u00e9s\u00e9ben, m\u00e9gis igyekeznek ilyen m\u00f3don nyom\u00e1st gyakorolni a tag\u00e1llamokra.<\/p>\n\n\n\n<p>A letagl\u00f3z\u00f3 eredm\u00e9ny mellett azt is l\u00e1tnunk kell, hogy b\u00e1r csak a szavaz\u00e1s el\u0151tti este kezdt\u00fcnk mozg\u00f3s\u00edtani, 100 000-ren felsz\u00f3laltunk pet\u00edci\u00f3nkon kereszt\u00fcl az abortuszp\u00e1rti javaslattal szemben Eur\u00f3p\u00e1ban. 100 000 al\u00e1\u00edr\u00e1s ilyen r\u00f6vid id\u0151 alatt nagy dolog! K\u00f6sz\u00f6n\u00f6m mindazoknak, akik csatlakoztak a pet\u00edci\u00f3hoz, \u00e9s ezzel hozz\u00e1j\u00e1rultak \u00e9letp\u00e1rti szavazatokhoz. Tartsanak tov\u00e1bbra is vel\u00fcnk!<\/p>\n\n\n\n<p>Mit k\u00f6vetkezik most?<\/p>\n\n\n\n<p>\u2022&nbsp;&nbsp;&nbsp;&nbsp;&nbsp;&nbsp;&nbsp;&nbsp; A radik\u00e1lis abortuszp\u00e1rti lobbi most mindent megtesz az\u00e9rt, hogy bebiztos\u00edtsa az abortuszhoz val\u00f3 \u201ejogot\u201d, \u00e9s r\u00e1k\u00e9nyszer\u00edtse az abortusz hal\u00e1los politikai programj\u00e1t az eg\u00e9sz vil\u00e1gra.<\/p>\n\n\n\n<p>\u2022&nbsp;&nbsp;&nbsp;&nbsp;&nbsp;&nbsp;&nbsp;&nbsp; K\u00e9sz\u00fcl\u00fcnk a k\u00f6vetkez\u0151 l\u00e9p\u00e9seinkre, hogy komoly csap\u00e1st m\u00e9rj\u00fcnk a radik\u00e1lisokra. Hamarosan jelentkez\u00fcnk az ezzel kapcsolatos r\u00e9szletekkel.<\/p>\n\n\n\n<p>\u2022&nbsp;&nbsp;&nbsp;&nbsp;&nbsp;&nbsp;&nbsp;&nbsp; A tegnapi szavaz\u00e1s megosztotta az eur\u00f3pai konzervat\u00edv csoportokat, legf\u0151k\u00e9pp a N\u00e9pp\u00e1rtot. Ez azt mutatja, hogy liber\u00e1lis, \u00e9letellenes ir\u00e1nyba tol\u00f3dott a konzervat\u00edvok egy jelent\u0151s r\u00e9sze is. Nyom\u00e1st kell teh\u00e1t gyakorolnunk r\u00e1juk, hogy meg\u00e1ll\u00edtsuk ezt az aggaszt\u00f3 tendenci\u00e1t. Nem fogadhatjuk el, hogy az elm\u00e9letileg konzervat\u00edv vagy kereszt\u00e9nydemokrata politikusok az abortusz p\u00e1rtj\u00e1n \u00e1lljanak!<\/p>\n\n\n\n<p>Csak mi, akik most Eur\u00f3p\u00e1ban \u00e9l\u00fcnk, tudjuk megakad\u00e1lyozni a teljes hanyatl\u00e1st, csak mi tudunk tenni az\u00e9rt, hogy egy olyan b\u0171ncselekm\u00e9nyt, mint az abortusz, \u201ejogk\u00e9nt\u201d ismerjenek el az emberi jogi dokumentumokban. Csak mi \u00e1ll\u00edthatjuk meg, Isten seg\u00edts\u00e9g\u00e9vel az \u0151 eszk\u00f6zeik\u00e9nt, a hal\u00e1l kult\u00far\u00e1j\u00e1t, \u00e9s biztos\u00edthatjuk, hogy az abortusz csak egy rossz eml\u00e9k legyen az emberis\u00e9g t\u00f6rt\u00e9nelm\u00e9ben.<\/p>\n\n\n\n<p>V\u00e1laszthatunk, hogy tehetetlenek \u00e9s k\u00f6z\u00f6mb\u00f6snek maradunk, \u00e9s hagyjuk, hogy mindezt megtegy\u00e9k vel\u00fcnk, megtegy\u00e9k a v\u00e9dtelen magzatokkal. Vagy d\u00f6nthet\u00fcnk \u00fagy is, hogy az igazs\u00e1g, az igazs\u00e1goss\u00e1g \u00e9s a b\u00e1tors\u00e1g \u00fatj\u00e1ra l\u00e9p\u00fcnk, \u00e9s felsz\u00f3lalunk a legkisebbek v\u00e9delm\u00e9ben. A CitizenGO k\u00f6z\u00f6ss\u00e9g\u00e9nek tagjai ezt a m\u00e1sodik utat v\u00e1lasztj\u00e1k, \u00e9s mi nagyon b\u00fcszk\u00e9k vagyunk r\u00e1juk!<\/p>\n\n\n\n<p>D\u00f6nten\u00fcnk kell. Melyik oldalra \u00e1llunk? K\u00fczdeni fogunk? Biztos vagyok benne, hogy j\u00f3l v\u00e1laszt. Hiszek \u00d6nben, hiszek benn\u00fcnk, hiszek az Igazs\u00e1gban.<\/p>\n\n\n\n<p>Itt az id\u0151. \u00c1lljunk ki a hangtalanok\u00e9rt, a gyeng\u00e9k\u00e9rt, k\u00fczdj\u00fcnk az igaz\u00e9rt, a szent\u00e9rt, az \u00e9let\u00e9rt!<\/p>\n\n\n\n<p>Rem\u00e9nnyel \u00e9s im\u00e1val:<\/p>\n\n\n\n<p>Schittl Eszter \u00e9s a CitizenGO csapata<\/p>\n\n\n\n<p>(CitizenGo besz\u00e1mol\u00f3ja)<\/p>\n\n\n\n<h3 class=\"wp-block-heading\" id=\"nbsp-6b4c4c99-4787-4b2e-9817-cda5f71b8da2\">&nbsp;<\/h3>\n","protected":false},"excerpt":{"rendered":"<p>Abortusz-vita Nem alkotm\u00e1nyos jog Amerik\u00e1ban ezent\u00fal 2022. j\u00fan. 24-\u00f3ta az Egyes\u00fclt \u00c1llamok alkotm\u00e1nya nem v\u00e9di az abortuszhoz val\u00f3 \u00fagynevezett \u201ejogot\u201d. \u00d6r\u00f6mmel tett nyilatkozatot az amerikai p\u00fcsp\u00f6ki kar: \u201eK\u00f6zel \u00f6tven \u00e9ven kereszt\u00fcl Amerika egy igazs\u00e1gtalan t\u00f6rv\u00e9nyt hajtott v\u00e9gre, amely lehet\u0151v\u00e9 tette egyesek sz\u00e1m\u00e1ra, hogy eld\u00f6nts\u00e9k, m\u00e1sok \u00e9lhetnek-e vagy meg kell halniuk. Ez a politika t\u00f6bb t\u00edzmilli\u00f3 &hellip; <\/p>\n<p class=\"link-more\"><a href=\"https:\/\/magyar-misszio.ch\/?page_id=4161\" class=\"more-link\"><span class=\"screen-reader-text\">\u201eAbortusz-vita\u201c<\/span> weiterlesen<\/a><\/p>\n","protected":false},"author":2,"featured_media":0,"parent":0,"menu_order":0,"comment_status":"closed","ping_status":"closed","template":"","meta":{"footnotes":""},"class_list":["post-4161","page","type-page","status-publish","hentry"],"_links":{"self":[{"href":"https:\/\/magyar-misszio.ch\/index.php?rest_route=\/wp\/v2\/pages\/4161","targetHints":{"allow":["GET"]}}],"collection":[{"href":"https:\/\/magyar-misszio.ch\/index.php?rest_route=\/wp\/v2\/pages"}],"about":[{"href":"https:\/\/magyar-misszio.ch\/index.php?rest_route=\/wp\/v2\/types\/page"}],"author":[{"embeddable":true,"href":"https:\/\/magyar-misszio.ch\/index.php?rest_route=\/wp\/v2\/users\/2"}],"replies":[{"embeddable":true,"href":"https:\/\/magyar-misszio.ch\/index.php?rest_route=%2Fwp%2Fv2%2Fcomments&post=4161"}],"version-history":[{"count":3,"href":"https:\/\/magyar-misszio.ch\/index.php?rest_route=\/wp\/v2\/pages\/4161\/revisions"}],"predecessor-version":[{"id":4171,"href":"https:\/\/magyar-misszio.ch\/index.php?rest_route=\/wp\/v2\/pages\/4161\/revisions\/4171"}],"wp:attachment":[{"href":"https:\/\/magyar-misszio.ch\/index.php?rest_route=%2Fwp%2Fv2%2Fmedia&parent=4161"}],"curies":[{"name":"wp","href":"https:\/\/api.w.org\/{rel}","templated":true}]}}