{"id":4759,"date":"2023-02-18T10:35:12","date_gmt":"2023-02-18T10:35:12","guid":{"rendered":"https:\/\/magyar-misszio.ch\/?page_id=4759"},"modified":"2023-10-12T10:53:49","modified_gmt":"2023-10-12T10:53:49","slug":"karitasz-foeldrenges","status":"publish","type":"page","link":"https:\/\/magyar-misszio.ch\/?page_id=4759","title":{"rendered":"karitasz-f\u00f6ldreng\u00e9s"},"content":{"rendered":"\t\t<div data-elementor-type=\"wp-page\" data-elementor-id=\"4759\" class=\"elementor elementor-4759\" data-elementor-post-type=\"page\">\n\t\t\t\t\t\t<section class=\"elementor-section elementor-top-section elementor-element elementor-element-71b9b8d7 elementor-section-boxed elementor-section-height-default elementor-section-height-default\" data-id=\"71b9b8d7\" data-element_type=\"section\">\n\t\t\t\t\t\t<div class=\"elementor-container elementor-column-gap-default\">\n\t\t\t\t\t<div class=\"elementor-column elementor-col-100 elementor-top-column elementor-element elementor-element-4ccdde14\" data-id=\"4ccdde14\" data-element_type=\"column\">\n\t\t\t<div class=\"elementor-widget-wrap elementor-element-populated\">\n\t\t\t\t\t\t<div class=\"elementor-element elementor-element-25f53cf6 elementor-widget elementor-widget-text-editor\" data-id=\"25f53cf6\" data-element_type=\"widget\" data-widget_type=\"text-editor.default\">\n\t\t\t\t<div class=\"elementor-widget-container\">\n\t\t\t\t\t\t\t\t\t<h2 style=\"text-align: center;\"><span style=\"color: #0000ff;\"><strong>Seg\u00edts\u00fck a t\u00f6r\u00f6k-sz\u00edr f\u00f6ldreng\u00e9s \u00e1ldozatait!<br \/><\/strong><\/span><span style=\"color: #0000ff;\">(misszi\u00f3nk gy\u0171jt\u00e9si akci\u00f3ja)<\/span><\/h2><div><p>Egyh\u00e1zk\u00f6zs\u00e9g\u00fcnk karit\u00e1sz-gy\u0171jt\u00e9st hirdet 5 vas\u00e1rnapon kereszt\u00fcl.\u00a0<br \/><img fetchpriority=\"high\" decoding=\"async\" class=\"size-medium wp-image-4760 alignleft\" src=\"https:\/\/magyar-misszio.ch\/wp-content\/uploads\/2023\/02\/torok-szir-foldrenges-mentes-300x169.jpg\" alt=\"\" width=\"300\" height=\"169\" data-id=\"4760\" srcset=\"https:\/\/magyar-misszio.ch\/wp-content\/uploads\/2023\/02\/torok-szir-foldrenges-mentes-300x169.jpg 300w, https:\/\/magyar-misszio.ch\/wp-content\/uploads\/2023\/02\/torok-szir-foldrenges-mentes-768x432.jpg 768w, https:\/\/magyar-misszio.ch\/wp-content\/uploads\/2023\/02\/torok-szir-foldrenges-mentes.jpg 850w\" sizes=\"(max-width: 300px) 100vw, 300px\" \/>Megrend\u00edt\u0151 l\u00e1tni a t\u00f6bb t\u00edzezer \u00e1ldozatot k\u00f6vetel\u0151 term\u00e9szeti katasztr\u00f3f\u00e1t. Az pedig sz\u00edvet melenget\u0151, hogy mennyi orsz\u00e1g (k\u00f6zt\u00fck haz\u00e1nk is) azonnal cselekedett \u00e9s a seg\u00edts\u00e9get azonnal k\u00fcldte. Mi im\u00e1ds\u00e1gaink mellett adom\u00e1nyokkal is seg\u00edthet\u00fcnk. <br \/>Ebben a pillanatban (gy\u0171jt\u00e9s\u00fcnk meghirdet\u00e9sekor) nincs k\u00f6z\u00f6s egyh\u00e1zi gy\u0171jt\u00e9s m\u00e9g, de azonnal kezdj\u00fcnk cselekedni:\u00a0 van 5 db vas\u00e1rnap, amikor nincsen m\u00e1s orsz\u00e1gos gy\u0171jt\u00e9s (febr. 19-m\u00e1rc.22), \u00e9s aki ezeken a vas\u00e1rnapokon adom\u00e1nyt ad, ezeket tov\u00e1bb\u00edtjuk majd a k\u00e9s\u0151bb nyilv\u00e1nos egyh\u00e1zi c\u00e9lgy\u0171jt\u00e9sekhez. Ha csak az \u00e1tlag persely lesz, akkor kb. 500 CHF fog \u00f6sszegy\u0171lni. Vagy jobb sz\u00edv\u0171ek lesz\u00fcnk?<\/p><\/div><p><span style=\"color: #ff0000;\">T\u00e1mogat\u00e1sunk k\u00f6zvetlen\u00fcl azokhoz ker\u00fcl<\/span> akik a legjobban r\u00e1szorulnak. (Karit\u00e1szunkn\u00e1l nincs logisztikai levon\u00e1s&#8230;)<\/p><p><span style=\"color: #ff0000;\"><strong><span style=\"font-size: 18pt;\"><span style=\"color: #339966;\">Milyen m\u00f3dokon tud seg\u00edteni?<\/span><span style=\"color: #800080;\">\u00a0<\/span><\/span><\/strong><\/span><\/p><ol><li>2023. febr.19-m\u00e1rc.22. k\u00f6z\u00f6tt a templomi persellyel<\/li><li>M\u00e1rc.15-ig: \u00c1tutal\u00e1ssal a St. Stephan Verein sz\u00e1ml\u00e1j\u00e1ra, pl.&#8220;f\u00f6ldrenges&#8220; vagy &#8222;karit\u00e1sz-seg\u00e9ly&#8220; megjel\u00f6l\u00e9ssel (Verein St. Stephan, Z\u00fcrich 8057, Winterthurerstrasse 135, IBAN: CH59 0070 0112 8001 3211 1).<\/li><li>Mobiltelefonja seg\u00edts\u00e9g\u00e9vel (a fenti sz\u00e1mlasz\u00e1mhoz tartoz\u00f3 ) k\u00f6vetkez\u0151 QR-k\u00f3ddal (\u00edrja oda a &#8222;sekrestye&#8220; c\u00e9lt):<\/li><\/ol><p><img decoding=\"async\" src=\"https:\/\/magyar-misszio.ch\/wp-content\/uploads\/2022\/11\/qr-kod-bankszamlank.jpg-300x300.jpg\" alt=\"\" width=\"300\" height=\"300\" data-id=\"4465\" \/><\/p><p>\u00a0<\/p><p><img decoding=\"async\" src=\"https:\/\/magyar-misszio.ch\/wp-content\/uploads\/2018\/08\/egyutt-300x146.jpg\" alt=\"\" width=\"300\" height=\"146\" data-id=\"519\" \/><span style=\"font-size: 14pt;\"><span style=\"color: #ff0000;\"><strong>K\u00f6z\u00f6ss\u00e9g\u00fcnk karit\u00e1sz-csoportj\u00e1r\u00f3l\/strong&gt;<\/strong><\/span>, c\u00e9lokr\u00f3l, \u00f6szefog\u00e1sokr\u00f3l l\u00e1sd karit\u00e1sz-oldalunkat <a href=\"https:\/\/magyar-misszio.ch\/?page_id=783\">ide kattintva&#8230;.<\/a><\/span><\/p>\t\t\t\t\t\t\t\t<\/div>\n\t\t\t\t<\/div>\n\t\t\t\t\t<\/div>\n\t\t<\/div>\n\t\t\t\t\t<\/div>\n\t\t<\/section>\n\t\t\t\t<\/div>\n\t\t","protected":false},"excerpt":{"rendered":"<p>Seg\u00edts\u00fck a t\u00f6r\u00f6k-sz\u00edr f\u00f6ldreng\u00e9s \u00e1ldozatait!(misszi\u00f3nk gy\u0171jt\u00e9si akci\u00f3ja) Egyh\u00e1zk\u00f6zs\u00e9g\u00fcnk karit\u00e1sz-gy\u0171jt\u00e9st hirdet 5 vas\u00e1rnapon kereszt\u00fcl.\u00a0Megrend\u00edt\u0151 l\u00e1tni a t\u00f6bb t\u00edzezer \u00e1ldozatot k\u00f6vetel\u0151 term\u00e9szeti katasztr\u00f3f\u00e1t. Az pedig sz\u00edvet melenget\u0151, hogy mennyi orsz\u00e1g (k\u00f6zt\u00fck haz\u00e1nk is) azonnal cselekedett \u00e9s a seg\u00edts\u00e9get azonnal k\u00fcldte. Mi im\u00e1ds\u00e1gaink mellett adom\u00e1nyokkal is seg\u00edthet\u00fcnk. Ebben a pillanatban (gy\u0171jt\u00e9s\u00fcnk meghirdet\u00e9sekor) nincs k\u00f6z\u00f6s egyh\u00e1zi gy\u0171jt\u00e9s m\u00e9g, de &hellip; <\/p>\n<p class=\"link-more\"><a href=\"https:\/\/magyar-misszio.ch\/?page_id=4759\" class=\"more-link\"><span class=\"screen-reader-text\">\u201ekaritasz-f\u00f6ldreng\u00e9s\u201c<\/span> weiterlesen<\/a><\/p>\n","protected":false},"author":2,"featured_media":0,"parent":0,"menu_order":0,"comment_status":"closed","ping_status":"closed","template":"","meta":{"footnotes":""},"class_list":["post-4759","page","type-page","status-publish","hentry"],"_links":{"self":[{"href":"https:\/\/magyar-misszio.ch\/index.php?rest_route=\/wp\/v2\/pages\/4759","targetHints":{"allow":["GET"]}}],"collection":[{"href":"https:\/\/magyar-misszio.ch\/index.php?rest_route=\/wp\/v2\/pages"}],"about":[{"href":"https:\/\/magyar-misszio.ch\/index.php?rest_route=\/wp\/v2\/types\/page"}],"author":[{"embeddable":true,"href":"https:\/\/magyar-misszio.ch\/index.php?rest_route=\/wp\/v2\/users\/2"}],"replies":[{"embeddable":true,"href":"https:\/\/magyar-misszio.ch\/index.php?rest_route=%2Fwp%2Fv2%2Fcomments&post=4759"}],"version-history":[{"count":7,"href":"https:\/\/magyar-misszio.ch\/index.php?rest_route=\/wp\/v2\/pages\/4759\/revisions"}],"predecessor-version":[{"id":5817,"href":"https:\/\/magyar-misszio.ch\/index.php?rest_route=\/wp\/v2\/pages\/4759\/revisions\/5817"}],"wp:attachment":[{"href":"https:\/\/magyar-misszio.ch\/index.php?rest_route=%2Fwp%2Fv2%2Fmedia&parent=4759"}],"curies":[{"name":"wp","href":"https:\/\/api.w.org\/{rel}","templated":true}]}}