{"id":4929,"date":"2023-04-28T14:39:04","date_gmt":"2023-04-28T14:39:04","guid":{"rendered":"https:\/\/magyar-misszio.ch\/?page_id=4929"},"modified":"2024-05-08T11:22:48","modified_gmt":"2024-05-08T11:22:48","slug":"ferenc-papa-magyarorszagon-2023","status":"publish","type":"page","link":"https:\/\/magyar-misszio.ch\/?page_id=4929","title":{"rendered":"Ferenc p\u00e1pa Magyarorsz\u00e1gon, 2023."},"content":{"rendered":"\t\t<div data-elementor-type=\"wp-page\" data-elementor-id=\"4929\" class=\"elementor elementor-4929\" data-elementor-post-type=\"page\">\n\t\t\t\t\t\t<section class=\"elementor-section elementor-top-section elementor-element elementor-element-611e26a7 elementor-section-boxed elementor-section-height-default elementor-section-height-default\" data-id=\"611e26a7\" data-element_type=\"section\">\n\t\t\t\t\t\t<div class=\"elementor-container elementor-column-gap-default\">\n\t\t\t\t\t<div class=\"elementor-column elementor-col-100 elementor-top-column elementor-element elementor-element-25b97da6\" data-id=\"25b97da6\" data-element_type=\"column\">\n\t\t\t<div class=\"elementor-widget-wrap elementor-element-populated\">\n\t\t\t\t\t\t<div class=\"elementor-element elementor-element-1ae3a4c2 elementor-widget elementor-widget-text-editor\" data-id=\"1ae3a4c2\" data-element_type=\"widget\" data-widget_type=\"text-editor.default\">\n\t\t\t\t<div class=\"elementor-widget-container\">\n\t\t\t\t\t\t\t\t\t\t\t\t\t\t\t\t\t<\/div>\n\t\t\t\t<\/div>\n\t\t\t\t\t<\/div>\n\t\t<\/div>\n\t\t\t\t\t<\/div>\n\t\t<\/section>\n\t\t\t\t<section class=\"elementor-section elementor-top-section elementor-element elementor-element-94248b6 elementor-section-boxed elementor-section-height-default elementor-section-height-default\" data-id=\"94248b6\" data-element_type=\"section\">\n\t\t\t\t\t\t<div class=\"elementor-container elementor-column-gap-default\">\n\t\t\t\t\t<div class=\"elementor-column elementor-col-100 elementor-top-column elementor-element elementor-element-f345897\" data-id=\"f345897\" data-element_type=\"column\">\n\t\t\t<div class=\"elementor-widget-wrap elementor-element-populated\">\n\t\t\t\t\t\t<div class=\"elementor-element elementor-element-dd955d2 elementor-widget elementor-widget-heading\" data-id=\"dd955d2\" data-element_type=\"widget\" data-widget_type=\"heading.default\">\n\t\t\t\t<div class=\"elementor-widget-container\">\n\t\t\t\t\t<h2 class=\"elementor-heading-title elementor-size-default\">Ferenc p\u00e1pa Magyarorsz\u00e1gon, 2023.<\/h2>\t\t\t\t<\/div>\n\t\t\t\t<\/div>\n\t\t\t\t\t<\/div>\n\t\t<\/div>\n\t\t\t\t\t<\/div>\n\t\t<\/section>\n\t\t\t\t<section class=\"elementor-section elementor-top-section elementor-element elementor-element-baab551 elementor-section-boxed elementor-section-height-default elementor-section-height-default\" data-id=\"baab551\" data-element_type=\"section\">\n\t\t\t\t\t\t<div class=\"elementor-container elementor-column-gap-default\">\n\t\t\t\t\t<div class=\"elementor-column elementor-col-100 elementor-top-column elementor-element elementor-element-ef0d6e9\" data-id=\"ef0d6e9\" data-element_type=\"column\">\n\t\t\t<div class=\"elementor-widget-wrap\">\n\t\t\t\t\t\t\t<\/div>\n\t\t<\/div>\n\t\t\t\t\t<\/div>\n\t\t<\/section>\n\t\t\t\t<section class=\"elementor-section elementor-top-section elementor-element elementor-element-904bd40 elementor-section-boxed elementor-section-height-default elementor-section-height-default\" data-id=\"904bd40\" data-element_type=\"section\">\n\t\t\t\t\t\t<div class=\"elementor-container elementor-column-gap-default\">\n\t\t\t\t\t<div class=\"elementor-column elementor-col-100 elementor-top-column elementor-element elementor-element-befe2ad\" data-id=\"befe2ad\" data-element_type=\"column\">\n\t\t\t<div class=\"elementor-widget-wrap elementor-element-populated\">\n\t\t\t\t\t\t<div class=\"elementor-element elementor-element-50a4478 elementor-widget elementor-widget-image\" data-id=\"50a4478\" data-element_type=\"widget\" data-widget_type=\"image.default\">\n\t\t\t\t<div class=\"elementor-widget-container\">\n\t\t\t\t\t\t\t\t\t\t\t\t\t\t\t<img fetchpriority=\"high\" decoding=\"async\" width=\"740\" height=\"238\" src=\"https:\/\/magyar-misszio.ch\/wp-content\/uploads\/2023\/04\/Ferenc_p_Mo-1.jpg-1-1024x329.jpg\" class=\"attachment-large size-large wp-image-4920\" alt=\"\" srcset=\"https:\/\/magyar-misszio.ch\/wp-content\/uploads\/2023\/04\/Ferenc_p_Mo-1.jpg-1-1024x329.jpg 1024w, https:\/\/magyar-misszio.ch\/wp-content\/uploads\/2023\/04\/Ferenc_p_Mo-1.jpg-1-300x96.jpg 300w, https:\/\/magyar-misszio.ch\/wp-content\/uploads\/2023\/04\/Ferenc_p_Mo-1.jpg-1-768x247.jpg 768w, https:\/\/magyar-misszio.ch\/wp-content\/uploads\/2023\/04\/Ferenc_p_Mo-1.jpg-1-1536x493.jpg 1536w, https:\/\/magyar-misszio.ch\/wp-content\/uploads\/2023\/04\/Ferenc_p_Mo-1.jpg-1-2048x658.jpg 2048w, https:\/\/magyar-misszio.ch\/wp-content\/uploads\/2023\/04\/Ferenc_p_Mo-1.jpg-1-1080x347.jpg 1080w\" sizes=\"100vw\" \/>\t\t\t\t\t\t\t\t\t\t\t\t\t\t\t<\/div>\n\t\t\t\t<\/div>\n\t\t\t\t<div class=\"elementor-element elementor-element-eb83ba8 elementor-widget elementor-widget-text-editor\" data-id=\"eb83ba8\" data-element_type=\"widget\" data-widget_type=\"text-editor.default\">\n\t\t\t\t<div class=\"elementor-widget-container\">\n\t\t\t\t\t\t\t\t\t<ul>\n<li>A magyar egyh\u00e1z ehhez k\u00fcl\u00f6n honlapot ind\u00edtott:\u00a0 <span style=\"text-decoration: underline;\"><span style=\"color: #000000;\"><a style=\"color: #000000; text-decoration: underline;\" href=\"https:\/\/ferenc2023.hu\/hu\" target=\"_blank\" rel=\"noopener\">www.ferenc2023.hu\u00a0<\/a><\/span><\/span><br \/>Itt megtal\u00e1ljuk a r\u00e9szletes programot. A l\u00e1togat\u00e1s helysz\u00ednei al\u00e1 rendezve tal\u00e1ljuk meg mindazt, ami az apostoli l\u00e1togat\u00e1ssal kapcsolatban fontos lehet.<br \/><br \/><\/li>\n<li>Sok inf\u00f3 m\u00e9g<span style=\"text-decoration: underline;\"><a href=\"https:\/\/www.magyarkurir.hu\/ferenc-papa\/ferenc-papa-magyarorszagon-2023\" target=\"_blank\" rel=\"noopener\"> itt&#8230;<\/a><\/span>a\u00a0 katollikus Magyar Kurir oldal\u00e1n<br \/><br \/><\/li>\n<li><span style=\"color: #ff0000;\">A log\u00f3r\u00f3l<\/span> <span style=\"text-decoration: underline;\"><a href=\"https:\/\/www.magyarkurir.hu\/hirek\/sajtotajekoztato-kereteben-mutattak-be-ferenc-papa-magyarorszagi-latogatasanak-logojat\" target=\"_blank\" rel=\"noopener\">itt hosszabban<\/a><\/span>,<span style=\"text-decoration: underline;\"> <a href=\"https:\/\/www.vaticannews.va\/hu\/papa\/news\/2023-03\/papa-apostoli-ut-magyarorszag-logo-motto-krisztus-jovo.html\" target=\"_blank\" rel=\"noopener\">itt r\u00f6videbben..<\/a><br \/><br \/><\/span><\/li>\n<li><span style=\"color: #0000ff;\">Cikk pl\u00e9b\u00e1nosunkkal<\/span> ennek kapcs\u00e1n, ami a kath.ch-n jelent meg:<span style=\"text-decoration: underline;\"> <a href=\"https:\/\/www.kath.ch\/newsd\/peter-varga-mehrheit-der-geweihten-in-ungarn-befuerworten-politik-von-viktor-orban\/\" target=\"_blank\" rel=\"noopener\">ide kattintva,<\/a> <a href=\"https:\/\/magyar-misszio.ch\/wp-content\/uploads\/2023\/04\/Peter-Varga_-Mehrheit-der-Geweihten-in-Ungarn-befuerworten-Politik-von-Viktor-Orban-\u2013-kath.ch_.pdf\" target=\"_blank\" rel=\"noopener\">itt let\u00f6lthet\u0151<\/a><\/span><strong>&#8211; magyarul<\/strong> <a href=\"https:\/\/magyar-misszio.ch\/wp-content\/uploads\/2023\/05\/20230427-interju.pdf\" target=\"_blank\" rel=\"noopener\">itt let\u00f6lthet\u0151<\/a><\/li>\n<\/ul>\t\t\t\t\t\t\t\t<\/div>\n\t\t\t\t<\/div>\n\t\t\t\t\t<\/div>\n\t\t<\/div>\n\t\t\t\t\t<\/div>\n\t\t<\/section>\n\t\t\t\t<section class=\"elementor-section elementor-top-section elementor-element elementor-element-5a75c71 elementor-section-boxed elementor-section-height-default elementor-section-height-default\" data-id=\"5a75c71\" data-element_type=\"section\">\n\t\t\t\t\t\t<div class=\"elementor-container elementor-column-gap-default\">\n\t\t\t\t\t<div class=\"elementor-column elementor-col-66 elementor-top-column elementor-element elementor-element-cf51df6\" data-id=\"cf51df6\" data-element_type=\"column\">\n\t\t\t<div class=\"elementor-widget-wrap elementor-element-populated\">\n\t\t\t\t\t\t<div class=\"elementor-element elementor-element-3460ec6 elementor-widget elementor-widget-text-editor\" data-id=\"3460ec6\" data-element_type=\"widget\" data-widget_type=\"text-editor.default\">\n\t\t\t\t<div class=\"elementor-widget-container\">\n\t\t\t\t\t\t\t\t\t<p>\u00a0<\/p>\n<ul>\n<li>\n<p>Mivel <strong><span style=\"color: #0000ff;\">\u00e9rz\u00e9keny politikai k\u00e9rd\u00e9sekre is v\u00e1laszolni kellett,<\/span><\/strong> ez\u00e9rt \u00e9rdemes t\u00e1j\u00e9koz\u00f3dni a p\u00e1pa besz\u00e9d\u00e9b\u0151l is:<\/p>\n<\/li>\n<li>\n<p><span style=\"font-size: 1rem;\">A p\u00e1pa besz\u00e9de a<span style=\"color: #0000ff;\"> politikusok el\u0151tt \u00c9S r\u00f6vid \u00f6sszefoglal\u00f3<\/span>-elemz\u00e9s<span style=\"text-decoration: underline;\">:<a href=\"https:\/\/magyar-misszio.ch\/wp-content\/uploads\/2023\/04\/20230428-papa-beszede-a-politikusok-elott.pdf\" target=\"_blank\" rel=\"noopener\"> itt&#8230;.<\/a><\/span><\/span><br \/>Igen meglep\u0151 (vagy sajnos m\u00e9gsem?), hogy a nyugati sajt\u00f3 hamis k\u00e9pet festett le a p\u00e1pal\u00e1togat\u00e1sr\u00f3l. Ez\u00e9rt is aj\u00e1nlom a fenti \u00f6sszefoglal\u00f3mat. \u00c9rdekes m\u00e9g a k\u00f6vetkez\u0151 youtube vide\u00f3 is err\u0151l (1.20 perct\u0151l): <span style=\"text-decoration: underline;\"><a href=\"https:\/\/youtu.be\/6LRqJmPuKKY\">https:\/\/youtu.be\/6LRqJmPuKKY<\/a><br \/><br \/><\/span><\/p>\n<\/li>\n<li>Olvasson a leghitelesebb forr\u00e1sb\u00f3l, a <span style=\"color: #0000ff;\">Vatik\u00e1n \u00fajs\u00e1gj\u00e1b\u00f3l<\/span> &#8211; l\u00e1sd lejjebb<br \/><br \/><\/li>\n<li>Egy \u00e9desanya (misszi\u00f3nkhoz tartozik) \u00f6r\u00f6mmel sz\u00e1molt be a a kath.ch k\u00e9rd\u00e9s\u00e9re, hogy Ferenc p\u00e1pa <span style=\"color: #0000ff;\">meg\u00e1ldotta gyermek\u00e9t:<\/span> <a href=\"https:\/\/www.kath.ch\/newsd\/aargauerin-in-ungarn-franziskus-hat-meine-tochter-gesegnet\/\" target=\"_blank\" rel=\"noopener\"><span style=\"text-decoration: underline;\">kattints ide&#8230;<\/span><\/a><\/li>\n<\/ul>\t\t\t\t\t\t\t\t<\/div>\n\t\t\t\t<\/div>\n\t\t\t\t\t<\/div>\n\t\t<\/div>\n\t\t\t\t<div class=\"elementor-column elementor-col-33 elementor-top-column elementor-element elementor-element-55db4ca\" data-id=\"55db4ca\" data-element_type=\"column\">\n\t\t\t<div class=\"elementor-widget-wrap elementor-element-populated\">\n\t\t\t\t\t\t<div class=\"elementor-element elementor-element-8be67ee elementor-widget elementor-widget-text-editor\" data-id=\"8be67ee\" data-element_type=\"widget\" data-widget_type=\"text-editor.default\">\n\t\t\t\t<div class=\"elementor-widget-container\">\n\t\t\t\t\t\t\t\t\t<h3><strong><span style=\"color: #3366ff;\">Facebook oldalunkon hozz\u00e1 lehet sz\u00f3lni:<\/span><\/strong><\/h3>\n<p>kattints a k\u00e9pre: <a href=\"https:\/\/www.facebook.com\/MagyarMisszioZurich\/posts\/pfbid0kVa6hFqCNpUMVdTwFTzueKbGo23auXUy8JQcoRaNFCvRY3az3Pjsdk4XEwrXQeAUl\" target=\"_blank\" rel=\"noopener\"><img decoding=\"async\" class=\"size-medium wp-image-4977 alignright\" src=\"https:\/\/magyar-misszio.ch\/wp-content\/uploads\/2023\/04\/facebook-logonk.jpg-300x79.jpg\" alt=\"\" width=\"300\" height=\"79\" data-id=\"4977\" srcset=\"https:\/\/magyar-misszio.ch\/wp-content\/uploads\/2023\/04\/facebook-logonk.jpg-300x79.jpg 300w, https:\/\/magyar-misszio.ch\/wp-content\/uploads\/2023\/04\/facebook-logonk.jpg-1024x268.jpg 1024w, https:\/\/magyar-misszio.ch\/wp-content\/uploads\/2023\/04\/facebook-logonk.jpg-768x201.jpg 768w, https:\/\/magyar-misszio.ch\/wp-content\/uploads\/2023\/04\/facebook-logonk.jpg-1536x402.jpg 1536w, https:\/\/magyar-misszio.ch\/wp-content\/uploads\/2023\/04\/facebook-logonk.jpg-1080x283.jpg 1080w, https:\/\/magyar-misszio.ch\/wp-content\/uploads\/2023\/04\/facebook-logonk.jpg.jpg 1731w\" sizes=\"(max-width: 300px) 100vw, 300px\" \/><\/a><\/p>\n<p>\u00a0<\/p>\n<p><span style=\"color: #ff0000;\">ez a facebook oldal m\u00e1r nem m\u0171k\u00f6dik<\/span><\/p>\t\t\t\t\t\t\t\t<\/div>\n\t\t\t\t<\/div>\n\t\t\t\t\t<\/div>\n\t\t<\/div>\n\t\t\t\t\t<\/div>\n\t\t<\/section>\n\t\t\t\t<section class=\"elementor-section elementor-top-section elementor-element elementor-element-6ae9b5f elementor-section-boxed elementor-section-height-default elementor-section-height-default\" data-id=\"6ae9b5f\" data-element_type=\"section\">\n\t\t\t\t\t\t<div class=\"elementor-container elementor-column-gap-default\">\n\t\t\t\t\t<div class=\"elementor-column elementor-col-100 elementor-top-column elementor-element elementor-element-316bbf6\" data-id=\"316bbf6\" data-element_type=\"column\">\n\t\t\t<div class=\"elementor-widget-wrap elementor-element-populated\">\n\t\t\t\t\t\t<div class=\"elementor-element elementor-element-13912f4 elementor-widget elementor-widget-text-editor\" data-id=\"13912f4\" data-element_type=\"widget\" data-widget_type=\"text-editor.default\">\n\t\t\t\t<div class=\"elementor-widget-container\">\n\t\t\t\t\t\t\t\t\t<pre>(online dial\u00f3gus oldalunk<a href=\"https:\/\/magyar-misszio.ch\/?page_id=2465&amp;preview_id=2465\" target=\"_blank\" rel=\"noopener\"> itt tal\u00e1lhat\u00f3<\/a>)<\/pre>\t\t\t\t\t\t\t\t<\/div>\n\t\t\t\t<\/div>\n\t\t\t\t\t<\/div>\n\t\t<\/div>\n\t\t\t\t\t<\/div>\n\t\t<\/section>\n\t\t\t\t<section class=\"elementor-section elementor-top-section elementor-element elementor-element-2ef2055 elementor-section-boxed elementor-section-height-default elementor-section-height-default\" data-id=\"2ef2055\" data-element_type=\"section\">\n\t\t\t\t\t\t<div class=\"elementor-container elementor-column-gap-default\">\n\t\t\t\t\t<div class=\"elementor-column elementor-col-100 elementor-top-column elementor-element elementor-element-504e3a7\" data-id=\"504e3a7\" data-element_type=\"column\">\n\t\t\t<div class=\"elementor-widget-wrap elementor-element-populated\">\n\t\t\t\t\t\t<div class=\"elementor-element elementor-element-91aea8a elementor-widget-divider--view-line elementor-widget elementor-widget-divider\" data-id=\"91aea8a\" data-element_type=\"widget\" data-widget_type=\"divider.default\">\n\t\t\t\t<div class=\"elementor-widget-container\">\n\t\t\t\t\t\t\t<div class=\"elementor-divider\">\n\t\t\t<span class=\"elementor-divider-separator\">\n\t\t\t\t\t\t<\/span>\n\t\t<\/div>\n\t\t\t\t\t\t<\/div>\n\t\t\t\t<\/div>\n\t\t\t\t\t<\/div>\n\t\t<\/div>\n\t\t\t\t\t<\/div>\n\t\t<\/section>\n\t\t\t\t<section class=\"elementor-section elementor-top-section elementor-element elementor-element-5a4dc47 elementor-section-boxed elementor-section-height-default elementor-section-height-default\" data-id=\"5a4dc47\" data-element_type=\"section\">\n\t\t\t\t\t\t<div class=\"elementor-container elementor-column-gap-default\">\n\t\t\t\t\t<div class=\"elementor-column elementor-col-100 elementor-top-column elementor-element elementor-element-4242511\" data-id=\"4242511\" data-element_type=\"column\">\n\t\t\t<div class=\"elementor-widget-wrap elementor-element-populated\">\n\t\t\t\t\t\t<div class=\"elementor-element elementor-element-123d8ee elementor-widget elementor-widget-text-editor\" data-id=\"123d8ee\" data-element_type=\"widget\" data-widget_type=\"text-editor.default\">\n\t\t\t\t<div class=\"elementor-widget-container\">\n\t\t\t\t\t\t\t\t\t<p>\u00a0<\/p>\n<p>AUF DEUTSCH<\/p>\n<ul>\n<li style=\"list-style-type: none;\">\n<ul>\n<li>Die Internetseite zum Papstbesuch nur auf Englisch:<span style=\"text-decoration: underline;\"> <a href=\"https:\/\/ferenc2023.hu\/en\" target=\"_blank\" rel=\"noopener\">www.ferenc2023.hu\/en<\/a><br \/><br \/><\/span><\/li>\n<li>Artikel mit unserem Pfarrer zu diesem Thema, ver\u00f6ffentlicht auf kath.ch: <span style=\"text-decoration: underline;\"><a href=\"https:\/\/www.kath.ch\/newsd\/peter-varga-mehrheit-der-geweihten-in-ungarn-befuerworten-politik-von-viktor-orban\/\" target=\"_blank\" rel=\"noopener\">hier klicken<\/a><\/span>, <span style=\"text-decoration: underline;\"><a href=\"https:\/\/magyar-misszio.ch\/wp-content\/uploads\/2023\/04\/Peter-Varga_-Mehrheit-der-Geweihten-in-Ungarn-befuerworten-Politik-von-Viktor-Orban-\u2013-kath.ch_.pdf\" target=\"_blank\" rel=\"noopener\">hier herunterladen<\/a><br \/><br \/><\/span><\/li>\n<li>\n<p>Da sensible politische Themen angesprochen wurden, lohnt es sich auch, die Rede von Papst Franziskus zu lesen: <span style=\"text-decoration: underline;\"><a href=\"https:\/\/magyar-misszio.ch\/wp-content\/uploads\/2023\/04\/Rede-von-Papst-Franziskus-vor-den-Politikern.pdf\" target=\"_blank\" rel=\"noopener\">hier klicken<\/a><\/span> &#8211; und ich empfehle die folgende Zusammenfassung auch deshalb, weil die westliche Presse die wichtigsten Botschaften des Papstbesuches verzerrt hat: <span style=\"text-decoration: underline;\"><a href=\"https:\/\/magyar-misszio.ch\/wp-content\/uploads\/2023\/04\/Kurze-Zusammenfassung-der-Papstrede-vor-den-Politikern.pdf\" target=\"_blank\" rel=\"noopener\">hier klicken.<\/a><br \/><br \/><\/span><\/p>\n<\/li>\n<li>Lesen Sie aus der zuverl\u00e4ssigsten Quelle, der <span style=\"color: #0000ff;\"><strong>Zeitung des Vatikans<br \/><img decoding=\"async\" class=\"size-medium wp-image-5019 aligncenter\" src=\"https:\/\/magyar-misszio.ch\/wp-content\/uploads\/2023\/05\/Osservatore-logo.jpg-300x59.jpg\" alt=\"\" width=\"300\" height=\"59\" data-id=\"5019\" srcset=\"https:\/\/magyar-misszio.ch\/wp-content\/uploads\/2023\/05\/Osservatore-logo.jpg-300x59.jpg 300w, https:\/\/magyar-misszio.ch\/wp-content\/uploads\/2023\/05\/Osservatore-logo.jpg-1024x202.jpg 1024w, https:\/\/magyar-misszio.ch\/wp-content\/uploads\/2023\/05\/Osservatore-logo.jpg-768x152.jpg 768w, https:\/\/magyar-misszio.ch\/wp-content\/uploads\/2023\/05\/Osservatore-logo.jpg-1536x303.jpg 1536w, https:\/\/magyar-misszio.ch\/wp-content\/uploads\/2023\/05\/Osservatore-logo.jpg-1080x213.jpg 1080w, https:\/\/magyar-misszio.ch\/wp-content\/uploads\/2023\/05\/Osservatore-logo.jpg.jpg 1768w\" sizes=\"(max-width: 300px) 100vw, 300px\" \/><br \/><\/strong><span style=\"color: #000000;\">Artikel aus der Wochenausgabe vom 5. Mai 2023:<span style=\"text-decoration: underline;\"> <a href=\"https:\/\/www.osservatoreromano.va\/de\/last-editions.ed-018.html\" target=\"_blank\" rel=\"noopener\">hier klicken<\/a><\/span><\/span><br \/><span style=\"color: #000000;\">Artikel aus der Wochenausgabe vom 5. Mai 2023:<span style=\"text-decoration: underline;\"> <a href=\"https:\/\/www.osservatoreromano.va\/de\/last-editions.ed-017.html\" target=\"_blank\" rel=\"noopener\">hier klicken<\/a><\/span><br \/>you can read the same in several languages on the website<\/span><\/span><\/li>\n<\/ul>\n<\/li>\n<\/ul>\t\t\t\t\t\t\t\t<\/div>\n\t\t\t\t<\/div>\n\t\t\t\t\t<\/div>\n\t\t<\/div>\n\t\t\t\t\t<\/div>\n\t\t<\/section>\n\t\t\t\t<\/div>\n\t\t","protected":false},"excerpt":{"rendered":"<p>Ferenc p\u00e1pa Magyarorsz\u00e1gon, 2023. A magyar egyh\u00e1z ehhez k\u00fcl\u00f6n honlapot ind\u00edtott:\u00a0 www.ferenc2023.hu\u00a0Itt megtal\u00e1ljuk a r\u00e9szletes programot. A l\u00e1togat\u00e1s helysz\u00ednei al\u00e1 rendezve tal\u00e1ljuk meg mindazt, ami az apostoli l\u00e1togat\u00e1ssal kapcsolatban fontos lehet. Sok inf\u00f3 m\u00e9g itt&#8230;a\u00a0 katollikus Magyar Kurir oldal\u00e1n A log\u00f3r\u00f3l itt hosszabban, itt r\u00f6videbben.. Cikk pl\u00e9b\u00e1nosunkkal ennek kapcs\u00e1n, ami a kath.ch-n jelent meg: ide &hellip; <\/p>\n<p class=\"link-more\"><a href=\"https:\/\/magyar-misszio.ch\/?page_id=4929\" class=\"more-link\"><span class=\"screen-reader-text\">\u201eFerenc p\u00e1pa Magyarorsz\u00e1gon, 2023.\u201c<\/span> weiterlesen<\/a><\/p>\n","protected":false},"author":2,"featured_media":0,"parent":0,"menu_order":0,"comment_status":"closed","ping_status":"closed","template":"","meta":{"footnotes":""},"class_list":["post-4929","page","type-page","status-publish","hentry"],"_links":{"self":[{"href":"https:\/\/magyar-misszio.ch\/index.php?rest_route=\/wp\/v2\/pages\/4929","targetHints":{"allow":["GET"]}}],"collection":[{"href":"https:\/\/magyar-misszio.ch\/index.php?rest_route=\/wp\/v2\/pages"}],"about":[{"href":"https:\/\/magyar-misszio.ch\/index.php?rest_route=\/wp\/v2\/types\/page"}],"author":[{"embeddable":true,"href":"https:\/\/magyar-misszio.ch\/index.php?rest_route=\/wp\/v2\/users\/2"}],"replies":[{"embeddable":true,"href":"https:\/\/magyar-misszio.ch\/index.php?rest_route=%2Fwp%2Fv2%2Fcomments&post=4929"}],"version-history":[{"count":55,"href":"https:\/\/magyar-misszio.ch\/index.php?rest_route=\/wp\/v2\/pages\/4929\/revisions"}],"predecessor-version":[{"id":6519,"href":"https:\/\/magyar-misszio.ch\/index.php?rest_route=\/wp\/v2\/pages\/4929\/revisions\/6519"}],"wp:attachment":[{"href":"https:\/\/magyar-misszio.ch\/index.php?rest_route=%2Fwp%2Fv2%2Fmedia&parent=4929"}],"curies":[{"name":"wp","href":"https:\/\/api.w.org\/{rel}","templated":true}]}}