{"id":5190,"date":"2023-05-27T17:54:33","date_gmt":"2023-05-27T17:54:33","guid":{"rendered":"https:\/\/magyar-misszio.ch\/?page_id=5190"},"modified":"2023-05-27T18:19:57","modified_gmt":"2023-05-27T18:19:57","slug":"zarandokoljunk","status":"publish","type":"page","link":"https:\/\/magyar-misszio.ch\/?page_id=5190","title":{"rendered":"zarandokoljunk"},"content":{"rendered":"\t\t<div data-elementor-type=\"wp-page\" data-elementor-id=\"5190\" class=\"elementor elementor-5190\" data-elementor-post-type=\"page\">\n\t\t\t\t\t\t<section class=\"elementor-section elementor-top-section elementor-element elementor-element-4138c975 elementor-section-boxed elementor-section-height-default elementor-section-height-default\" data-id=\"4138c975\" data-element_type=\"section\">\n\t\t\t\t\t\t<div class=\"elementor-container elementor-column-gap-default\">\n\t\t\t\t\t<div class=\"elementor-column elementor-col-100 elementor-top-column elementor-element elementor-element-2f84a3a6\" data-id=\"2f84a3a6\" data-element_type=\"column\">\n\t\t\t<div class=\"elementor-widget-wrap elementor-element-populated\">\n\t\t\t\t\t\t<div class=\"elementor-element elementor-element-7411a9ac elementor-widget elementor-widget-text-editor\" data-id=\"7411a9ac\" data-element_type=\"widget\" data-widget_type=\"text-editor.default\">\n\t\t\t\t<div class=\"elementor-widget-container\">\n\t\t\t\t\t\t\t\t\t\t\t\t\t\t\t\t\t<\/div>\n\t\t\t\t<\/div>\n\t\t\t\t\t<\/div>\n\t\t<\/div>\n\t\t\t\t\t<\/div>\n\t\t<\/section>\n\t\t\t\t<section class=\"elementor-section elementor-top-section elementor-element elementor-element-3357552 elementor-section-boxed elementor-section-height-default elementor-section-height-default\" data-id=\"3357552\" data-element_type=\"section\">\n\t\t\t\t\t\t<div class=\"elementor-container elementor-column-gap-default\">\n\t\t\t\t\t<div class=\"elementor-column elementor-col-100 elementor-top-column elementor-element elementor-element-4f77632\" data-id=\"4f77632\" data-element_type=\"column\">\n\t\t\t<div class=\"elementor-widget-wrap elementor-element-populated\">\n\t\t\t\t\t\t<section class=\"elementor-section elementor-inner-section elementor-element elementor-element-b815def elementor-section-boxed elementor-section-height-default elementor-section-height-default\" data-id=\"b815def\" data-element_type=\"section\">\n\t\t\t\t\t\t<div class=\"elementor-container elementor-column-gap-default\">\n\t\t\t\t\t<div class=\"elementor-column elementor-col-50 elementor-inner-column elementor-element elementor-element-63061f1\" data-id=\"63061f1\" data-element_type=\"column\">\n\t\t\t<div class=\"elementor-widget-wrap elementor-element-populated\">\n\t\t\t\t\t\t<div class=\"elementor-element elementor-element-72f1814 elementor-widget elementor-widget-text-editor\" data-id=\"72f1814\" data-element_type=\"widget\" data-widget_type=\"text-editor.default\">\n\t\t\t\t<div class=\"elementor-widget-container\">\n\t\t\t\t\t\t\t\t\t<p>\u00a0<\/p>\n<h2 style=\"text-align: center;\"><strong><span style=\"color: #993366;\">Zar\u00e1ndokoljunk!<\/span><\/strong><\/h2>\t\t\t\t\t\t\t\t<\/div>\n\t\t\t\t<\/div>\n\t\t\t\t\t<\/div>\n\t\t<\/div>\n\t\t\t\t<div class=\"elementor-column elementor-col-50 elementor-inner-column elementor-element elementor-element-6c30cec\" data-id=\"6c30cec\" data-element_type=\"column\">\n\t\t\t<div class=\"elementor-widget-wrap elementor-element-populated\">\n\t\t\t\t\t\t<div class=\"elementor-element elementor-element-b4cb1dd elementor-widget elementor-widget-image\" data-id=\"b4cb1dd\" data-element_type=\"widget\" data-widget_type=\"image.default\">\n\t\t\t\t<div class=\"elementor-widget-container\">\n\t\t\t\t\t\t\t\t\t\t\t\t\t\t\t<img fetchpriority=\"high\" decoding=\"async\" width=\"740\" height=\"444\" src=\"https:\/\/magyar-misszio.ch\/wp-content\/uploads\/2023\/05\/zarandoklat.jpg-1024x615.jpg\" class=\"attachment-large size-large wp-image-5193\" alt=\"\" srcset=\"https:\/\/magyar-misszio.ch\/wp-content\/uploads\/2023\/05\/zarandoklat.jpg-1024x615.jpg 1024w, https:\/\/magyar-misszio.ch\/wp-content\/uploads\/2023\/05\/zarandoklat.jpg-300x180.jpg 300w, https:\/\/magyar-misszio.ch\/wp-content\/uploads\/2023\/05\/zarandoklat.jpg-768x461.jpg 768w, https:\/\/magyar-misszio.ch\/wp-content\/uploads\/2023\/05\/zarandoklat.jpg-1536x922.jpg 1536w, https:\/\/magyar-misszio.ch\/wp-content\/uploads\/2023\/05\/zarandoklat.jpg-2048x1230.jpg 2048w, https:\/\/magyar-misszio.ch\/wp-content\/uploads\/2023\/05\/zarandoklat.jpg-1080x649.jpg 1080w, https:\/\/magyar-misszio.ch\/wp-content\/uploads\/2023\/05\/zarandoklat.jpg-2000x1200.jpg 2000w, https:\/\/magyar-misszio.ch\/wp-content\/uploads\/2023\/05\/zarandoklat.jpg-1280x768.jpg 1280w, https:\/\/magyar-misszio.ch\/wp-content\/uploads\/2023\/05\/zarandoklat.jpg-627x376.jpg 627w, https:\/\/magyar-misszio.ch\/wp-content\/uploads\/2023\/05\/zarandoklat.jpg-440x264.jpg 440w\" sizes=\"100vw\" \/>\t\t\t\t\t\t\t\t\t\t\t\t\t\t\t<\/div>\n\t\t\t\t<\/div>\n\t\t\t\t\t<\/div>\n\t\t<\/div>\n\t\t\t\t\t<\/div>\n\t\t<\/section>\n\t\t\t\t\t<\/div>\n\t\t<\/div>\n\t\t\t\t\t<\/div>\n\t\t<\/section>\n\t\t\t\t<section class=\"elementor-section elementor-top-section elementor-element elementor-element-439e05a elementor-section-boxed elementor-section-height-default elementor-section-height-default\" data-id=\"439e05a\" data-element_type=\"section\">\n\t\t\t\t\t\t<div class=\"elementor-container elementor-column-gap-default\">\n\t\t\t\t\t<div class=\"elementor-column elementor-col-100 elementor-top-column elementor-element elementor-element-7feb016\" data-id=\"7feb016\" data-element_type=\"column\">\n\t\t\t<div class=\"elementor-widget-wrap elementor-element-populated\">\n\t\t\t\t\t\t<div class=\"elementor-element elementor-element-4638c11 elementor-widget elementor-widget-text-editor\" data-id=\"4638c11\" data-element_type=\"widget\" data-widget_type=\"text-editor.default\">\n\t\t\t\t<div class=\"elementor-widget-container\">\n\t\t\t\t\t\t\t\t\t<h3>Az \u00e9let egy \u00fat, ami nem \u00e9r v\u00e9get a hal\u00e1llal. Az \u00e9let egy zar\u00e1ndok\u00fat, aminek v\u00e9gc\u00e9lja az \u00f6r\u00f6k \u00e9let.\u00a0 A h\u00edv\u0151 embernek ezt sokszor esz\u00e9be kell id\u00e9znie. Ez\u00e9rt tesz\u00fcnk a f\u00f6ld\u00f6n is zar\u00e1ndoklatokat, amelyek m\u00e1ssal p\u00f3tolhatatlan kincseket ny\u00fajtanak: er\u0151sebbekk\u00e9 v\u00e1lunk lelkileg-testileg, egym\u00e1shoz is k\u00f6zelebb ker\u00fcl\u00fcnk, k\u00f6z\u00f6ss\u00e9geink er\u0151sebbekk\u00e9 v\u00e1lnak \u00e9s Isten odafigyel a felaj\u00e1nlott zar\u00e1ndoklatok k\u00e9r\u00e9seire.<\/h3>\n<h3>A h\u00edv\u0151 ember rendszeresen zar\u00e1ndokol. Minden vall\u00e1sban vannak nagyobb\u00a0 zar\u00e1ndokc\u00e9lok. Hat\u00e1rozd el, legal\u00e1bb \u00e9vente egyszer zar\u00e1ndokolni fogsz. Lehet\u0151leg k\u00f6z\u00f6ss\u00e9geddel egy\u00fctt!\u00a0<\/h3>\n<h3>Misszi\u00f3nk legszebb zar\u00e1ndokc\u00e9lja Sv\u00e1jcban egy hegy tetej\u00e9n l\u00e9v\u0151 kis k\u00e1polna Siebeneichban, ahol a m\u00e1riap\u00f3csi kegyk\u00e9p m\u00e1solata is megtal\u00e1lhat\u00f3. N\u00e9h\u00e1ny kilom\u00e9terre innen van a nemzeti szent, Bruder Klaus szent\u00e9lye is, ahol nek\u00fcnk magyaroknak az itteniek 1956-ban egy eml\u00e9kkeresztet is \u00e1ll\u00edtottak.\u00a0<\/h3>\n<h3><br \/><a href=\"https:\/\/magyar-misszio.ch\/wp-content\/uploads\/2023\/05\/Ima-es-emlekfuezet-Bruder-Klausnal-honlapra.pdf\" target=\"_blank\" rel=\"noopener\"><span style=\"text-decoration: underline;\">Ide kattintva<\/span><\/a> egy imaf\u00fczetet tal\u00e1lsz \u00e9s az <strong>\u00a01956-os kereszt<\/strong> \u00e9s meg\u00faj\u00edt\u00e1s\u00e1nak t\u00f6rt\u00e9net\u00e9t.<\/h3>\n<h3><a href=\"https:\/\/magyar-misszio.ch\/?page_id=3003\" target=\"_blank\" rel=\"noopener\"><span style=\"text-decoration: underline;\">Ide kattintva<\/span><\/a> <span style=\"color: #0000ff;\"><strong>meghallgathat\u00f3 im\u00e1ds\u00e1gok<\/strong><\/span>at tal\u00e1lsz (p\u00e9ld\u00e1ul, ha \u00e9ppen zar\u00e1ndokolsz ak\u00e1r egyed\u00fcl, vagy s\u00e9t\u00e1lsz&#8230;)<\/h3>\n<h3><a href=\"https:\/\/magyar-misszio.ch\/wp-content\/uploads\/2023\/05\/Ima-es-enekfuezet-QUER.pdf\" target=\"_blank\" rel=\"noopener\"><span style=\"text-decoration: underline;\">Ide kattintva<\/span><\/a> p\u00fcnk\u00f6sdh\u00e9tf\u0151i <span style=\"color: #0000ff;\"><strong>zar\u00e1ndokf\u00fczet<\/strong><\/span>\u00fcnket t\u00f6ltheted le.\u00a0<\/h3>\n<h3><a href=\"https:\/\/magyar-misszio.ch\/?page_id=3123\"><span style=\"text-decoration: underline;\">Ide kattintva<\/span><\/a> Bruder Klaus (Fl\u00fcei Szent Mikl\u00f3s) <strong><span style=\"color: #0000ff;\">medit\u00e1ci\u00f3s k\u00e9p<\/span><\/strong>\u00e9nek magyar\u00e1zat\u00e1t tal\u00e1lod meg.<\/h3>\n<p>\u00a0<\/p>\t\t\t\t\t\t\t\t<\/div>\n\t\t\t\t<\/div>\n\t\t\t\t\t<\/div>\n\t\t<\/div>\n\t\t\t\t\t<\/div>\n\t\t<\/section>\n\t\t\t\t<\/div>\n\t\t","protected":false},"excerpt":{"rendered":"<p>\u00a0 Zar\u00e1ndokoljunk! Az \u00e9let egy \u00fat, ami nem \u00e9r v\u00e9get a hal\u00e1llal. Az \u00e9let egy zar\u00e1ndok\u00fat, aminek v\u00e9gc\u00e9lja az \u00f6r\u00f6k \u00e9let.\u00a0 A h\u00edv\u0151 embernek ezt sokszor esz\u00e9be kell id\u00e9znie. Ez\u00e9rt tesz\u00fcnk a f\u00f6ld\u00f6n is zar\u00e1ndoklatokat, amelyek m\u00e1ssal p\u00f3tolhatatlan kincseket ny\u00fajtanak: er\u0151sebbekk\u00e9 v\u00e1lunk lelkileg-testileg, egym\u00e1shoz is k\u00f6zelebb ker\u00fcl\u00fcnk, k\u00f6z\u00f6ss\u00e9geink er\u0151sebbekk\u00e9 v\u00e1lnak \u00e9s Isten odafigyel a felaj\u00e1nlott &hellip; <\/p>\n<p class=\"link-more\"><a href=\"https:\/\/magyar-misszio.ch\/?page_id=5190\" class=\"more-link\"><span class=\"screen-reader-text\">\u201ezarandokoljunk\u201c<\/span> weiterlesen<\/a><\/p>\n","protected":false},"author":2,"featured_media":0,"parent":0,"menu_order":0,"comment_status":"closed","ping_status":"closed","template":"","meta":{"footnotes":""},"class_list":["post-5190","page","type-page","status-publish","hentry"],"_links":{"self":[{"href":"https:\/\/magyar-misszio.ch\/index.php?rest_route=\/wp\/v2\/pages\/5190","targetHints":{"allow":["GET"]}}],"collection":[{"href":"https:\/\/magyar-misszio.ch\/index.php?rest_route=\/wp\/v2\/pages"}],"about":[{"href":"https:\/\/magyar-misszio.ch\/index.php?rest_route=\/wp\/v2\/types\/page"}],"author":[{"embeddable":true,"href":"https:\/\/magyar-misszio.ch\/index.php?rest_route=\/wp\/v2\/users\/2"}],"replies":[{"embeddable":true,"href":"https:\/\/magyar-misszio.ch\/index.php?rest_route=%2Fwp%2Fv2%2Fcomments&post=5190"}],"version-history":[{"count":4,"href":"https:\/\/magyar-misszio.ch\/index.php?rest_route=\/wp\/v2\/pages\/5190\/revisions"}],"predecessor-version":[{"id":5201,"href":"https:\/\/magyar-misszio.ch\/index.php?rest_route=\/wp\/v2\/pages\/5190\/revisions\/5201"}],"wp:attachment":[{"href":"https:\/\/magyar-misszio.ch\/index.php?rest_route=%2Fwp%2Fv2%2Fmedia&parent=5190"}],"curies":[{"name":"wp","href":"https:\/\/api.w.org\/{rel}","templated":true}]}}