{"id":5571,"date":"2023-07-21T20:09:54","date_gmt":"2023-07-21T20:09:54","guid":{"rendered":"https:\/\/magyar-misszio.ch\/?page_id=5571"},"modified":"2023-07-21T20:12:40","modified_gmt":"2023-07-21T20:12:40","slug":"hirlevelek2017-21mitfilebird","status":"publish","type":"page","link":"https:\/\/magyar-misszio.ch\/?page_id=5571","title":{"rendered":"hirlevelek2017-21mitFilebird"},"content":{"rendered":"\t\t<div data-elementor-type=\"wp-page\" data-elementor-id=\"5571\" class=\"elementor elementor-5571\" data-elementor-post-type=\"page\">\n\t\t\t\t\t\t<section class=\"elementor-section elementor-top-section elementor-element elementor-element-63a074bf elementor-section-boxed elementor-section-height-default elementor-section-height-default\" data-id=\"63a074bf\" data-element_type=\"section\">\n\t\t\t\t\t\t<div class=\"elementor-container elementor-column-gap-default\">\n\t\t\t\t\t<div class=\"elementor-column elementor-col-100 elementor-top-column elementor-element elementor-element-2aca9fc4\" data-id=\"2aca9fc4\" data-element_type=\"column\">\n\t\t\t<div class=\"elementor-widget-wrap elementor-element-populated\">\n\t\t\t\t\t\t<div class=\"elementor-element elementor-element-6676aef2 elementor-widget elementor-widget-text-editor\" data-id=\"6676aef2\" data-element_type=\"widget\" data-widget_type=\"text-editor.default\">\n\t\t\t\t<div class=\"elementor-widget-container\">\n\t\t\t\t\t\t\t\t\t\t\t\t\t\t\t\t\t<\/div>\n\t\t\t\t<\/div>\n\t\t\t\t\t<\/div>\n\t\t<\/div>\n\t\t\t\t\t<\/div>\n\t\t<\/section>\n\t\t\t\t<section class=\"elementor-section elementor-top-section elementor-element elementor-element-361de66 elementor-section-boxed elementor-section-height-default elementor-section-height-default\" data-id=\"361de66\" data-element_type=\"section\">\n\t\t\t\t\t\t<div class=\"elementor-container elementor-column-gap-default\">\n\t\t\t\t\t<div class=\"elementor-column elementor-col-100 elementor-top-column elementor-element elementor-element-8f2eb08\" data-id=\"8f2eb08\" data-element_type=\"column\">\n\t\t\t<div class=\"elementor-widget-wrap elementor-element-populated\">\n\t\t\t\t\t\t<div class=\"elementor-element elementor-element-95cf356 elementor-widget elementor-widget-text-editor\" data-id=\"95cf356\" data-element_type=\"widget\" data-widget_type=\"text-editor.default\">\n\t\t\t\t<div class=\"elementor-widget-container\">\n\t\t\t\t\t\t\t\t\t<h1><span style=\"color: #33cccc;\"><strong>H\u00edrleveleink 2017-2021. k\u00f6z\u00f6tt<\/strong><\/span><\/h1>\n<p>Enn\u00e9l r\u00e9szletesebben inform\u00e1l\u00f3dhat email-h\u00edrleveleinkb\u0151l (<a href=\"https:\/\/magyar-misszio.ch\/?page_id=101\" target=\"_blank\" rel=\"noopener\">kattints ide&#8230;<\/a>.)<\/p>\n<p><span style=\"color: #ff0000;\">A h\u00edrlevelek \u00f6sszefoglal\u00f3 tartalma 2017-2021. k\u00f6z\u00f6tt <a href=\"https:\/\/magyar-misszio.ch\/wp-content\/uploads\/2022\/11\/Hirleveleink-tartalma-1-100.pdf\" target=\"_blank\" rel=\"noopener\">ide kattintva&#8230;<\/a><\/span><br \/><div id=\"filebird-document-library\"><div class=\"njt-fbdl\" data-json=\"{&quot;request&quot;:{&quot;pagination&quot;:{&quot;current&quot;:1,&quot;limit&quot;:25},&quot;search&quot;:&quot;&quot;,&quot;orderBy&quot;:&quot;post_title&quot;,&quot;orderType&quot;:&quot;DESC&quot;,&quot;selectedFolder&quot;:[&quot;Yx2EN2Yd48chYVer3uE7Tw==&quot;]},&quot;title&quot;:&quot;Hirlevelek 2017-2021. k\\u00f6z\\u00f6ss&quot;,&quot;column&quot;:3,&quot;layout&quot;:&quot;grid&quot;}\"><\/div><\/div><\/p>\t\t\t\t\t\t\t\t<\/div>\n\t\t\t\t<\/div>\n\t\t\t\t\t<\/div>\n\t\t<\/div>\n\t\t\t\t\t<\/div>\n\t\t<\/section>\n\t\t\t\t<\/div>\n\t\t","protected":false},"excerpt":{"rendered":"<p>H\u00edrleveleink 2017-2021. k\u00f6z\u00f6tt Enn\u00e9l r\u00e9szletesebben inform\u00e1l\u00f3dhat email-h\u00edrleveleinkb\u0151l (kattints ide&#8230;.) A h\u00edrlevelek \u00f6sszefoglal\u00f3 tartalma 2017-2021. k\u00f6z\u00f6tt ide kattintva&#8230;<\/p>\n","protected":false},"author":2,"featured_media":0,"parent":0,"menu_order":0,"comment_status":"closed","ping_status":"closed","template":"","meta":{"footnotes":""},"class_list":["post-5571","page","type-page","status-publish","hentry"],"_links":{"self":[{"href":"https:\/\/magyar-misszio.ch\/index.php?rest_route=\/wp\/v2\/pages\/5571","targetHints":{"allow":["GET"]}}],"collection":[{"href":"https:\/\/magyar-misszio.ch\/index.php?rest_route=\/wp\/v2\/pages"}],"about":[{"href":"https:\/\/magyar-misszio.ch\/index.php?rest_route=\/wp\/v2\/types\/page"}],"author":[{"embeddable":true,"href":"https:\/\/magyar-misszio.ch\/index.php?rest_route=\/wp\/v2\/users\/2"}],"replies":[{"embeddable":true,"href":"https:\/\/magyar-misszio.ch\/index.php?rest_route=%2Fwp%2Fv2%2Fcomments&post=5571"}],"version-history":[{"count":4,"href":"https:\/\/magyar-misszio.ch\/index.php?rest_route=\/wp\/v2\/pages\/5571\/revisions"}],"predecessor-version":[{"id":5580,"href":"https:\/\/magyar-misszio.ch\/index.php?rest_route=\/wp\/v2\/pages\/5571\/revisions\/5580"}],"wp:attachment":[{"href":"https:\/\/magyar-misszio.ch\/index.php?rest_route=%2Fwp%2Fv2%2Fmedia&parent=5571"}],"curies":[{"name":"wp","href":"https:\/\/api.w.org\/{rel}","templated":true}]}}