{"id":5637,"date":"2023-08-26T11:21:51","date_gmt":"2023-08-26T11:21:51","guid":{"rendered":"https:\/\/magyar-misszio.ch\/?page_id=5637"},"modified":"2024-05-08T11:07:52","modified_gmt":"2024-05-08T11:07:52","slug":"dialogus-bucsu","status":"publish","type":"page","link":"https:\/\/magyar-misszio.ch\/?page_id=5637","title":{"rendered":"dialogus-bucsu"},"content":{"rendered":"\t\t<div data-elementor-type=\"wp-page\" data-elementor-id=\"5637\" class=\"elementor elementor-5637\" data-elementor-post-type=\"page\">\n\t\t\t\t\t\t<section class=\"elementor-section elementor-top-section elementor-element elementor-element-f1388df elementor-section-boxed elementor-section-height-default elementor-section-height-default\" data-id=\"f1388df\" data-element_type=\"section\">\n\t\t\t\t\t\t<div class=\"elementor-container elementor-column-gap-default\">\n\t\t\t\t\t<div class=\"elementor-column elementor-col-100 elementor-top-column elementor-element elementor-element-20f63dcd\" data-id=\"20f63dcd\" data-element_type=\"column\">\n\t\t\t<div class=\"elementor-widget-wrap elementor-element-populated\">\n\t\t\t\t\t\t<div class=\"elementor-element elementor-element-ff12576 elementor-widget elementor-widget-text-editor\" data-id=\"ff12576\" data-element_type=\"widget\" data-widget_type=\"text-editor.default\">\n\t\t\t\t<div class=\"elementor-widget-container\">\n\t\t\t\t\t\t\t\t\t\t\t\t\t\t\t\t\t<\/div>\n\t\t\t\t<\/div>\n\t\t\t\t\t<\/div>\n\t\t<\/div>\n\t\t\t\t\t<\/div>\n\t\t<\/section>\n\t\t\t\t<section class=\"elementor-section elementor-top-section elementor-element elementor-element-714e166 elementor-section-boxed elementor-section-height-default elementor-section-height-default\" data-id=\"714e166\" data-element_type=\"section\">\n\t\t\t\t\t\t<div class=\"elementor-container elementor-column-gap-default\">\n\t\t\t\t\t<div class=\"elementor-column elementor-col-100 elementor-top-column elementor-element elementor-element-ee0b37b\" data-id=\"ee0b37b\" data-element_type=\"column\">\n\t\t\t<div class=\"elementor-widget-wrap elementor-element-populated\">\n\t\t\t\t\t\t<div class=\"elementor-element elementor-element-ec1315a elementor-widget elementor-widget-heading\" data-id=\"ec1315a\" data-element_type=\"widget\" data-widget_type=\"heading.default\">\n\t\t\t\t<div class=\"elementor-widget-container\">\n\t\t\t\t\t<h2 class=\"elementor-heading-title elementor-size-default\">Legyen-e b\u00facs\u00fank aug. utols\u00f3 vas\u00e1rnapj\u00e1n?<\/h2>\t\t\t\t<\/div>\n\t\t\t\t<\/div>\n\t\t\t\t\t<\/div>\n\t\t<\/div>\n\t\t\t\t\t<\/div>\n\t\t<\/section>\n\t\t\t\t<section class=\"elementor-section elementor-top-section elementor-element elementor-element-78f1754 elementor-section-boxed elementor-section-height-default elementor-section-height-default\" data-id=\"78f1754\" data-element_type=\"section\">\n\t\t\t\t\t\t<div class=\"elementor-container elementor-column-gap-default\">\n\t\t\t\t\t<div class=\"elementor-column elementor-col-100 elementor-top-column elementor-element elementor-element-eb7f2ce\" data-id=\"eb7f2ce\" data-element_type=\"column\">\n\t\t\t<div class=\"elementor-widget-wrap elementor-element-populated\">\n\t\t\t\t\t\t<div class=\"elementor-element elementor-element-fd07ad4 elementor-widget elementor-widget-text-editor\" data-id=\"fd07ad4\" data-element_type=\"widget\" data-widget_type=\"text-editor.default\">\n\t\t\t\t<div class=\"elementor-widget-container\">\n\t\t\t\t\t\t\t\t\t<pre style=\"text-align: center;\">(online dial\u00f3gus oldalunk<a href=\"https:\/\/magyar-misszio.ch\/?page_id=2465&amp;preview_id=2465\" target=\"_blank\" rel=\"noopener\"> itt tal\u00e1lhat\u00f3<\/a>)<\/pre>\t\t\t\t\t\t\t\t<\/div>\n\t\t\t\t<\/div>\n\t\t\t\t\t<\/div>\n\t\t<\/div>\n\t\t\t\t\t<\/div>\n\t\t<\/section>\n\t\t\t\t<section class=\"elementor-section elementor-top-section elementor-element elementor-element-4c52c5b elementor-section-boxed elementor-section-height-default elementor-section-height-default\" data-id=\"4c52c5b\" data-element_type=\"section\">\n\t\t\t\t\t\t<div class=\"elementor-container elementor-column-gap-default\">\n\t\t\t\t\t<div class=\"elementor-column elementor-col-66 elementor-top-column elementor-element elementor-element-03827a0\" data-id=\"03827a0\" data-element_type=\"column\">\n\t\t\t<div class=\"elementor-widget-wrap elementor-element-populated\">\n\t\t\t\t\t\t<div class=\"elementor-element elementor-element-cb25a60 elementor-widget elementor-widget-text-editor\" data-id=\"cb25a60\" data-element_type=\"widget\" data-widget_type=\"text-editor.default\">\n\t\t\t\t<div class=\"elementor-widget-container\">\n\t\t\t\t\t\t\t\t\t<h3><span style=\"color: #0000ff;\"><strong>K\u00f6sz\u00f6net legfontosabb \u00fcnnep\u00fcnk\u00f6n val\u00f3 jelenl\u00e9t\u00e9rt<\/strong><\/span><\/h3>\n<p><img decoding=\"async\" class=\"alignleft wp-image-5633 size-thumbnail\" src=\"https:\/\/magyar-misszio.ch\/wp-content\/uploads\/2023bucsu-1.jpg-1-150x150.jpg\" alt=\"\" width=\"150\" height=\"150\" data-id=\"5633\" srcset=\"https:\/\/magyar-misszio.ch\/wp-content\/uploads\/2023bucsu-1.jpg-1-150x150.jpg 150w, https:\/\/magyar-misszio.ch\/wp-content\/uploads\/2023bucsu-1.jpg-1-100x100.jpg 100w, https:\/\/magyar-misszio.ch\/wp-content\/uploads\/2023bucsu-1.jpg-1-440x440.jpg 440w\" sizes=\"(max-width: 150px) 100vw, 150px\" \/>Szent Istv\u00e1n kir\u00e1ly misszi\u00f3nk v\u00e9d\u0151szentje, \u00edgy annak meg\u00fcnnepl\u00e9se legfontosabb saj\u00e1t \u00fcnnep\u00fcnk, amit r\u00e9gi sz\u00f3val b\u00facs\u00fanak is szoktunk mondani. Kicsit izgultam, hogy m\u00e9g a ny\u00e1ri sz\u00fcnet utols\u00f3 vas\u00e1rnapj\u00e1n h\u00e1nyan j\u00f6nnek el (2023-ban aug. 20-\u00e1n), h\u00e1nyan j\u00f6nnek vissza csak misszi\u00f3nk miatt a szabads\u00e1gr\u00f3l. B\u00e1r kevesebben voltunk, mint kor\u00e1bban, de m\u00e9gis sz\u00e9pen \u00f6sszegy\u0171jt\u00fcnk.<\/p>\n<p>H\u00e1l\u00e1sak lehet\u00fcnk dr. N\u00e9met L\u00e1szl\u00f3 SVD belgr\u00e1di \u00e9rseknek, aki szavaival, jelenl\u00e9t\u00e9vel sokakat meg\u00e9rintett. H\u00e1l\u00e1sak vagyunk az \u00faj \u00e9s r\u00e9gi seg\u00edt\u0151knek, \u00e9s Golarits Gy\u00f6ngyi szerevez\u00e9s\u00e9nek, akik n\u00e9lk\u00fcl ezt nem tudtunk volna meg\u00fcnnepelni.<\/p>\n<p><span style=\"text-decoration: underline;\">A j\u00f6v\u0151ben is csak akkor fog ez \u00edgy m\u0171k\u00f6dni,<\/span> ha \u00e9rezni fogja min\u00e9l t\u00f6bb kedves h\u00edv\u0151, hogy ez a mi \u00fcnnep\u00fcnk. Hogy a j\u00f6v\u0151ben is tudjunk kiemelked\u0151 szem\u00e9lyis\u00e9geket h\u00edvni, \u00edgy felmer\u00fclt bennem, hogy nem kell-e visszahozni azt, amit kb. 30 \u00e9vvel ezel\u0151tt is gyakorlat volt misszi\u00f3nkban: augusztus utols\u00f3 vas\u00e1rnapj\u00e1ra helyezni a Szent Istv\u00e1n \u00fcnnep\u00fcnket? Hozz\u00e1sz\u00f3l\u00e1sukat megk\u00f6sz\u00f6nj\u00fck facebook oldalunkon, ld. oldalt&#8230;<\/p>\n<p>\u00a0<\/p>\t\t\t\t\t\t\t\t<\/div>\n\t\t\t\t<\/div>\n\t\t\t\t\t<\/div>\n\t\t<\/div>\n\t\t\t\t<div class=\"elementor-column elementor-col-33 elementor-top-column elementor-element elementor-element-8a9e748\" data-id=\"8a9e748\" data-element_type=\"column\">\n\t\t\t<div class=\"elementor-widget-wrap elementor-element-populated\">\n\t\t\t\t\t\t<div class=\"elementor-element elementor-element-cb0e95d elementor-widget elementor-widget-text-editor\" data-id=\"cb0e95d\" data-element_type=\"widget\" data-widget_type=\"text-editor.default\">\n\t\t\t\t<div class=\"elementor-widget-container\">\n\t\t\t\t\t\t\t\t\t<h3><strong><span style=\"color: #3366ff;\">Facebook oldalunkon hozz\u00e1 lehet sz\u00f3lni:<\/span><\/strong><\/h3>\n<p>kattints a k\u00e9pre: <img decoding=\"async\" class=\"size-medium wp-image-4977 alignright\" src=\"https:\/\/magyar-misszio.ch\/wp-content\/uploads\/2023\/04\/facebook-logonk.jpg-300x79.jpg\" alt=\"\" width=\"300\" height=\"79\" data-id=\"4977\" srcset=\"https:\/\/magyar-misszio.ch\/wp-content\/uploads\/2023\/04\/facebook-logonk.jpg-300x79.jpg 300w, https:\/\/magyar-misszio.ch\/wp-content\/uploads\/2023\/04\/facebook-logonk.jpg-1024x268.jpg 1024w, https:\/\/magyar-misszio.ch\/wp-content\/uploads\/2023\/04\/facebook-logonk.jpg-768x201.jpg 768w, https:\/\/magyar-misszio.ch\/wp-content\/uploads\/2023\/04\/facebook-logonk.jpg-1536x402.jpg 1536w, https:\/\/magyar-misszio.ch\/wp-content\/uploads\/2023\/04\/facebook-logonk.jpg-1080x283.jpg 1080w, https:\/\/magyar-misszio.ch\/wp-content\/uploads\/2023\/04\/facebook-logonk.jpg.jpg 1731w\" sizes=\"(max-width: 300px) 100vw, 300px\" \/><\/p>\n<p>\u00a0<\/p>\n<p><span style=\"color: #ff0000;\">ez a facebook oldal m\u00e1r nem m\u0171k\u00f6dik<\/span><\/p>\t\t\t\t\t\t\t\t<\/div>\n\t\t\t\t<\/div>\n\t\t\t\t\t<\/div>\n\t\t<\/div>\n\t\t\t\t\t<\/div>\n\t\t<\/section>\n\t\t\t\t<\/div>\n\t\t","protected":false},"excerpt":{"rendered":"<p>Legyen-e b\u00facs\u00fank aug. utols\u00f3 vas\u00e1rnapj\u00e1n? (online dial\u00f3gus oldalunk itt tal\u00e1lhat\u00f3) K\u00f6sz\u00f6net legfontosabb \u00fcnnep\u00fcnk\u00f6n val\u00f3 jelenl\u00e9t\u00e9rt Szent Istv\u00e1n kir\u00e1ly misszi\u00f3nk v\u00e9d\u0151szentje, \u00edgy annak meg\u00fcnnepl\u00e9se legfontosabb saj\u00e1t \u00fcnnep\u00fcnk, amit r\u00e9gi sz\u00f3val b\u00facs\u00fanak is szoktunk mondani. Kicsit izgultam, hogy m\u00e9g a ny\u00e1ri sz\u00fcnet utols\u00f3 vas\u00e1rnapj\u00e1n h\u00e1nyan j\u00f6nnek el (2023-ban aug. 20-\u00e1n), h\u00e1nyan j\u00f6nnek vissza csak misszi\u00f3nk miatt a &hellip; <\/p>\n<p class=\"link-more\"><a href=\"https:\/\/magyar-misszio.ch\/?page_id=5637\" class=\"more-link\"><span class=\"screen-reader-text\">\u201edialogus-bucsu\u201c<\/span> weiterlesen<\/a><\/p>\n","protected":false},"author":2,"featured_media":0,"parent":0,"menu_order":0,"comment_status":"closed","ping_status":"closed","template":"","meta":{"footnotes":""},"class_list":["post-5637","page","type-page","status-publish","hentry"],"_links":{"self":[{"href":"https:\/\/magyar-misszio.ch\/index.php?rest_route=\/wp\/v2\/pages\/5637","targetHints":{"allow":["GET"]}}],"collection":[{"href":"https:\/\/magyar-misszio.ch\/index.php?rest_route=\/wp\/v2\/pages"}],"about":[{"href":"https:\/\/magyar-misszio.ch\/index.php?rest_route=\/wp\/v2\/types\/page"}],"author":[{"embeddable":true,"href":"https:\/\/magyar-misszio.ch\/index.php?rest_route=\/wp\/v2\/users\/2"}],"replies":[{"embeddable":true,"href":"https:\/\/magyar-misszio.ch\/index.php?rest_route=%2Fwp%2Fv2%2Fcomments&post=5637"}],"version-history":[{"count":13,"href":"https:\/\/magyar-misszio.ch\/index.php?rest_route=\/wp\/v2\/pages\/5637\/revisions"}],"predecessor-version":[{"id":6509,"href":"https:\/\/magyar-misszio.ch\/index.php?rest_route=\/wp\/v2\/pages\/5637\/revisions\/6509"}],"wp:attachment":[{"href":"https:\/\/magyar-misszio.ch\/index.php?rest_route=%2Fwp%2Fv2%2Fmedia&parent=5637"}],"curies":[{"name":"wp","href":"https:\/\/api.w.org\/{rel}","templated":true}]}}