{"id":5892,"date":"2023-11-17T14:04:40","date_gmt":"2023-11-17T14:04:40","guid":{"rendered":"https:\/\/magyar-misszio.ch\/?page_id=5892"},"modified":"2023-11-18T19:44:05","modified_gmt":"2023-11-18T19:44:05","slug":"st-elisabeth","status":"publish","type":"page","link":"https:\/\/magyar-misszio.ch\/?page_id=5892","title":{"rendered":"St. Elisabeth"},"content":{"rendered":"\t\t<div data-elementor-type=\"wp-page\" data-elementor-id=\"5892\" class=\"elementor elementor-5892\" data-elementor-post-type=\"page\">\n\t\t\t\t\t\t<section class=\"elementor-section elementor-top-section elementor-element elementor-element-7a02b02 elementor-section-boxed elementor-section-height-default elementor-section-height-default\" data-id=\"7a02b02\" data-element_type=\"section\">\n\t\t\t\t\t\t<div class=\"elementor-container elementor-column-gap-default\">\n\t\t\t\t\t<div class=\"elementor-column elementor-col-100 elementor-top-column elementor-element elementor-element-08a4187\" data-id=\"08a4187\" data-element_type=\"column\">\n\t\t\t<div class=\"elementor-widget-wrap elementor-element-populated\">\n\t\t\t\t\t\t<div class=\"elementor-element elementor-element-c49f680 elementor-widget elementor-widget-heading\" data-id=\"c49f680\" data-element_type=\"widget\" data-widget_type=\"heading.default\">\n\t\t\t\t<div class=\"elementor-widget-container\">\n\t\t\t\t\t<h2 class=\"elementor-heading-title elementor-size-default\">Heilige Elisabeth von Th\u00fcringen oder aus Ungarn<\/h2>\t\t\t\t<\/div>\n\t\t\t\t<\/div>\n\t\t\t\t\t<\/div>\n\t\t<\/div>\n\t\t\t\t\t<\/div>\n\t\t<\/section>\n\t\t\t\t<section class=\"elementor-section elementor-top-section elementor-element elementor-element-6c30527 elementor-section-boxed elementor-section-height-default elementor-section-height-default\" data-id=\"6c30527\" data-element_type=\"section\">\n\t\t\t\t\t\t<div class=\"elementor-container elementor-column-gap-default\">\n\t\t\t\t\t<div class=\"elementor-column elementor-col-50 elementor-top-column elementor-element elementor-element-4ae30bb\" data-id=\"4ae30bb\" data-element_type=\"column\">\n\t\t\t<div class=\"elementor-widget-wrap elementor-element-populated\">\n\t\t\t\t\t\t<div class=\"elementor-element elementor-element-0fe21b4 elementor-widget elementor-widget-image\" data-id=\"0fe21b4\" data-element_type=\"widget\" data-widget_type=\"image.default\">\n\t\t\t\t<div class=\"elementor-widget-container\">\n\t\t\t\t\t\t\t\t\t\t\t\t\t\t\t<img fetchpriority=\"high\" decoding=\"async\" width=\"736\" height=\"508\" src=\"https:\/\/magyar-misszio.ch\/wp-content\/uploads\/kezdokep.jpg\" class=\"attachment-large size-large wp-image-5869\" alt=\"\" srcset=\"https:\/\/magyar-misszio.ch\/wp-content\/uploads\/kezdokep.jpg 736w, https:\/\/magyar-misszio.ch\/wp-content\/uploads\/kezdokep-300x207.jpg 300w\" sizes=\"100vw\" \/>\t\t\t\t\t\t\t\t\t\t\t\t\t\t\t<\/div>\n\t\t\t\t<\/div>\n\t\t\t\t\t<\/div>\n\t\t<\/div>\n\t\t\t\t<div class=\"elementor-column elementor-col-50 elementor-top-column elementor-element elementor-element-2b06d88\" data-id=\"2b06d88\" data-element_type=\"column\">\n\t\t\t<div class=\"elementor-widget-wrap elementor-element-populated\">\n\t\t\t\t\t\t<div class=\"elementor-element elementor-element-4300aaa elementor-widget elementor-widget-text-editor\" data-id=\"4300aaa\" data-element_type=\"widget\" data-widget_type=\"text-editor.default\">\n\t\t\t\t<div class=\"elementor-widget-container\">\n\t\t\t\t\t\t\t\t\t<h4><span style=\"color: #0000ff;\">Die heilige Elisabeth\u00a0 &#8211; Buch in 4 Sprachen<\/span><\/h4><p>20 Jahre nach der Ver\u00f6ffentlichung dieses reichhaltigen Buches (im Jahr 2023) k\u00f6nnen wir hier zum ersten Mal ein Buch mit vielen Bildern der Heiligen Elisabeth und ihrer Lebensgeschichte zur Verf\u00fcgung stellen k\u00f6nnen.<\/p><p>Die Bilder wurden von Istv\u00e1n Golarits aufgenommen und das Leben der Heiligen Elisabeth wurde von Dr. M\u00e1ria Prokopp geschrieben. Die herunterladbare Version des Buches ist lizenziert von Gy\u00f6ngyi Golarits, der Witwe von Istv\u00e1n Golarits, und Dr. M\u00e1ria Prokopp.<\/p><h4 style=\"text-align: center;\"><a href=\"http:\/\/magyar-misszio.ch\/x.olvasni\/SztErzs\/Golarits_Istvan-Arpad-hazi_Szent_Erzsebet.pdf\">Klicken Sie hier<br \/><span style=\"color: #ff0000;\"> zu lesen und herunterladen&#8230;.<\/span><\/a><\/h4>\t\t\t\t\t\t\t\t<\/div>\n\t\t\t\t<\/div>\n\t\t\t\t\t<\/div>\n\t\t<\/div>\n\t\t\t\t\t<\/div>\n\t\t<\/section>\n\t\t\t\t<section class=\"elementor-section elementor-top-section elementor-element elementor-element-c682fd7 elementor-section-boxed elementor-section-height-default elementor-section-height-default\" data-id=\"c682fd7\" data-element_type=\"section\">\n\t\t\t\t\t\t<div class=\"elementor-container elementor-column-gap-default\">\n\t\t\t\t\t<div class=\"elementor-column elementor-col-100 elementor-top-column elementor-element elementor-element-b58645a\" data-id=\"b58645a\" data-element_type=\"column\">\n\t\t\t<div class=\"elementor-widget-wrap elementor-element-populated\">\n\t\t\t\t\t\t<div class=\"elementor-element elementor-element-aab6410 elementor-widget elementor-widget-text-editor\" data-id=\"aab6410\" data-element_type=\"widget\" data-widget_type=\"text-editor.default\">\n\t\t\t\t<div class=\"elementor-widget-container\">\n\t\t\t\t\t\t\t\t\t<p>Sie k\u00f6nnen die Bilder des Buches separat betrachten, indem Sie <a href=\"https:\/\/magyar-misszio.ch\/?page_id=5922\"><span style=\"text-decoration: underline;\">hier klicken&#8230;<\/span><\/a><\/p><p>Um nur die Biografie in deutscher Sprache zu lesen, <a href=\"https:\/\/magyar-misszio.ch\/wp-content\/uploads\/szterzs_de.pdf\"><span style=\"text-decoration: underline;\">klicken Sie hier&#8230;.<\/span><\/a><\/p>\t\t\t\t\t\t\t\t<\/div>\n\t\t\t\t<\/div>\n\t\t\t\t\t<\/div>\n\t\t<\/div>\n\t\t\t\t\t<\/div>\n\t\t<\/section>\n\t\t\t\t<section class=\"elementor-section elementor-top-section elementor-element elementor-element-5adf176 elementor-section-boxed elementor-section-height-default elementor-section-height-default\" data-id=\"5adf176\" data-element_type=\"section\">\n\t\t\t\t\t\t<div class=\"elementor-container elementor-column-gap-default\">\n\t\t\t\t\t<div class=\"elementor-column elementor-col-100 elementor-top-column elementor-element elementor-element-432fc95\" data-id=\"432fc95\" data-element_type=\"column\">\n\t\t\t<div class=\"elementor-widget-wrap elementor-element-populated\">\n\t\t\t\t\t\t<div class=\"elementor-element elementor-element-9839ea9 elementor-widget elementor-widget-text-editor\" data-id=\"9839ea9\" data-element_type=\"widget\" data-widget_type=\"text-editor.default\">\n\t\t\t\t<div class=\"elementor-widget-container\">\n\t\t\t\t\t\t\t\t\t<p>Wenn Sie nicht an der Messe teilgenommen haben, k\u00f6nnen Sie unten die Botschaft des Heiligenbildes lesen, das wir verteilt haben:<\/p>\t\t\t\t\t\t\t\t<\/div>\n\t\t\t\t<\/div>\n\t\t\t\t\t<\/div>\n\t\t<\/div>\n\t\t\t\t\t<\/div>\n\t\t<\/section>\n\t\t\t\t<section class=\"elementor-section elementor-top-section elementor-element elementor-element-23cd90b elementor-section-boxed elementor-section-height-default elementor-section-height-default\" data-id=\"23cd90b\" data-element_type=\"section\">\n\t\t\t\t\t\t<div class=\"elementor-container elementor-column-gap-default\">\n\t\t\t\t\t<div class=\"elementor-column elementor-col-50 elementor-top-column elementor-element elementor-element-9c750b4\" data-id=\"9c750b4\" data-element_type=\"column\">\n\t\t\t<div class=\"elementor-widget-wrap elementor-element-populated\">\n\t\t\t\t\t\t<div class=\"elementor-element elementor-element-e56968e elementor-widget elementor-widget-image\" data-id=\"e56968e\" data-element_type=\"widget\" data-widget_type=\"image.default\">\n\t\t\t\t<div class=\"elementor-widget-container\">\n\t\t\t\t\t\t\t\t\t\t\t\t\t\t\t<img decoding=\"async\" width=\"650\" height=\"920\" src=\"https:\/\/magyar-misszio.ch\/wp-content\/uploads\/st.elisabet-bild.jpg\" class=\"attachment-large size-large wp-image-5898\" alt=\"\" srcset=\"https:\/\/magyar-misszio.ch\/wp-content\/uploads\/st.elisabet-bild.jpg 650w, https:\/\/magyar-misszio.ch\/wp-content\/uploads\/st.elisabet-bild-212x300.jpg 212w\" sizes=\"100vw\" \/>\t\t\t\t\t\t\t\t\t\t\t\t\t\t\t<\/div>\n\t\t\t\t<\/div>\n\t\t\t\t\t<\/div>\n\t\t<\/div>\n\t\t\t\t<div class=\"elementor-column elementor-col-50 elementor-top-column elementor-element elementor-element-dc392d1\" data-id=\"dc392d1\" data-element_type=\"column\">\n\t\t\t<div class=\"elementor-widget-wrap elementor-element-populated\">\n\t\t\t\t\t\t<div class=\"elementor-element elementor-element-d09cef2 elementor-widget elementor-widget-text-editor\" data-id=\"d09cef2\" data-element_type=\"widget\" data-widget_type=\"text-editor.default\">\n\t\t\t\t<div class=\"elementor-widget-container\">\n\t\t\t\t\t\t\t\t\t<p>Je mehr du gibst, je mehr du liebst, desto gl\u00fccklicher wirst du sein! Mehr und mehr wird die Freude der Gegenwart Jesu durch dich durchfliessen!<\/p><p>Die erste Frage Jesu nach deinem Tod wird nicht sein, wie stark dein Glaube war, sondern wie viel Gutes du getan hast! Denn so spricht er:<br \/><em>Ich war hungrig, ich war durstig, ich war fremd, ich war nackt, ich war krank, ich war im Gef\u00e4ngnis.\u00a0 Amen, ich sage euch: Was ihr f\u00fcr einen meiner geringsten Br\u00fcder getan habt, das habt ihr mir getan. Das ewige Leben wartet auf euch! (s. Mt 25,31-40.45)\u00a0\u00a0\u00a0\u00a0\u00a0\u00a0 <\/em><\/p><p style=\"text-align: center;\"><em>Das Buch \u00fcber die Heilige Elisabeth ist in 4 Sprachen verf\u00fcgbar unter<br \/><\/em><a href=\"http:\/\/www.ungarn-mission.ch\/St.Elisabeth\"><em>www.ungarn-mission.ch\/St.Elisabeth<\/em><\/a><\/p>\t\t\t\t\t\t\t\t<\/div>\n\t\t\t\t<\/div>\n\t\t\t\t\t<\/div>\n\t\t<\/div>\n\t\t\t\t\t<\/div>\n\t\t<\/section>\n\t\t\t\t<\/div>\n\t\t","protected":false},"excerpt":{"rendered":"<p>Heilige Elisabeth von Th\u00fcringen oder aus Ungarn Die heilige Elisabeth\u00a0 &#8211; Buch in 4 Sprachen 20 Jahre nach der Ver\u00f6ffentlichung dieses reichhaltigen Buches (im Jahr 2023) k\u00f6nnen wir hier zum ersten Mal ein Buch mit vielen Bildern der Heiligen Elisabeth und ihrer Lebensgeschichte zur Verf\u00fcgung stellen k\u00f6nnen. Die Bilder wurden von Istv\u00e1n Golarits aufgenommen und &hellip; <\/p>\n<p class=\"link-more\"><a href=\"https:\/\/magyar-misszio.ch\/?page_id=5892\" class=\"more-link\"><span class=\"screen-reader-text\">\u201eSt. Elisabeth\u201c<\/span> weiterlesen<\/a><\/p>\n","protected":false},"author":2,"featured_media":0,"parent":0,"menu_order":0,"comment_status":"closed","ping_status":"closed","template":"","meta":{"footnotes":""},"class_list":["post-5892","page","type-page","status-publish","hentry"],"_links":{"self":[{"href":"https:\/\/magyar-misszio.ch\/index.php?rest_route=\/wp\/v2\/pages\/5892","targetHints":{"allow":["GET"]}}],"collection":[{"href":"https:\/\/magyar-misszio.ch\/index.php?rest_route=\/wp\/v2\/pages"}],"about":[{"href":"https:\/\/magyar-misszio.ch\/index.php?rest_route=\/wp\/v2\/types\/page"}],"author":[{"embeddable":true,"href":"https:\/\/magyar-misszio.ch\/index.php?rest_route=\/wp\/v2\/users\/2"}],"replies":[{"embeddable":true,"href":"https:\/\/magyar-misszio.ch\/index.php?rest_route=%2Fwp%2Fv2%2Fcomments&post=5892"}],"version-history":[{"count":13,"href":"https:\/\/magyar-misszio.ch\/index.php?rest_route=\/wp\/v2\/pages\/5892\/revisions"}],"predecessor-version":[{"id":6075,"href":"https:\/\/magyar-misszio.ch\/index.php?rest_route=\/wp\/v2\/pages\/5892\/revisions\/6075"}],"wp:attachment":[{"href":"https:\/\/magyar-misszio.ch\/index.php?rest_route=%2Fwp%2Fv2%2Fmedia&parent=5892"}],"curies":[{"name":"wp","href":"https:\/\/api.w.org\/{rel}","templated":true}]}}