{"id":614,"date":"2018-10-05T10:48:49","date_gmt":"2018-10-05T10:48:49","guid":{"rendered":"http:\/\/magyar-misszio.ch\/?page_id=614"},"modified":"2018-10-05T11:03:58","modified_gmt":"2018-10-05T11:03:58","slug":"anyaapagyerekek","status":"publish","type":"page","link":"https:\/\/magyar-misszio.ch\/?page_id=614","title":{"rendered":"anyaapagyerekek"},"content":{"rendered":"<p style=\"text-align: center;\"><a href=\"https:\/\/magyar-misszio.ch\/?page_id=604\"><img decoding=\"async\" class=\"size-full wp-image-611 alignright\" src=\"https:\/\/magyar-misszio.ch\/wp-content\/uploads\/2018\/10\/vissza_kiallunkoldal.jpg\" alt=\"\" width=\"211\" height=\"58\" data-id=\"611\" \/><\/a><\/p>\n<p style=\"text-align: center;\"><strong><span style=\"font-size: 18pt; color: #ff0000;\">ANYA, APA, GYEREKEK\u00a0<\/span><\/strong><\/p>\n<p style=\"text-align: justify;\"><span style=\"font-size: 14pt;\"><em><img fetchpriority=\"high\" decoding=\"async\" class=\"size-full wp-image-606 alignleft\" src=\"https:\/\/magyar-misszio.ch\/wp-content\/uploads\/2018\/10\/anyaapagyerekek_r.jpg\" alt=\"\" width=\"252\" height=\"253\" data-id=\"606\" srcset=\"https:\/\/magyar-misszio.ch\/wp-content\/uploads\/2018\/10\/anyaapagyerekek_r.jpg 252w, https:\/\/magyar-misszio.ch\/wp-content\/uploads\/2018\/10\/anyaapagyerekek_r-150x150.jpg 150w, https:\/\/magyar-misszio.ch\/wp-content\/uploads\/2018\/10\/anyaapagyerekek_r-100x100.jpg 100w\" sizes=\"(max-width: 252px) 100vw, 252px\" \/>&#8222;Isten megteremtette az embert, saj\u00e1t k\u00e9pm\u00e1s\u00e1ra, az Isten k\u00e9pm\u00e1s\u00e1ra teremtette \u0151t, f\u00e9rfinak \u00e9s n\u0151nek teremtette \u0151ket.&#8220;<\/em> (Ter 1,27) Nem mi tal\u00e1ltuk ki a csal\u00e1dot, a csal\u00e1di \u00f6r\u00f6m\u00f6ket, hanem Isten. Aki l\u00e1tott m\u00e1r igaz\u00e1n boldog h\u00e1zasp\u00e1rt \u00e9s csal\u00e1dot, az tudja, hogy ezzel fel sem \u00e9rhet az, amit az emberek abnorm\u00e1lis gondolkod\u00e1ssal kital\u00e1ltak, hogy h\u00e1zasp\u00e1r lehetne k\u00e9t egyforma nem\u0171 emberp\u00e1r, \u00e9s ilyen p\u00e1rkapcsolatban nevelhessenek gyermekeket.\u00a0<\/span><\/p>\n<p style=\"text-align: justify;\"><span style=\"font-size: 14pt;\"><strong>\u00c1lljunk ki<\/strong> az isteni elgondol\u00e1s mellett, \u00e9s hallassuk hangunkat! B\u00e1rmerre megy\u00fcnk a vil\u00e1gban, az emberek t\u00falnyom\u00f3 t\u00f6bbs\u00e9ge \u00e9rzi ennek igazs\u00e1g\u00e1t, m\u00e9gis egy p\u00e9nzel megt\u00f6m\u00f6tt kisebbs\u00e9g hangosan terjeszti az igazi boldog utat bomlaszt\u00f3 v\u00e9lem\u00e9ny\u00e9t \u00e9s t\u00f6rv\u00e9nyek\u00e9rt ki\u00e1ltanak!<\/span><\/p>\n<p>&nbsp;<\/p>\n<p><span style=\"font-size: 14pt;\"><strong>ARCHIV:<\/strong><\/span><\/p>\n<p style=\"text-align: justify;\"><span style=\"font-size: 14pt;\">A szervez\u0151k mind a 28 tag\u00e1llamban szervezik\u00a0az al\u00e1\u00edr\u00e1sgy\u0171jt\u00e9st, hogy hallassuk\u00a0v\u00e9lem\u00e9ny\u00fcnket \u00e9s jobban figyelembe vegy\u00e9k azt a t\u00f6rv\u00e9nyhoz\u00f3 emberek!\u00a0<span style=\"color: #0000ff;\">\u00cdrja al\u00e1, \u00edrd al\u00e1 az &#8222;anya, apa, gyerekek&#8220; kezdem\u00e9nyez\u00e9st!\u00a0 \u00a0<em><span style=\"text-decoration: underline;\"><span style=\"color: #ff00ff; text-decoration: underline;\"> &#8211; Az al\u00e1\u00edr\u00e1si akci\u00f3 m\u00e1r hat\u00e1rid\u0151n t\u00fal van, a t\u00e9ma nem!<\/span><\/span><\/em><\/span><\/span><\/p>\n<ul>\n<li style=\"text-align: justify;\"><span style=\"font-size: 14pt;\">AL\u00c1\u00cdRHATJA term\u00e9szetesen ONLINE is: <a href=\"https:\/\/signatures.mumdadandkids.eu\/?lang=hu\" target=\"_blank\" rel=\"noopener\">magyar nyelven<\/a>, <a href=\"https:\/\/signatures.mumdadandkids.eu\/?lang=de\" target=\"_blank\" rel=\"noopener\">n\u00e9met nyelven is<\/a>.<\/span><\/li>\n<li style=\"text-align: justify;\"><span style=\"font-size: 14pt;\">Vagy al\u00e1\u00edrhatja kihelyezett al\u00e1\u00edr\u00f3\u00edveken, pl. misszi\u00f3nkn\u00e1l is (iroda, templom) a sz\u00fcks\u00e9ges adatokkal: n\u00e9v, c\u00edm, \u00e1llampolg\u00e1rs\u00e1g \u00e9s sz\u00fclet\u00e9si id\u0151.<\/span><\/li>\n<li style=\"text-align: justify;\">K\u00e9t helyen ne \u00edrja al\u00e1, csak az egyik lehet\u0151s\u00e9ggel \u00e9ljen!<\/li>\n<\/ul>\n<p style=\"text-align: justify;\"><span style=\"font-size: 14pt;\"><span style=\"color: #0000ff;\"><em><span style=\"text-decoration: underline;\"><span style=\"color: #ff00ff; text-decoration: underline;\">&#8211; Az al\u00e1\u00edr\u00e1si akci\u00f3 m\u00e1r hat\u00e1rid\u0151n t\u00fal van, a t\u00e9ma nem!<\/span><\/span><\/em><\/span><\/span><\/p>\n","protected":false},"excerpt":{"rendered":"<p>ANYA, APA, GYEREKEK\u00a0 &#8222;Isten megteremtette az embert, saj\u00e1t k\u00e9pm\u00e1s\u00e1ra, az Isten k\u00e9pm\u00e1s\u00e1ra teremtette \u0151t, f\u00e9rfinak \u00e9s n\u0151nek teremtette \u0151ket.&#8220; (Ter 1,27) Nem mi tal\u00e1ltuk ki a csal\u00e1dot, a csal\u00e1di \u00f6r\u00f6m\u00f6ket, hanem Isten. Aki l\u00e1tott m\u00e1r igaz\u00e1n boldog h\u00e1zasp\u00e1rt \u00e9s csal\u00e1dot, az tudja, hogy ezzel fel sem \u00e9rhet az, amit az emberek abnorm\u00e1lis gondolkod\u00e1ssal kital\u00e1ltak, hogy &hellip; <\/p>\n<p class=\"link-more\"><a href=\"https:\/\/magyar-misszio.ch\/?page_id=614\" class=\"more-link\"><span class=\"screen-reader-text\">\u201eanyaapagyerekek\u201c<\/span> weiterlesen<\/a><\/p>\n","protected":false},"author":2,"featured_media":0,"parent":0,"menu_order":0,"comment_status":"closed","ping_status":"closed","template":"","meta":{"footnotes":""},"class_list":["post-614","page","type-page","status-publish","hentry"],"_links":{"self":[{"href":"https:\/\/magyar-misszio.ch\/index.php?rest_route=\/wp\/v2\/pages\/614","targetHints":{"allow":["GET"]}}],"collection":[{"href":"https:\/\/magyar-misszio.ch\/index.php?rest_route=\/wp\/v2\/pages"}],"about":[{"href":"https:\/\/magyar-misszio.ch\/index.php?rest_route=\/wp\/v2\/types\/page"}],"author":[{"embeddable":true,"href":"https:\/\/magyar-misszio.ch\/index.php?rest_route=\/wp\/v2\/users\/2"}],"replies":[{"embeddable":true,"href":"https:\/\/magyar-misszio.ch\/index.php?rest_route=%2Fwp%2Fv2%2Fcomments&post=614"}],"version-history":[{"count":4,"href":"https:\/\/magyar-misszio.ch\/index.php?rest_route=\/wp\/v2\/pages\/614\/revisions"}],"predecessor-version":[{"id":624,"href":"https:\/\/magyar-misszio.ch\/index.php?rest_route=\/wp\/v2\/pages\/614\/revisions\/624"}],"wp:attachment":[{"href":"https:\/\/magyar-misszio.ch\/index.php?rest_route=%2Fwp%2Fv2%2Fmedia&parent=614"}],"curies":[{"name":"wp","href":"https:\/\/api.w.org\/{rel}","templated":true}]}}