{"id":6267,"date":"2023-12-06T13:51:57","date_gmt":"2023-12-06T13:51:57","guid":{"rendered":"https:\/\/magyar-misszio.ch\/?page_id=6267"},"modified":"2024-11-30T19:15:50","modified_gmt":"2024-11-30T19:15:50","slug":"email-hirl-varosok","status":"publish","type":"page","link":"https:\/\/magyar-misszio.ch\/?page_id=6267","title":{"rendered":"email-hirl.varosok"},"content":{"rendered":"\t\t<div data-elementor-type=\"wp-page\" data-elementor-id=\"6267\" class=\"elementor elementor-6267\" data-elementor-post-type=\"page\">\n\t\t\t\t\t\t<section class=\"elementor-section elementor-top-section elementor-element elementor-element-e26b72f elementor-section-boxed elementor-section-height-default elementor-section-height-default\" data-id=\"e26b72f\" data-element_type=\"section\">\n\t\t\t\t\t\t<div class=\"elementor-container elementor-column-gap-default\">\n\t\t\t\t\t<div class=\"elementor-column elementor-col-100 elementor-top-column elementor-element elementor-element-d7e661c\" data-id=\"d7e661c\" data-element_type=\"column\">\n\t\t\t<div class=\"elementor-widget-wrap elementor-element-populated\">\n\t\t\t\t\t\t<div class=\"elementor-element elementor-element-c0481e4 elementor-widget elementor-widget-text-editor\" data-id=\"c0481e4\" data-element_type=\"widget\" data-widget_type=\"text-editor.default\">\n\t\t\t\t<div class=\"elementor-widget-container\">\n\t\t\t\t\t\t\t\t\t<p><span style=\"font-family: georgia, palatino, serif;\"><strong><em><img decoding=\"async\" class=\"alignleft wp-image-104 size-thumbnail\" src=\"https:\/\/magyar-misszio.ch\/wp-content\/uploads\/2017\/12\/email-150x150.jpg\" alt=\"\" width=\"150\" height=\"150\" data-id=\"104\" srcset=\"https:\/\/magyar-misszio.ch\/wp-content\/uploads\/2017\/12\/email-150x150.jpg 150w, https:\/\/magyar-misszio.ch\/wp-content\/uploads\/2017\/12\/email-100x100.jpg 100w, https:\/\/magyar-misszio.ch\/wp-content\/uploads\/2017\/12\/email.jpg 225w\" sizes=\"(max-width: 150px) 100vw, 150px\" \/><span style=\"color: #99cc00;\">Szeretettel k\u00f6sz\u00f6ntj\u00fck <span style=\"color: #3366ff;\">misszi\u00f3nk v\u00e1rosaiban l\u00e9v\u0151 szentmis\u00e9k-h\u00edrlevel\u00e9nek<\/span> feliratoz\u00f3 \u0171rlapj\u00e1n!<\/span><\/em><\/strong><\/span><\/p><div dir=\"auto\">Ha elmarad a szentmise\u2026<\/div><div dir=\"auto\">Nem j\u00f3 \u00e9rz\u00e9s, ha nem tudtuk, hogy v\u00e1ltoz\u00e1s lesz (az \u00e1ltal\u00e1nos id\u0151pontok honlapunkon megtal\u00e1lhat\u00f3ak). Ez\u00e9rt minden v\u00e1rosunkhoz k\u00fcl\u00f6n \u00e9rtes\u00edt\u00e9si lista van, ha v\u00e1ltoz\u00e1s lesz.<\/div><div dir=\"auto\">Ez is gyakori k\u00e9rd\u00e9s: Lesz-e ma szentmise itt (egyik v\u00e1ros) \u00e9s mikor? De a v\u00e1lasz nem \u00e9rkezik meg id\u0151ben nem egyszer. Ez\u00e9rt iratkozz fel az esetleges v\u00e1ltoz\u00e1sok miatt:<\/div><div dir=\"auto\">Aki id\u0151nk\u00e9nt sz\u00edvesen elj\u00f6n magyar szentmis\u00e9re Winterhurba, Frauenfeldbe vagy Schaffhausenbe, azok sz\u00e1m\u00e1ra nagyon hasznos, <strong>ha r\u00f6gt\u00f6n \u00e9rtes\u00edteni tudjuk, ha b\u00e1rmilyen v\u00e1ltoz\u00e1s<\/strong> lenne a szentmis\u00e9kkel (pl. ritk\u00e1n el\u0151fordul, hogy elmarad, m\u00e1s a helysz\u00edn, m\u00f3dosul az id\u0151pont stb. Ennek eddigi hi\u00e1nya pl. t\u00f6bb csal\u00e1dnak felesleges utat jelentett Winterthurba, mert a templomban koncert volt szentmise helyett. ) <br \/>Ez\u00e9rt \u00f6r\u00f6mmel fogadjuk erre a list\u00e1kra val\u00f3 jelentkez\u00e9seket.<\/div><div dir=\"auto\"><strong><span style=\"color: #ff0000;\">&#8211; A frauenfeldi szentmis\u00e9khez:<\/span><\/strong> <a class=\"x1i10hfl xjbqb8w x6umtig x1b1mbwd xaqea5y xav7gou x9f619 x1ypdohk xt0psk2 xe8uvvx xdj266r x11i5rnm xat24cr x1mh8g0r xexx8yu x4uap5 x18d9i69 xkhd6sd x16tdsg8 x1hl2dhg xggy1nq x1a2a7pz xt0b8zv x1fey0fg\" tabindex=\"0\" role=\"link\" href=\"https:\/\/listamester.hu\/forms\/fe\/8\/8\/8\/8884.html?fbclid=IwAR3062O4Is8wocHL06c71Kf2U7m1GD4SK4o9_S2ZdqJh81APfeKJvRO02LU\" target=\"_blank\" rel=\"nofollow noopener noreferrer\">https:\/\/listamester.hu\/forms\/fe\/8\/8\/8\/8884.html<\/a><\/div><div dir=\"auto\" style=\"text-align: left;\"><strong><span style=\"color: #ff0000;\">&#8211; A schaffhauseni szentmis\u00e9khez:<\/span><\/strong> <a class=\"x1i10hfl xjbqb8w x6umtig x1b1mbwd xaqea5y xav7gou x9f619 x1ypdohk xt0psk2 xe8uvvx xdj266r x11i5rnm xat24cr x1mh8g0r xexx8yu x4uap5 x18d9i69 xkhd6sd x16tdsg8 x1hl2dhg xggy1nq x1a2a7pz xt0b8zv x1fey0fg\" tabindex=\"0\" role=\"link\" href=\"https:\/\/listamester.hu\/forms\/fe\/6\/3\/8\/6387.html?fbclid=IwAR0VE1djl7P4EX_lyvpgrKZHl1_Af52936nLpKb5FLboF5SqIYF-RGlMfG4\" target=\"_blank\" rel=\"nofollow noopener noreferrer\">https:\/\/listamester.hu\/forms\/fe\/6\/3\/8\/6387.html<\/a><\/div><div dir=\"auto\" style=\"text-align: left;\"><strong>&#8211; <span style=\"color: #0000ff;\">A winterthuri szentmis\u00e9khez inf\u00f3 ld. 2024-8.h\u00edrlev\u00e9l, feliratkoz\u00f3 link:<\/span><\/strong>\u00a0<a class=\"x1i10hfl xjbqb8w x6umtig x1b1mbwd xaqea5y xav7gou x9f619 x1ypdohk xt0psk2 xe8uvvx xdj266r x11i5rnm xat24cr x1mh8g0r xexx8yu x4uap5 x18d9i69 xkhd6sd x16tdsg8 x1hl2dhg xggy1nq x1a2a7pz xt0b8zv x1fey0fg\" tabindex=\"0\" role=\"link\" href=\"https:\/\/listamester.hu\/forms\/fe\/4\/6\/0\/4600.html?fbclid=IwAR1m8hkd9YZb4uCqdCwj65qsMDYdrIRM2Cmf3fQH45ydqkSzYmW1iyqok3k\" target=\"_blank\" rel=\"nofollow noopener noreferrer\">https:\/\/listamester.hu\/forms\/fe\/4\/6\/0\/4600.html<\/a><\/div><div dir=\"auto\"><strong>&#8211; A z\u00fcrichi szentmis\u00e9khez \u00e9s egy\u00e9b h\u00edrekhez pedig tov\u00e1bbra is:<\/strong> <a class=\"x1i10hfl xjbqb8w x6umtig x1b1mbwd xaqea5y xav7gou x9f619 x1ypdohk xt0psk2 xe8uvvx xdj266r x11i5rnm xat24cr x1mh8g0r xexx8yu x4uap5 x18d9i69 xkhd6sd x16tdsg8 x1hl2dhg xggy1nq x1a2a7pz xt0b8zv x1fey0fg\" tabindex=\"0\" role=\"link\" href=\"https:\/\/magyar-misszio.ch\/?page_id=101&amp;fbclid=IwAR2APEyT3ykEN6OZA9qCWOtz6D047Vwnhf-_uIPN4gSkoGY7uLnB3QH8qKg\" target=\"_blank\" rel=\"nofollow noopener noreferrer\">https:\/\/magyar-misszio.ch\/?page_id=101<\/a><\/div><div dir=\"auto\">(megjegyz\u00e9s: ha valamelyik list\u00e1ra m\u00e1r fel van iratkozva, akkor azt a rendszer jelzi)<\/div><p style=\"text-align: justify;\">\u00a0<\/p>\t\t\t\t\t\t\t\t<\/div>\n\t\t\t\t<\/div>\n\t\t\t\t\t<\/div>\n\t\t<\/div>\n\t\t\t\t\t<\/div>\n\t\t<\/section>\n\t\t\t\t<\/div>\n\t\t","protected":false},"excerpt":{"rendered":"<p>Szeretettel k\u00f6sz\u00f6ntj\u00fck misszi\u00f3nk v\u00e1rosaiban l\u00e9v\u0151 szentmis\u00e9k-h\u00edrlevel\u00e9nek feliratoz\u00f3 \u0171rlapj\u00e1n! Ha elmarad a szentmise\u2026Nem j\u00f3 \u00e9rz\u00e9s, ha nem tudtuk, hogy v\u00e1ltoz\u00e1s lesz (az \u00e1ltal\u00e1nos id\u0151pontok honlapunkon megtal\u00e1lhat\u00f3ak). Ez\u00e9rt minden v\u00e1rosunkhoz k\u00fcl\u00f6n \u00e9rtes\u00edt\u00e9si lista van, ha v\u00e1ltoz\u00e1s lesz.Ez is gyakori k\u00e9rd\u00e9s: Lesz-e ma szentmise itt (egyik v\u00e1ros) \u00e9s mikor? De a v\u00e1lasz nem \u00e9rkezik meg id\u0151ben nem egyszer. &hellip; <\/p>\n<p class=\"link-more\"><a href=\"https:\/\/magyar-misszio.ch\/?page_id=6267\" class=\"more-link\"><span class=\"screen-reader-text\">\u201eemail-hirl.varosok\u201c<\/span> weiterlesen<\/a><\/p>\n","protected":false},"author":2,"featured_media":0,"parent":0,"menu_order":0,"comment_status":"closed","ping_status":"closed","template":"","meta":{"footnotes":""},"class_list":["post-6267","page","type-page","status-publish","hentry"],"_links":{"self":[{"href":"https:\/\/magyar-misszio.ch\/index.php?rest_route=\/wp\/v2\/pages\/6267","targetHints":{"allow":["GET"]}}],"collection":[{"href":"https:\/\/magyar-misszio.ch\/index.php?rest_route=\/wp\/v2\/pages"}],"about":[{"href":"https:\/\/magyar-misszio.ch\/index.php?rest_route=\/wp\/v2\/types\/page"}],"author":[{"embeddable":true,"href":"https:\/\/magyar-misszio.ch\/index.php?rest_route=\/wp\/v2\/users\/2"}],"replies":[{"embeddable":true,"href":"https:\/\/magyar-misszio.ch\/index.php?rest_route=%2Fwp%2Fv2%2Fcomments&post=6267"}],"version-history":[{"count":16,"href":"https:\/\/magyar-misszio.ch\/index.php?rest_route=\/wp\/v2\/pages\/6267\/revisions"}],"predecessor-version":[{"id":7179,"href":"https:\/\/magyar-misszio.ch\/index.php?rest_route=\/wp\/v2\/pages\/6267\/revisions\/7179"}],"wp:attachment":[{"href":"https:\/\/magyar-misszio.ch\/index.php?rest_route=%2Fwp%2Fv2%2Fmedia&parent=6267"}],"curies":[{"name":"wp","href":"https:\/\/api.w.org\/{rel}","templated":true}]}}