{"id":6830,"date":"2024-07-05T18:38:03","date_gmt":"2024-07-05T18:38:03","guid":{"rendered":"https:\/\/magyar-misszio.ch\/?page_id=6830"},"modified":"2024-07-05T18:48:08","modified_gmt":"2024-07-05T18:48:08","slug":"zsinat_eve","status":"publish","type":"page","link":"https:\/\/magyar-misszio.ch\/?page_id=6830","title":{"rendered":"zsinat_\u00e9ve"},"content":{"rendered":"\t\t<div data-elementor-type=\"wp-page\" data-elementor-id=\"6830\" class=\"elementor elementor-6830\" data-elementor-post-type=\"page\">\n\t\t\t\t\t\t<section class=\"elementor-section elementor-top-section elementor-element elementor-element-ce535ec elementor-section-boxed elementor-section-height-default elementor-section-height-default\" data-id=\"ce535ec\" data-element_type=\"section\">\n\t\t\t\t\t\t<div class=\"elementor-container elementor-column-gap-default\">\n\t\t\t\t\t<div class=\"elementor-column elementor-col-100 elementor-top-column elementor-element elementor-element-8e22244\" data-id=\"8e22244\" data-element_type=\"column\">\n\t\t\t<div class=\"elementor-widget-wrap elementor-element-populated\">\n\t\t\t\t\t\t<div class=\"elementor-element elementor-element-f03ca1d elementor-widget elementor-widget-text-editor\" data-id=\"f03ca1d\" data-element_type=\"widget\" data-widget_type=\"text-editor.default\">\n\t\t\t\t<div class=\"elementor-widget-container\">\n\t\t\t\t\t\t\t\t\t<h2 style=\"text-align: center;\"><span style=\"color: #ff0000;\"><strong>2023. A zsinat \u00e9ve<\/strong><\/span><\/h2><p>\u00a0<\/p>\t\t\t\t\t\t\t\t<\/div>\n\t\t\t\t<\/div>\n\t\t\t\t\t<\/div>\n\t\t<\/div>\n\t\t\t\t\t<\/div>\n\t\t<\/section>\n\t\t\t\t<section class=\"elementor-section elementor-top-section elementor-element elementor-element-0c3949c elementor-section-boxed elementor-section-height-default elementor-section-height-default\" data-id=\"0c3949c\" data-element_type=\"section\">\n\t\t\t\t\t\t<div class=\"elementor-container elementor-column-gap-default\">\n\t\t\t\t\t<div class=\"elementor-column elementor-col-100 elementor-top-column elementor-element elementor-element-c45b4a8\" data-id=\"c45b4a8\" data-element_type=\"column\">\n\t\t\t<div class=\"elementor-widget-wrap elementor-element-populated\">\n\t\t\t\t\t\t<div class=\"elementor-element elementor-element-c9d36ff elementor-widget elementor-widget-text-editor\" data-id=\"c9d36ff\" data-element_type=\"widget\" data-widget_type=\"text-editor.default\">\n\t\t\t\t<div class=\"elementor-widget-container\">\n\t\t\t\t\t\t\t\t\t<p><em>Ferenc p\u00e1pa k\u00e9r\u00e9s\u00e9re a 2025-\u00f6s szent\u00e9vet megel\u0151z\u0151 k\u00e9t \u00e9vet egyr\u00e9szt a zsinat tan\u00edt\u00e1sainak \u00fajrafelfedez\u00e9s\u00e9nek, m\u00e1sr\u00e9szt az im\u00e1ds\u00e1gnak szentelik (ld. im\u00e1ds\u00e1g \u00e9ve). <\/em><\/p><p>A Zsinat \u00e9ve 2022. okt\u00f3ber 11-\u00e9n a Szentatya eln\u00f6ks\u00e9ge alatt zajl\u00f3 II. vatik\u00e1ni zsinat megnyit\u00e1s\u00e1nak 60. \u00e9vfordul\u00f3ja alkalm\u00e1b\u00f3l tartott \u00fcnnep\u00e9lyes eucharisztikus liturgi\u00e1val ny\u00edlt meg.<\/p><p><img fetchpriority=\"high\" decoding=\"async\" class=\"aligncenter wp-image-6829\" src=\"https:\/\/magyar-misszio.ch\/wp-content\/uploads\/zsinat-300x180.jpg\" alt=\"\" width=\"600\" height=\"360\" data-id=\"6829\" srcset=\"https:\/\/magyar-misszio.ch\/wp-content\/uploads\/zsinat-300x180.jpg 300w, https:\/\/magyar-misszio.ch\/wp-content\/uploads\/zsinat-768x461.jpg 768w, https:\/\/magyar-misszio.ch\/wp-content\/uploads\/zsinat.jpg 1000w\" sizes=\"(max-width: 600px) 100vw, 600px\" \/><\/p><p>Hatvan \u00e9vvel ezel\u0151tt, 1962. okt\u00f3ber 11-\u00e9n vette kezdet\u00e9t a II. vatik\u00e1ni zsinat, a 21. egyetemes zsinat az egyh\u00e1z t\u00f6rt\u00e9net\u00e9ben. A zsinat olyan<span style=\"color: #0000ff;\"> meg\u00fajul\u00e1st hozott<\/span> a katolikus egyh\u00e1zban, amely a mai napig \u00e9rezteti hat\u00e1s\u00e1t, \u00e9s ami olyan reformokat ind\u00edtott el, amelyek kialak\u00edtott\u00e1k egyh\u00e1zunk mai arculat\u00e1t. A zsinat sor\u00e1n az egyh\u00e1z meg\u00faj\u00edtotta az \u00f6nmag\u00e1r\u00f3l val\u00f3 gondolkod\u00e1st, mik\u00f6zben nyitott a vil\u00e1g fel\u00e9 is.<\/p><p>Ferenc p\u00e1pa azt javasolta, hogy <span style=\"color: #0000ff;\">legal\u00e1bb 4 dokumentumot<\/span> \u00fajra olvassunk el, \u00e9s az\u00f3ta a kereszt\u00e9ny k\u00f6z\u00f6ss\u00e9gek szerte a vil\u00e1gon a n\u00e9gy zsinati konstit\u00faci\u00f3r\u00f3l, a Dei Verbumr\u00f3l, a <strong>Sacrosanctum Concilium-<\/strong>r\u00f3l, a <strong>Lumen Gentium<\/strong>-r\u00f3l \u00e9s a <strong>Gaudium et Spes<\/strong>-r\u0151l val\u00f3 elm\u00e9lked\u00e9s m\u00f3djait \u00e9s pillanatait javasolt\u00e1k. 2023 tavasz\u00e1n az Evang\u00e9liz\u00e1ci\u00f3s Dikaszt\u00e9rium 34 nagyon \u00e9letk\u00f6zeli, nem akad\u00e9mikus nyelven \u00edrt k\u00f6tetet adott ki &#8220; Zsinati f\u00fczetek &#8220; c\u00edmmel, amelyek c\u00e9lja, hogy t\u00e1mogass\u00e1k a II. vatik\u00e1ni zsinat k\u00f6zponti tartalm\u00e1nak \u00fajrafelfedez\u00e9s\u00e9hez vezet\u0151 utat.<\/p><p><span style=\"color: #ff0000;\">Magyarul let\u00f6lthet\u0151ek<\/span> a zsinati dokumentumok k\u00f6nyvei: <a href=\"http:\/\/www.ppek.hu\/k26.htm\" target=\"_blank\" rel=\"noopener\">kattints ide<\/a><\/p><p>Tov\u00e1bbi aj\u00e1nlot inform\u00e1ci\u00f3k:<br \/>&#8211; pl. a Magyar Kurir oldal\u00e1n <a href=\"https:\/\/www.magyarkurir.hu\/nezopont\/milyen-hiteles-ujdonsag-ii-vatikani-zsinat-hatvanadik-evforduloja-fele\" target=\"_blank\" rel=\"noopener\">ide kattintva<\/a><\/p>\t\t\t\t\t\t\t\t<\/div>\n\t\t\t\t<\/div>\n\t\t\t\t\t<\/div>\n\t\t<\/div>\n\t\t\t\t\t<\/div>\n\t\t<\/section>\n\t\t\t\t<\/div>\n\t\t","protected":false},"excerpt":{"rendered":"<p>2023. A zsinat \u00e9ve \u00a0 Ferenc p\u00e1pa k\u00e9r\u00e9s\u00e9re a 2025-\u00f6s szent\u00e9vet megel\u0151z\u0151 k\u00e9t \u00e9vet egyr\u00e9szt a zsinat tan\u00edt\u00e1sainak \u00fajrafelfedez\u00e9s\u00e9nek, m\u00e1sr\u00e9szt az im\u00e1ds\u00e1gnak szentelik (ld. im\u00e1ds\u00e1g \u00e9ve). A Zsinat \u00e9ve 2022. okt\u00f3ber 11-\u00e9n a Szentatya eln\u00f6ks\u00e9ge alatt zajl\u00f3 II. vatik\u00e1ni zsinat megnyit\u00e1s\u00e1nak 60. \u00e9vfordul\u00f3ja alkalm\u00e1b\u00f3l tartott \u00fcnnep\u00e9lyes eucharisztikus liturgi\u00e1val ny\u00edlt meg. Hatvan \u00e9vvel ezel\u0151tt, 1962. okt\u00f3ber &hellip; <\/p>\n<p class=\"link-more\"><a href=\"https:\/\/magyar-misszio.ch\/?page_id=6830\" class=\"more-link\"><span class=\"screen-reader-text\">\u201ezsinat_\u00e9ve\u201c<\/span> weiterlesen<\/a><\/p>\n","protected":false},"author":2,"featured_media":0,"parent":0,"menu_order":0,"comment_status":"closed","ping_status":"closed","template":"","meta":{"footnotes":""},"class_list":["post-6830","page","type-page","status-publish","hentry"],"_links":{"self":[{"href":"https:\/\/magyar-misszio.ch\/index.php?rest_route=\/wp\/v2\/pages\/6830","targetHints":{"allow":["GET"]}}],"collection":[{"href":"https:\/\/magyar-misszio.ch\/index.php?rest_route=\/wp\/v2\/pages"}],"about":[{"href":"https:\/\/magyar-misszio.ch\/index.php?rest_route=\/wp\/v2\/types\/page"}],"author":[{"embeddable":true,"href":"https:\/\/magyar-misszio.ch\/index.php?rest_route=\/wp\/v2\/users\/2"}],"replies":[{"embeddable":true,"href":"https:\/\/magyar-misszio.ch\/index.php?rest_route=%2Fwp%2Fv2%2Fcomments&post=6830"}],"version-history":[{"count":4,"href":"https:\/\/magyar-misszio.ch\/index.php?rest_route=\/wp\/v2\/pages\/6830\/revisions"}],"predecessor-version":[{"id":6841,"href":"https:\/\/magyar-misszio.ch\/index.php?rest_route=\/wp\/v2\/pages\/6830\/revisions\/6841"}],"wp:attachment":[{"href":"https:\/\/magyar-misszio.ch\/index.php?rest_route=%2Fwp%2Fv2%2Fmedia&parent=6830"}],"curies":[{"name":"wp","href":"https:\/\/api.w.org\/{rel}","templated":true}]}}