{"id":728,"date":"2019-01-16T14:55:11","date_gmt":"2019-01-16T14:55:11","guid":{"rendered":"http:\/\/magyar-misszio.ch\/?page_id=728"},"modified":"2019-01-25T18:25:26","modified_gmt":"2019-01-25T18:25:26","slug":"728-2","status":"publish","type":"page","link":"https:\/\/magyar-misszio.ch\/?page_id=728","title":{"rendered":"Karitas-Slider"},"content":{"rendered":"<p>(A vet\u00edt\u00e9s k\u00e9peit kattint\u00e1ssal lehet l\u00e1tni, el\u0151sz\u00f6r h\u00fazd az egeret a k\u00e9pre \u00e9s a nyilakkal lehet navig\u00e1lni.)<\/p>\n\r\n    <div id=\"amazingslider-wrapper-2\" style=\"display:block;position:relative;max-width:800px;margin:0px auto 56px;\">\r\n        <div id=\"amazingslider-2\" style=\"display:block;position:relative;margin:0 auto;\">\r\n            <ul class=\"amazingslider-slides\" style=\"display:none;\">\r\n                <li><img decoding=\"async\" src=\"https:\/\/magyar-misszio.ch\/wp-content\/uploads\/amazingslider\/2\/images\/Folie02.JPG\" alt=\"Folie02\" \/>\r\n                <\/li>\r\n                <li><img decoding=\"async\" src=\"https:\/\/magyar-misszio.ch\/wp-content\/uploads\/amazingslider\/2\/images\/Folie03.JPG\" alt=\"Folie03\" \/>\r\n                <\/li>\r\n                <li><img decoding=\"async\" src=\"https:\/\/magyar-misszio.ch\/wp-content\/uploads\/amazingslider\/2\/images\/Folie04.JPG\" alt=\"Folie04\" \/>\r\n                <\/li>\r\n                <li><img decoding=\"async\" src=\"https:\/\/magyar-misszio.ch\/wp-content\/uploads\/amazingslider\/2\/images\/Folie05.JPG\" alt=\"Folie05\" \/>\r\n                <\/li>\r\n                <li><img decoding=\"async\" src=\"https:\/\/magyar-misszio.ch\/wp-content\/uploads\/amazingslider\/2\/images\/Folie06.JPG\" alt=\"Folie06\" \/>\r\n                <\/li>\r\n                <li><img decoding=\"async\" src=\"https:\/\/magyar-misszio.ch\/wp-content\/uploads\/amazingslider\/2\/images\/Folie07.JPG\" alt=\"Folie07\" \/>\r\n                <\/li>\r\n                <li><img decoding=\"async\" src=\"https:\/\/magyar-misszio.ch\/wp-content\/uploads\/amazingslider\/2\/images\/Folie08.JPG\" alt=\"Folie08\" \/>\r\n                <\/li>\r\n                <li><img decoding=\"async\" src=\"https:\/\/magyar-misszio.ch\/wp-content\/uploads\/amazingslider\/2\/images\/Folie09.JPG\" alt=\"Folie09\" \/>\r\n                <\/li>\r\n                <li><img decoding=\"async\" src=\"https:\/\/magyar-misszio.ch\/wp-content\/uploads\/amazingslider\/2\/images\/Folie10.JPG\" alt=\"Folie10\" \/>\r\n                <\/li>\r\n                <li><img decoding=\"async\" src=\"https:\/\/magyar-misszio.ch\/wp-content\/uploads\/amazingslider\/2\/images\/Folie11.JPG\" alt=\"Folie11\" \/>\r\n                <\/li>\r\n                <li><img decoding=\"async\" src=\"https:\/\/magyar-misszio.ch\/wp-content\/uploads\/amazingslider\/2\/images\/Folie12.JPG\" alt=\"Folie12\" \/>\r\n                <\/li>\r\n            <\/ul>\r\n            <ul class=\"amazingslider-thumbnails\" style=\"display:none;\">\r\n                <li><img decoding=\"async\" src=\"https:\/\/magyar-misszio.ch\/wp-content\/uploads\/amazingslider\/2\/images\/thumbnails\/Folie02-tn.JPG\" alt=\"Folie02\" \/><\/li>\r\n                <li><img decoding=\"async\" src=\"https:\/\/magyar-misszio.ch\/wp-content\/uploads\/amazingslider\/2\/images\/thumbnails\/Folie03-tn.JPG\" alt=\"Folie03\" \/><\/li>\r\n                <li><img decoding=\"async\" src=\"https:\/\/magyar-misszio.ch\/wp-content\/uploads\/amazingslider\/2\/images\/thumbnails\/Folie04-tn.JPG\" alt=\"Folie04\" \/><\/li>\r\n                <li><img decoding=\"async\" src=\"https:\/\/magyar-misszio.ch\/wp-content\/uploads\/amazingslider\/2\/images\/thumbnails\/Folie05-tn.JPG\" alt=\"Folie05\" \/><\/li>\r\n                <li><img decoding=\"async\" src=\"https:\/\/magyar-misszio.ch\/wp-content\/uploads\/amazingslider\/2\/images\/thumbnails\/Folie06-tn.JPG\" alt=\"Folie06\" \/><\/li>\r\n                <li><img decoding=\"async\" src=\"https:\/\/magyar-misszio.ch\/wp-content\/uploads\/amazingslider\/2\/images\/thumbnails\/Folie07-tn.JPG\" alt=\"Folie07\" \/><\/li>\r\n                <li><img decoding=\"async\" src=\"https:\/\/magyar-misszio.ch\/wp-content\/uploads\/amazingslider\/2\/images\/thumbnails\/Folie08-tn.JPG\" alt=\"Folie08\" \/><\/li>\r\n                <li><img decoding=\"async\" src=\"https:\/\/magyar-misszio.ch\/wp-content\/uploads\/amazingslider\/2\/images\/thumbnails\/Folie09-tn.JPG\" alt=\"Folie09\" \/><\/li>\r\n                <li><img decoding=\"async\" src=\"https:\/\/magyar-misszio.ch\/wp-content\/uploads\/amazingslider\/2\/images\/thumbnails\/Folie10-tn.JPG\" alt=\"Folie10\" \/><\/li>\r\n                <li><img decoding=\"async\" src=\"https:\/\/magyar-misszio.ch\/wp-content\/uploads\/amazingslider\/2\/images\/thumbnails\/Folie11-tn.JPG\" alt=\"Folie11\" \/><\/li>\r\n                <li><img decoding=\"async\" src=\"https:\/\/magyar-misszio.ch\/wp-content\/uploads\/amazingslider\/2\/images\/thumbnails\/Folie12-tn.JPG\" alt=\"Folie12\" \/><\/li>\r\n            <\/ul>\r\n        <\/div>\r\n    <\/div>\r\n    <link rel=\"stylesheet\" type=\"text\/css\" href=\"https:\/\/magyar-misszio.ch\/wp-content\/uploads\/amazingslider\/2\/sliderengine\/amazingslider.css\">\n<script src=\"https:\/\/magyar-misszio.ch\/wp-content\/uploads\/amazingslider\/2\/sliderengine\/initslider.js\"><\/script>\n\n","protected":false},"excerpt":{"rendered":"<p>(A vet\u00edt\u00e9s k\u00e9peit kattint\u00e1ssal lehet l\u00e1tni, el\u0151sz\u00f6r h\u00fazd az egeret a k\u00e9pre \u00e9s a nyilakkal lehet navig\u00e1lni.)<\/p>\n","protected":false},"author":2,"featured_media":0,"parent":0,"menu_order":0,"comment_status":"closed","ping_status":"closed","template":"blank-slate-template.php","meta":{"footnotes":""},"class_list":["post-728","page","type-page","status-publish","hentry"],"_links":{"self":[{"href":"https:\/\/magyar-misszio.ch\/index.php?rest_route=\/wp\/v2\/pages\/728","targetHints":{"allow":["GET"]}}],"collection":[{"href":"https:\/\/magyar-misszio.ch\/index.php?rest_route=\/wp\/v2\/pages"}],"about":[{"href":"https:\/\/magyar-misszio.ch\/index.php?rest_route=\/wp\/v2\/types\/page"}],"author":[{"embeddable":true,"href":"https:\/\/magyar-misszio.ch\/index.php?rest_route=\/wp\/v2\/users\/2"}],"replies":[{"embeddable":true,"href":"https:\/\/magyar-misszio.ch\/index.php?rest_route=%2Fwp%2Fv2%2Fcomments&post=728"}],"version-history":[{"count":3,"href":"https:\/\/magyar-misszio.ch\/index.php?rest_route=\/wp\/v2\/pages\/728\/revisions"}],"predecessor-version":[{"id":741,"href":"https:\/\/magyar-misszio.ch\/index.php?rest_route=\/wp\/v2\/pages\/728\/revisions\/741"}],"wp:attachment":[{"href":"https:\/\/magyar-misszio.ch\/index.php?rest_route=%2Fwp%2Fv2%2Fmedia&parent=728"}],"curies":[{"name":"wp","href":"https:\/\/api.w.org\/{rel}","templated":true}]}}