{"id":7490,"date":"2025-10-09T17:49:21","date_gmt":"2025-10-09T17:49:21","guid":{"rendered":"https:\/\/magyar-misszio.ch\/?page_id=7490"},"modified":"2025-10-09T18:22:49","modified_gmt":"2025-10-09T18:22:49","slug":"imakoezoesseg-imacsoport","status":"publish","type":"page","link":"https:\/\/magyar-misszio.ch\/?page_id=7490","title":{"rendered":"imak\u00f6z\u00f6ss\u00e9g, imacsoport"},"content":{"rendered":"\t\t<div data-elementor-type=\"wp-page\" data-elementor-id=\"7490\" class=\"elementor elementor-7490\" data-elementor-post-type=\"page\">\n\t\t\t\t\t\t<section class=\"elementor-section elementor-top-section elementor-element elementor-element-731a9ed elementor-section-boxed elementor-section-height-default elementor-section-height-default\" data-id=\"731a9ed\" data-element_type=\"section\">\n\t\t\t\t\t\t<div class=\"elementor-container elementor-column-gap-default\">\n\t\t\t\t\t<div class=\"elementor-column elementor-col-100 elementor-top-column elementor-element elementor-element-f6feddb\" data-id=\"f6feddb\" data-element_type=\"column\">\n\t\t\t<div class=\"elementor-widget-wrap elementor-element-populated\">\n\t\t\t\t\t\t<div class=\"elementor-element elementor-element-69328a7 elementor-widget elementor-widget-heading\" data-id=\"69328a7\" data-element_type=\"widget\" data-widget_type=\"heading.default\">\n\t\t\t\t<div class=\"elementor-widget-container\">\n\t\t\t\t\t<h2 class=\"elementor-heading-title elementor-size-default\">\nimak\u00f6z\u00f6ss\u00e9gbe v\u00e1runk<\/h2>\t\t\t\t<\/div>\n\t\t\t\t<\/div>\n\t\t\t\t\t<\/div>\n\t\t<\/div>\n\t\t\t\t\t<\/div>\n\t\t<\/section>\n\t\t\t\t<section class=\"elementor-section elementor-top-section elementor-element elementor-element-9471df7 elementor-section-boxed elementor-section-height-default elementor-section-height-default\" data-id=\"9471df7\" data-element_type=\"section\">\n\t\t\t\t\t\t<div class=\"elementor-container elementor-column-gap-default\">\n\t\t\t\t\t<div class=\"elementor-column elementor-col-100 elementor-top-column elementor-element elementor-element-b5ee60e\" data-id=\"b5ee60e\" data-element_type=\"column\">\n\t\t\t<div class=\"elementor-widget-wrap elementor-element-populated\">\n\t\t\t\t\t\t<div class=\"elementor-element elementor-element-0335d1e elementor-widget elementor-widget-text-editor\" data-id=\"0335d1e\" data-element_type=\"widget\" data-widget_type=\"text-editor.default\">\n\t\t\t\t<div class=\"elementor-widget-container\">\n\t\t\t\t\t\t\t\t\t<p><strong><em>C\u00e9lok:<\/em><\/strong><\/p><ul><li>az \u00darhoz emelj\u00fck lelk\u00fcnket: csendben, im\u00e1val, \u00e9nekkel<\/li><li>az \u00darhoz emelj\u00fck szeretteinket<\/li><li>az \u00darhoz emelj\u00fck t\u00e1rsainkat (bels\u0151 \u00e9s k\u00fcls\u0151 misszi\u00f3)<\/li><\/ul><p>K\u00e9thetente tal\u00e1lkozunk a templomban (legt\u00f6bbsz\u00f6r), rem\u00e9lj\u00fck, hogy t\u00f6bben sz\u00edvesen j\u00f6nnek rendszeresen, de alkalmank\u00e9nt is mindenkit szeretettel l\u00e1tunk.<\/p><p>(Teh\u00e1t: egyik h\u00e9ten tal\u00e1lkozunk, m\u00e1sik h\u00e9ten nem. Kiv\u00e9tel: ha nyom\u00f3s okb\u00f3l kimarad. A pontos d\u00e1tumokat l\u00e1sd a sz\u00f3r\u00f3lapn\u00e1l itt alul \u00e9s a napt\u00e1runk men\u00fcpontn\u00e1l, ez megegyezik az online &#8222;f\u00f3rum&#8220; oldalunkkal, <a href=\"https:\/\/www.forum-magazin.ch\/magyar-misszio\/agenda\/\" data-linktype=\"external\" data-val=\"https:\/\/www.forum-magazin.ch\/magyar-misszio\/agenda\/\"><span style=\"text-decoration: underline;\">ide kattintva&#8230;.<\/span><\/a>)<\/p><p><strong><em>Az im\u00e1ds\u00e1gok menete:\u00a0<\/em><\/strong><\/p><p><strong><em>&#8211; meg\u00e9rkez\u00fcnk, figyel\u00fcnk egym\u00e1sra<\/em><\/strong><\/p><p><strong><em>&#8211; az \u00dar el\u00e9 j\u00f6v\u00fcnk, hallgatjuk \u0150t<\/em><\/strong><\/p><ul><li>szent\u00edr\u00e1si id\u00e9zet (napi perik\u00f3pa, vas\u00e1rnapi vagy alkalmi)<br \/>ak\u00e1r egy-egy sz\u00e9p gondolat (pl. szentt\u0151l)<\/li><li>csendben figyel\u00fcnk r\u00e1<\/li><\/ul><p><strong><em>&#8211; alkalmank\u00e9nt k\u00fcl\u00f6nb\u00f6z\u0151 im\u00e1ds\u00e1gok<\/em><\/strong><\/p><p><img fetchpriority=\"high\" decoding=\"async\" class=\"alignnone size-medium wp-image-7492\" src=\"https:\/\/magyar-misszio.ch\/wp-content\/uploads\/2025-10-09-300x186.jpg\" alt=\"\" width=\"300\" height=\"186\" srcset=\"https:\/\/magyar-misszio.ch\/wp-content\/uploads\/2025-10-09-300x186.jpg 300w, https:\/\/magyar-misszio.ch\/wp-content\/uploads\/2025-10-09.jpg 714w\" sizes=\"(max-width: 300px) 100vw, 300px\" \/><\/p><p><strong><em>&#8211; k\u00f6ny\u00f6rg\u00e9sek, sz\u00e1nd\u00e9kok<\/em><\/strong><\/p><ul><li>k\u00f6z\u00f6s sz\u00e1nd\u00e9kok<\/li><li>egy\u00e9ni sz\u00e1nd\u00e9kok<\/li><\/ul><p>Sz\u00f3r\u00f3lapunk let\u00f6lthet\u0151<span style=\"text-decoration: underline;\"> <a href=\"https:\/\/magyar-misszio.ch\/wp-content\/uploads\/szorolap-imacsoport.pdf\">ide kattintva&#8230;<\/a><\/span><\/p><div id=\"gtx-trans\" style=\"position: absolute; left: 220px; top: 1282.12px;\"><div class=\"gtx-trans-icon\">\u00a0<\/div><\/div>\t\t\t\t\t\t\t\t<\/div>\n\t\t\t\t<\/div>\n\t\t\t\t\t<\/div>\n\t\t<\/div>\n\t\t\t\t\t<\/div>\n\t\t<\/section>\n\t\t\t\t<\/div>\n\t\t","protected":false},"excerpt":{"rendered":"<p>imak\u00f6z\u00f6ss\u00e9gbe v\u00e1runk C\u00e9lok: az \u00darhoz emelj\u00fck lelk\u00fcnket: csendben, im\u00e1val, \u00e9nekkel az \u00darhoz emelj\u00fck szeretteinket az \u00darhoz emelj\u00fck t\u00e1rsainkat (bels\u0151 \u00e9s k\u00fcls\u0151 misszi\u00f3) K\u00e9thetente tal\u00e1lkozunk a templomban (legt\u00f6bbsz\u00f6r), rem\u00e9lj\u00fck, hogy t\u00f6bben sz\u00edvesen j\u00f6nnek rendszeresen, de alkalmank\u00e9nt is mindenkit szeretettel l\u00e1tunk. (Teh\u00e1t: egyik h\u00e9ten tal\u00e1lkozunk, m\u00e1sik h\u00e9ten nem. Kiv\u00e9tel: ha nyom\u00f3s okb\u00f3l kimarad. A pontos d\u00e1tumokat l\u00e1sd &hellip; <\/p>\n<p class=\"link-more\"><a href=\"https:\/\/magyar-misszio.ch\/?page_id=7490\" class=\"more-link\"><span class=\"screen-reader-text\">\u201eimak\u00f6z\u00f6ss\u00e9g, imacsoport\u201c<\/span> weiterlesen<\/a><\/p>\n","protected":false},"author":2,"featured_media":0,"parent":0,"menu_order":0,"comment_status":"closed","ping_status":"closed","template":"","meta":{"footnotes":""},"class_list":["post-7490","page","type-page","status-publish","hentry"],"_links":{"self":[{"href":"https:\/\/magyar-misszio.ch\/index.php?rest_route=\/wp\/v2\/pages\/7490","targetHints":{"allow":["GET"]}}],"collection":[{"href":"https:\/\/magyar-misszio.ch\/index.php?rest_route=\/wp\/v2\/pages"}],"about":[{"href":"https:\/\/magyar-misszio.ch\/index.php?rest_route=\/wp\/v2\/types\/page"}],"author":[{"embeddable":true,"href":"https:\/\/magyar-misszio.ch\/index.php?rest_route=\/wp\/v2\/users\/2"}],"replies":[{"embeddable":true,"href":"https:\/\/magyar-misszio.ch\/index.php?rest_route=%2Fwp%2Fv2%2Fcomments&post=7490"}],"version-history":[{"count":8,"href":"https:\/\/magyar-misszio.ch\/index.php?rest_route=\/wp\/v2\/pages\/7490\/revisions"}],"predecessor-version":[{"id":7517,"href":"https:\/\/magyar-misszio.ch\/index.php?rest_route=\/wp\/v2\/pages\/7490\/revisions\/7517"}],"wp:attachment":[{"href":"https:\/\/magyar-misszio.ch\/index.php?rest_route=%2Fwp%2Fv2%2Fmedia&parent=7490"}],"curies":[{"name":"wp","href":"https:\/\/api.w.org\/{rel}","templated":true}]}}