{"id":836,"date":"2019-02-11T11:46:21","date_gmt":"2019-02-11T11:46:21","guid":{"rendered":"http:\/\/magyar-misszio.ch\/?page_id=836"},"modified":"2019-02-11T11:46:21","modified_gmt":"2019-02-11T11:46:21","slug":"csiribiri","status":"publish","type":"page","link":"https:\/\/magyar-misszio.ch\/?page_id=836","title":{"rendered":"csiribiri"},"content":{"rendered":"<p><span style=\"color: #0000ff;\"><strong><span style=\"font-size: 14pt;\">Csiri-biri torna a legkisebbeknek<\/span><\/strong><\/span><\/p>\n<p><img fetchpriority=\"high\" decoding=\"async\" class=\"size-medium wp-image-837 alignright\" src=\"https:\/\/magyar-misszio.ch\/wp-content\/uploads\/2019\/02\/csiribir-300x300.jpg\" alt=\"\" width=\"300\" height=\"300\" data-id=\"837\" srcset=\"https:\/\/magyar-misszio.ch\/wp-content\/uploads\/2019\/02\/csiribir-300x300.jpg 300w, https:\/\/magyar-misszio.ch\/wp-content\/uploads\/2019\/02\/csiribir-150x150.jpg 150w, https:\/\/magyar-misszio.ch\/wp-content\/uploads\/2019\/02\/csiribir-100x100.jpg 100w, https:\/\/magyar-misszio.ch\/wp-content\/uploads\/2019\/02\/csiribir.jpg 320w\" sizes=\"(max-width: 300px) 100vw, 300px\" \/>Keddenk\u00e9nt adunk helyet ennek a kedves \u00e9s nagyon hasznos egy\u00fcttl\u00e9tnek, foglalkoz\u00e1snak.<\/p>\n<p>B\u0151vebben l\u00e1sd a szervez\u0151k facebook oldal\u00e1t:\u00a0<a href=\"https:\/\/www.facebook.com\/csiribiritornasvajczurich\/\" target=\"_blank\" rel=\"noopener\">www.facebook.com\/csiribiritornasvajczurich<\/a><\/p>\n","protected":false},"excerpt":{"rendered":"<p>Csiri-biri torna a legkisebbeknek Keddenk\u00e9nt adunk helyet ennek a kedves \u00e9s nagyon hasznos egy\u00fcttl\u00e9tnek, foglalkoz\u00e1snak. B\u0151vebben l\u00e1sd a szervez\u0151k facebook oldal\u00e1t:\u00a0www.facebook.com\/csiribiritornasvajczurich<\/p>\n","protected":false},"author":2,"featured_media":0,"parent":0,"menu_order":0,"comment_status":"closed","ping_status":"closed","template":"","meta":{"footnotes":""},"class_list":["post-836","page","type-page","status-publish","hentry"],"_links":{"self":[{"href":"https:\/\/magyar-misszio.ch\/index.php?rest_route=\/wp\/v2\/pages\/836","targetHints":{"allow":["GET"]}}],"collection":[{"href":"https:\/\/magyar-misszio.ch\/index.php?rest_route=\/wp\/v2\/pages"}],"about":[{"href":"https:\/\/magyar-misszio.ch\/index.php?rest_route=\/wp\/v2\/types\/page"}],"author":[{"embeddable":true,"href":"https:\/\/magyar-misszio.ch\/index.php?rest_route=\/wp\/v2\/users\/2"}],"replies":[{"embeddable":true,"href":"https:\/\/magyar-misszio.ch\/index.php?rest_route=%2Fwp%2Fv2%2Fcomments&post=836"}],"version-history":[{"count":1,"href":"https:\/\/magyar-misszio.ch\/index.php?rest_route=\/wp\/v2\/pages\/836\/revisions"}],"predecessor-version":[{"id":838,"href":"https:\/\/magyar-misszio.ch\/index.php?rest_route=\/wp\/v2\/pages\/836\/revisions\/838"}],"wp:attachment":[{"href":"https:\/\/magyar-misszio.ch\/index.php?rest_route=%2Fwp%2Fv2%2Fmedia&parent=836"}],"curies":[{"name":"wp","href":"https:\/\/api.w.org\/{rel}","templated":true}]}}